--
-- Host: localhost    Database: logistdm_db
-- ------------------------------------------------------


--
-- Table structure for table `d2k9d_assets`
--

CREATE TABLE `d2k9d_assets` (
  `id` int(10) unsigned NOT NULL AUTO_INCREMENT COMMENT 'Primary Key',
  `parent_id` int(11) NOT NULL DEFAULT '0' COMMENT 'Nested set parent.',
  `lft` int(11) NOT NULL DEFAULT '0' COMMENT 'Nested set lft.',
  `rgt` int(11) NOT NULL DEFAULT '0' COMMENT 'Nested set rgt.',
  `level` int(10) unsigned NOT NULL COMMENT 'The cached level in the nested tree.',
  `name` varchar(50) NOT NULL COMMENT 'The unique name for the asset.\n',
  `title` varchar(100) NOT NULL COMMENT 'The descriptive title for the asset.',
  `rules` varchar(5120) NOT NULL COMMENT 'JSON encoded access control.',
  PRIMARY KEY (`id`),
  UNIQUE KEY `idx_asset_name` (`name`),
  KEY `idx_lft_rgt` (`lft`,`rgt`),
  KEY `idx_parent_id` (`parent_id`)
) ENGINE=MyISAM AUTO_INCREMENT=50 DEFAULT CHARSET=utf8;

--
-- Dumping data for table `d2k9d_assets`
--

INSERT INTO `d2k9d_assets` VALUES (1,0,1,95,0,'root.1','Root Asset','{\"core.login.site\":{\"6\":1,\"2\":1},\"core.login.admin\":{\"6\":1},\"core.login.offline\":{\"6\":1},\"core.admin\":{\"8\":1},\"core.manage\":{\"7\":1},\"core.create\":{\"6\":1,\"3\":1},\"core.delete\":{\"6\":1},\"core.edit\":{\"6\":1,\"4\":1},\"core.edit.state\":{\"6\":1,\"5\":1},\"core.edit.own\":{\"6\":1,\"3\":1}}'),(2,1,1,2,1,'com_admin','com_admin','{}'),(3,1,3,6,1,'com_banners','com_banners','{\"core.admin\":{\"7\":1},\"core.manage\":{\"6\":1},\"core.create\":[],\"core.delete\":[],\"core.edit\":[],\"core.edit.state\":[]}'),(4,1,7,8,1,'com_cache','com_cache','{\"core.admin\":{\"7\":1},\"core.manage\":{\"7\":1}}'),(5,1,9,10,1,'com_checkin','com_checkin','{\"core.admin\":{\"7\":1},\"core.manage\":{\"7\":1}}'),(6,1,11,12,1,'com_config','com_config','{}'),(7,1,13,16,1,'com_contact','com_contact','{\"core.admin\":{\"7\":1},\"core.manage\":{\"6\":1},\"core.create\":[],\"core.delete\":[],\"core.edit\":[],\"core.edit.state\":[],\"core.edit.own\":[]}'),(8,1,17,42,1,'com_content','com_content','{\"core.admin\":{\"7\":1},\"core.manage\":{\"6\":1},\"core.create\":{\"3\":1},\"core.delete\":[],\"core.edit\":{\"4\":1},\"core.edit.state\":{\"5\":1},\"core.edit.own\":[]}'),(9,1,43,44,1,'com_cpanel','com_cpanel','{}'),(10,1,45,46,1,'com_installer','com_installer','{\"core.admin\":[],\"core.manage\":{\"7\":0},\"core.delete\":{\"7\":0},\"core.edit.state\":{\"7\":0}}'),(11,1,47,48,1,'com_languages','com_languages','{\"core.admin\":{\"7\":1},\"core.manage\":[],\"core.create\":[],\"core.delete\":[],\"core.edit\":[],\"core.edit.state\":[]}'),(12,1,49,50,1,'com_login','com_login','{}'),(13,1,51,52,1,'com_mailto','com_mailto','{}'),(14,1,53,54,1,'com_massmail','com_massmail','{}'),(15,1,55,56,1,'com_media','com_media','{\"core.admin\":{\"7\":1},\"core.manage\":{\"6\":1},\"core.create\":{\"3\":1},\"core.delete\":{\"5\":1}}'),(16,1,57,58,1,'com_menus','com_menus','{\"core.admin\":{\"7\":1},\"core.manage\":[],\"core.create\":[],\"core.delete\":[],\"core.edit\":[],\"core.edit.state\":[]}'),(17,1,59,60,1,'com_messages','com_messages','{\"core.admin\":{\"7\":1},\"core.manage\":{\"7\":1}}'),(18,1,61,62,1,'com_modules','com_modules','{\"core.admin\":{\"7\":1},\"core.manage\":[],\"core.create\":[],\"core.delete\":[],\"core.edit\":[],\"core.edit.state\":[]}'),(19,1,63,66,1,'com_newsfeeds','com_newsfeeds','{\"core.admin\":{\"7\":1},\"core.manage\":{\"6\":1},\"core.create\":[],\"core.delete\":[],\"core.edit\":[],\"core.edit.state\":[],\"core.edit.own\":[]}'),(20,1,67,68,1,'com_plugins','com_plugins','{\"core.admin\":{\"7\":1},\"core.manage\":[],\"core.edit\":[],\"core.edit.state\":[]}'),(21,1,69,70,1,'com_redirect','com_redirect','{\"core.admin\":{\"7\":1},\"core.manage\":[]}'),(22,1,71,72,1,'com_search','com_search','{\"core.admin\":{\"7\":1},\"core.manage\":{\"6\":1}}'),(23,1,73,74,1,'com_templates','com_templates','{\"core.admin\":{\"7\":1},\"core.manage\":[],\"core.create\":[],\"core.delete\":[],\"core.edit\":[],\"core.edit.state\":[]}'),(24,1,75,78,1,'com_users','com_users','{\"core.admin\":{\"7\":1},\"core.manage\":[],\"core.create\":[],\"core.delete\":[],\"core.edit\":[],\"core.edit.state\":[]}'),(25,1,79,82,1,'com_weblinks','com_weblinks','{\"core.admin\":{\"7\":1},\"core.manage\":{\"6\":1},\"core.create\":{\"3\":1},\"core.delete\":[],\"core.edit\":{\"4\":1},\"core.edit.state\":{\"5\":1},\"core.edit.own\":[]}'),(26,1,83,84,1,'com_wrapper','com_wrapper','{}'),(27,8,18,19,2,'com_content.category.2','Uncategorised','{\"core.create\":[],\"core.delete\":[],\"core.edit\":[],\"core.edit.state\":[],\"core.edit.own\":[]}'),(28,3,4,5,2,'com_banners.category.3','Uncategorised','{\"core.create\":[],\"core.delete\":[],\"core.edit\":[],\"core.edit.state\":[]}'),(29,7,14,15,2,'com_contact.category.4','Uncategorised','{\"core.create\":[],\"core.delete\":[],\"core.edit\":[],\"core.edit.state\":[],\"core.edit.own\":[]}'),(30,19,64,65,2,'com_newsfeeds.category.5','Uncategorised','{\"core.create\":[],\"core.delete\":[],\"core.edit\":[],\"core.edit.state\":[],\"core.edit.own\":[]}'),(31,25,80,81,2,'com_weblinks.category.6','Uncategorised','{\"core.create\":[],\"core.delete\":[],\"core.edit\":[],\"core.edit.state\":[],\"core.edit.own\":[]}'),(32,24,76,77,1,'com_users.category.7','Uncategorised','{\"core.create\":[],\"core.delete\":[],\"core.edit\":[],\"core.edit.state\":[]}'),(33,1,85,86,1,'com_finder','com_finder','{\"core.admin\":{\"7\":1},\"core.manage\":{\"6\":1}}'),(34,1,87,88,1,'com_joomlaupdate','com_joomlaupdate','{\"core.admin\":[],\"core.manage\":[],\"core.delete\":[],\"core.edit.state\":[]}'),(35,8,20,23,2,'com_content.category.8','Home','{\"core.create\":{\"6\":1,\"3\":1},\"core.delete\":{\"6\":1},\"core.edit\":{\"6\":1,\"4\":1},\"core.edit.state\":{\"6\":1,\"5\":1},\"core.edit.own\":{\"6\":1,\"3\":1}}'),(36,35,21,22,3,'com_content.article.1','Welcome to Logistic Freight Ltd.','{\"core.delete\":{\"6\":1},\"core.edit\":{\"6\":1,\"4\":1},\"core.edit.state\":{\"6\":1,\"5\":1}}'),(37,1,89,90,1,'com_phocafavicon','com_phocafavicon','{}'),(38,8,24,27,2,'com_content.category.9','Services','{\"core.create\":{\"6\":1,\"3\":1},\"core.delete\":{\"6\":1},\"core.edit\":{\"6\":1,\"4\":1},\"core.edit.state\":{\"6\":1,\"5\":1},\"core.edit.own\":{\"6\":1,\"3\":1}}'),(39,8,28,29,2,'com_content.category.10','Why Logistic Freight Ltd?','{\"core.create\":{\"6\":1,\"3\":1},\"core.delete\":{\"6\":1},\"core.edit\":{\"6\":1,\"4\":1},\"core.edit.state\":{\"6\":1,\"5\":1},\"core.edit.own\":{\"6\":1,\"3\":1}}'),(40,8,30,33,2,'com_content.category.11','Contact Us','{\"core.create\":{\"6\":1,\"3\":1},\"core.delete\":{\"6\":1},\"core.edit\":{\"6\":1,\"4\":1},\"core.edit.state\":{\"6\":1,\"5\":1},\"core.edit.own\":{\"6\":1,\"3\":1}}'),(41,38,25,26,3,'com_content.article.2','Services','{\"core.delete\":{\"6\":1},\"core.edit\":{\"6\":1,\"4\":1},\"core.edit.state\":{\"6\":1,\"5\":1}}'),(42,8,34,37,2,'com_content.category.12','About Us','{\"core.create\":{\"6\":1,\"3\":1},\"core.delete\":{\"6\":1},\"core.edit\":{\"6\":1,\"4\":1},\"core.edit.state\":{\"6\":1,\"5\":1},\"core.edit.own\":{\"6\":1,\"3\":1}}'),(43,42,35,36,3,'com_content.article.3','About Us','{\"core.delete\":{\"6\":1},\"core.edit\":{\"6\":1,\"4\":1},\"core.edit.state\":{\"6\":1,\"5\":1}}'),(44,40,31,32,3,'com_content.article.4','Contact Us','{\"core.delete\":{\"6\":1},\"core.edit\":{\"6\":1,\"4\":1},\"core.edit.state\":{\"6\":1,\"5\":1}}'),(47,8,38,41,2,'com_content.category.13','Request Form','{\"core.create\":{\"6\":1,\"3\":1},\"core.delete\":{\"6\":1},\"core.edit\":{\"6\":1,\"4\":1},\"core.edit.state\":{\"6\":1,\"5\":1},\"core.edit.own\":{\"6\":1,\"3\":1}}'),(46,1,91,92,1,'com_redform','redform','{}'),(48,47,39,40,3,'com_content.article.5','Request Form','{\"core.delete\":{\"6\":1},\"core.edit\":{\"6\":1,\"4\":1},\"core.edit.state\":{\"6\":1,\"5\":1}}'),(49,1,93,94,1,'com_proforms','proforms','{}');

--
-- Table structure for table `d2k9d_banner_clients`
--

CREATE TABLE `d2k9d_banner_clients` (
  `id` int(11) NOT NULL AUTO_INCREMENT,
  `name` varchar(255) NOT NULL DEFAULT '',
  `contact` varchar(255) NOT NULL DEFAULT '',
  `email` varchar(255) NOT NULL DEFAULT '',
  `extrainfo` text NOT NULL,
  `state` tinyint(3) NOT NULL DEFAULT '0',
  `checked_out` int(10) unsigned NOT NULL DEFAULT '0',
  `checked_out_time` datetime NOT NULL DEFAULT '0000-00-00 00:00:00',
  `metakey` text NOT NULL,
  `own_prefix` tinyint(4) NOT NULL DEFAULT '0',
  `metakey_prefix` varchar(255) NOT NULL DEFAULT '',
  `purchase_type` tinyint(4) NOT NULL DEFAULT '-1',
  `track_clicks` tinyint(4) NOT NULL DEFAULT '-1',
  `track_impressions` tinyint(4) NOT NULL DEFAULT '-1',
  PRIMARY KEY (`id`),
  KEY `idx_own_prefix` (`own_prefix`),
  KEY `idx_metakey_prefix` (`metakey_prefix`)
) ENGINE=MyISAM DEFAULT CHARSET=utf8;

--
-- Dumping data for table `d2k9d_banner_clients`
--


--
-- Table structure for table `d2k9d_banner_tracks`
--

CREATE TABLE `d2k9d_banner_tracks` (
  `track_date` datetime NOT NULL,
  `track_type` int(10) unsigned NOT NULL,
  `banner_id` int(10) unsigned NOT NULL,
  `count` int(10) unsigned NOT NULL DEFAULT '0',
  PRIMARY KEY (`track_date`,`track_type`,`banner_id`),
  KEY `idx_track_date` (`track_date`),
  KEY `idx_track_type` (`track_type`),
  KEY `idx_banner_id` (`banner_id`)
) ENGINE=MyISAM DEFAULT CHARSET=utf8;

--
-- Dumping data for table `d2k9d_banner_tracks`
--


--
-- Table structure for table `d2k9d_banners`
--

CREATE TABLE `d2k9d_banners` (
  `id` int(11) NOT NULL AUTO_INCREMENT,
  `cid` int(11) NOT NULL DEFAULT '0',
  `type` int(11) NOT NULL DEFAULT '0',
  `name` varchar(255) NOT NULL DEFAULT '',
  `alias` varchar(255) CHARACTER SET utf8 COLLATE utf8_bin NOT NULL DEFAULT '',
  `imptotal` int(11) NOT NULL DEFAULT '0',
  `impmade` int(11) NOT NULL DEFAULT '0',
  `clicks` int(11) NOT NULL DEFAULT '0',
  `clickurl` varchar(200) NOT NULL DEFAULT '',
  `state` tinyint(3) NOT NULL DEFAULT '0',
  `catid` int(10) unsigned NOT NULL DEFAULT '0',
  `description` text NOT NULL,
  `custombannercode` varchar(2048) NOT NULL,
  `sticky` tinyint(1) unsigned NOT NULL DEFAULT '0',
  `ordering` int(11) NOT NULL DEFAULT '0',
  `metakey` text NOT NULL,
  `params` text NOT NULL,
  `own_prefix` tinyint(1) NOT NULL DEFAULT '0',
  `metakey_prefix` varchar(255) NOT NULL DEFAULT '',
  `purchase_type` tinyint(4) NOT NULL DEFAULT '-1',
  `track_clicks` tinyint(4) NOT NULL DEFAULT '-1',
  `track_impressions` tinyint(4) NOT NULL DEFAULT '-1',
  `checked_out` int(10) unsigned NOT NULL DEFAULT '0',
  `checked_out_time` datetime NOT NULL DEFAULT '0000-00-00 00:00:00',
  `publish_up` datetime NOT NULL DEFAULT '0000-00-00 00:00:00',
  `publish_down` datetime NOT NULL DEFAULT '0000-00-00 00:00:00',
  `reset` datetime NOT NULL DEFAULT '0000-00-00 00:00:00',
  `created` datetime NOT NULL DEFAULT '0000-00-00 00:00:00',
  `language` char(7) NOT NULL DEFAULT '',
  PRIMARY KEY (`id`),
  KEY `idx_state` (`state`),
  KEY `idx_own_prefix` (`own_prefix`),
  KEY `idx_metakey_prefix` (`metakey_prefix`),
  KEY `idx_banner_catid` (`catid`),
  KEY `idx_language` (`language`)
) ENGINE=MyISAM DEFAULT CHARSET=utf8;

--
-- Dumping data for table `d2k9d_banners`
--


--
-- Table structure for table `d2k9d_categories`
--

CREATE TABLE `d2k9d_categories` (
  `id` int(11) NOT NULL AUTO_INCREMENT,
  `asset_id` int(10) unsigned NOT NULL DEFAULT '0' COMMENT 'FK to the #__assets table.',
  `parent_id` int(10) unsigned NOT NULL DEFAULT '0',
  `lft` int(11) NOT NULL DEFAULT '0',
  `rgt` int(11) NOT NULL DEFAULT '0',
  `level` int(10) unsigned NOT NULL DEFAULT '0',
  `path` varchar(255) NOT NULL DEFAULT '',
  `extension` varchar(50) NOT NULL DEFAULT '',
  `title` varchar(255) NOT NULL,
  `alias` varchar(255) CHARACTER SET utf8 COLLATE utf8_bin NOT NULL DEFAULT '',
  `note` varchar(255) NOT NULL DEFAULT '',
  `description` mediumtext NOT NULL,
  `published` tinyint(1) NOT NULL DEFAULT '0',
  `checked_out` int(11) unsigned NOT NULL DEFAULT '0',
  `checked_out_time` datetime NOT NULL DEFAULT '0000-00-00 00:00:00',
  `access` int(10) unsigned NOT NULL DEFAULT '0',
  `params` text NOT NULL,
  `metadesc` varchar(1024) NOT NULL COMMENT 'The meta description for the page.',
  `metakey` varchar(1024) NOT NULL COMMENT 'The meta keywords for the page.',
  `metadata` varchar(2048) NOT NULL COMMENT 'JSON encoded metadata properties.',
  `created_user_id` int(10) unsigned NOT NULL DEFAULT '0',
  `created_time` datetime NOT NULL DEFAULT '0000-00-00 00:00:00',
  `modified_user_id` int(10) unsigned NOT NULL DEFAULT '0',
  `modified_time` datetime NOT NULL DEFAULT '0000-00-00 00:00:00',
  `hits` int(10) unsigned NOT NULL DEFAULT '0',
  `language` char(7) NOT NULL,
  PRIMARY KEY (`id`),
  KEY `cat_idx` (`extension`,`published`,`access`),
  KEY `idx_access` (`access`),
  KEY `idx_checkout` (`checked_out`),
  KEY `idx_path` (`path`),
  KEY `idx_left_right` (`lft`,`rgt`),
  KEY `idx_alias` (`alias`),
  KEY `idx_language` (`language`)
) ENGINE=MyISAM AUTO_INCREMENT=14 DEFAULT CHARSET=utf8;

--
-- Dumping data for table `d2k9d_categories`
--

INSERT INTO `d2k9d_categories` VALUES (1,0,0,0,25,0,'','system','ROOT','root','','',1,0,'0000-00-00 00:00:00',1,'{}','','','',0,'2009-10-18 16:07:09',0,'0000-00-00 00:00:00',0,'*'),(2,27,1,1,2,1,'uncategorised','com_content','Uncategorised','uncategorised','','',1,0,'0000-00-00 00:00:00',1,'{\"target\":\"\",\"image\":\"\"}','','','{\"page_title\":\"\",\"author\":\"\",\"robots\":\"\"}',42,'2010-06-28 13:26:37',0,'0000-00-00 00:00:00',0,'*'),(3,28,1,3,4,1,'uncategorised','com_banners','Uncategorised','uncategorised','','',1,0,'0000-00-00 00:00:00',1,'{\"target\":\"\",\"image\":\"\",\"foobar\":\"\"}','','','{\"page_title\":\"\",\"author\":\"\",\"robots\":\"\"}',42,'2010-06-28 13:27:35',0,'0000-00-00 00:00:00',0,'*'),(4,29,1,5,6,1,'uncategorised','com_contact','Uncategorised','uncategorised','','',1,0,'0000-00-00 00:00:00',1,'{\"target\":\"\",\"image\":\"\"}','','','{\"page_title\":\"\",\"author\":\"\",\"robots\":\"\"}',42,'2010-06-28 13:27:57',0,'0000-00-00 00:00:00',0,'*'),(5,30,1,7,8,1,'uncategorised','com_newsfeeds','Uncategorised','uncategorised','','',1,0,'0000-00-00 00:00:00',1,'{\"target\":\"\",\"image\":\"\"}','','','{\"page_title\":\"\",\"author\":\"\",\"robots\":\"\"}',42,'2010-06-28 13:28:15',0,'0000-00-00 00:00:00',0,'*'),(6,31,1,9,10,1,'uncategorised','com_weblinks','Uncategorised','uncategorised','','',1,0,'0000-00-00 00:00:00',1,'{\"target\":\"\",\"image\":\"\"}','','','{\"page_title\":\"\",\"author\":\"\",\"robots\":\"\"}',42,'2010-06-28 13:28:33',0,'0000-00-00 00:00:00',0,'*'),(7,32,1,11,12,1,'uncategorised','com_users','Uncategorised','uncategorised','','',1,0,'0000-00-00 00:00:00',1,'{\"target\":\"\",\"image\":\"\"}','','','{\"page_title\":\"\",\"author\":\"\",\"robots\":\"\"}',42,'2010-06-28 13:28:33',0,'0000-00-00 00:00:00',0,'*'),(8,35,1,13,14,1,'home','com_content','Home','home','','',1,0,'0000-00-00 00:00:00',1,'{\"category_layout\":\"\",\"image\":\"\"}','','','{\"author\":\"\",\"robots\":\"\"}',893,'2013-02-07 14:00:51',0,'0000-00-00 00:00:00',0,'*'),(9,38,1,15,16,1,'services','com_content','Services','services','','',1,0,'0000-00-00 00:00:00',1,'{\"category_layout\":\"\",\"image\":\"\"}','','','{\"author\":\"\",\"robots\":\"\"}',893,'2013-05-08 17:17:00',0,'0000-00-00 00:00:00',0,'*'),(10,39,1,17,18,1,'why-logistic-freight','com_content','Why Logistic Freight Ltd?','why-logistic-freight','','',1,0,'0000-00-00 00:00:00',1,'{\"category_layout\":\"\",\"image\":\"\"}','','','{\"author\":\"\",\"robots\":\"\"}',893,'2013-05-08 17:17:41',893,'2013-05-08 17:18:30',0,'*'),(11,40,1,19,20,1,'contact-us','com_content','Contact Us','contact-us','','',1,0,'0000-00-00 00:00:00',1,'{\"category_layout\":\"\",\"image\":\"\"}','','','{\"author\":\"\",\"robots\":\"\"}',893,'2013-05-08 17:20:00',0,'0000-00-00 00:00:00',0,'*'),(12,42,1,21,22,1,'about-us','com_content','About Us','about-us','','',1,0,'0000-00-00 00:00:00',1,'{\"category_layout\":\"\",\"image\":\"\"}','','','{\"author\":\"\",\"robots\":\"\"}',893,'2013-05-18 13:37:47',0,'0000-00-00 00:00:00',0,'*'),(13,47,1,23,24,1,'request-form','com_content','Request Form','request-form','','',1,0,'0000-00-00 00:00:00',1,'{\"category_layout\":\"\",\"image\":\"\"}','','','{\"author\":\"\",\"robots\":\"\"}',893,'2013-05-18 17:03:08',0,'0000-00-00 00:00:00',0,'*');

--
-- Table structure for table `d2k9d_contact_details`
--

CREATE TABLE `d2k9d_contact_details` (
  `id` int(11) NOT NULL AUTO_INCREMENT,
  `name` varchar(255) NOT NULL DEFAULT '',
  `alias` varchar(255) CHARACTER SET utf8 COLLATE utf8_bin NOT NULL DEFAULT '',
  `con_position` varchar(255) DEFAULT NULL,
  `address` text,
  `suburb` varchar(100) DEFAULT NULL,
  `state` varchar(100) DEFAULT NULL,
  `country` varchar(100) DEFAULT NULL,
  `postcode` varchar(100) DEFAULT NULL,
  `telephone` varchar(255) DEFAULT NULL,
  `fax` varchar(255) DEFAULT NULL,
  `misc` mediumtext,
  `image` varchar(255) DEFAULT NULL,
  `imagepos` varchar(20) DEFAULT NULL,
  `email_to` varchar(255) DEFAULT NULL,
  `default_con` tinyint(1) unsigned NOT NULL DEFAULT '0',
  `published` tinyint(1) NOT NULL DEFAULT '0',
  `checked_out` int(10) unsigned NOT NULL DEFAULT '0',
  `checked_out_time` datetime NOT NULL DEFAULT '0000-00-00 00:00:00',
  `ordering` int(11) NOT NULL DEFAULT '0',
  `params` text NOT NULL,
  `user_id` int(11) NOT NULL DEFAULT '0',
  `catid` int(11) NOT NULL DEFAULT '0',
  `access` int(10) unsigned NOT NULL DEFAULT '0',
  `mobile` varchar(255) NOT NULL DEFAULT '',
  `webpage` varchar(255) NOT NULL DEFAULT '',
  `sortname1` varchar(255) NOT NULL,
  `sortname2` varchar(255) NOT NULL,
  `sortname3` varchar(255) NOT NULL,
  `language` char(7) NOT NULL,
  `created` datetime NOT NULL DEFAULT '0000-00-00 00:00:00',
  `created_by` int(10) unsigned NOT NULL DEFAULT '0',
  `created_by_alias` varchar(255) NOT NULL DEFAULT '',
  `modified` datetime NOT NULL DEFAULT '0000-00-00 00:00:00',
  `modified_by` int(10) unsigned NOT NULL DEFAULT '0',
  `metakey` text NOT NULL,
  `metadesc` text NOT NULL,
  `metadata` text NOT NULL,
  `featured` tinyint(3) unsigned NOT NULL DEFAULT '0' COMMENT 'Set if article is featured.',
  `xreference` varchar(50) NOT NULL COMMENT 'A reference to enable linkages to external data sets.',
  `publish_up` datetime NOT NULL DEFAULT '0000-00-00 00:00:00',
  `publish_down` datetime NOT NULL DEFAULT '0000-00-00 00:00:00',
  PRIMARY KEY (`id`),
  KEY `idx_access` (`access`),
  KEY `idx_checkout` (`checked_out`),
  KEY `idx_state` (`published`),
  KEY `idx_catid` (`catid`),
  KEY `idx_createdby` (`created_by`),
  KEY `idx_featured_catid` (`featured`,`catid`),
  KEY `idx_language` (`language`),
  KEY `idx_xreference` (`xreference`)
) ENGINE=MyISAM DEFAULT CHARSET=utf8;

--
-- Dumping data for table `d2k9d_contact_details`
--


--
-- Table structure for table `d2k9d_content`
--

CREATE TABLE `d2k9d_content` (
  `id` int(10) unsigned NOT NULL AUTO_INCREMENT,
  `asset_id` int(10) unsigned NOT NULL DEFAULT '0' COMMENT 'FK to the #__assets table.',
  `title` varchar(255) NOT NULL DEFAULT '',
  `alias` varchar(255) CHARACTER SET utf8 COLLATE utf8_bin NOT NULL DEFAULT '',
  `title_alias` varchar(255) CHARACTER SET utf8 COLLATE utf8_bin NOT NULL DEFAULT '' COMMENT 'Deprecated in Joomla! 3.0',
  `introtext` mediumtext NOT NULL,
  `fulltext` mediumtext NOT NULL,
  `state` tinyint(3) NOT NULL DEFAULT '0',
  `sectionid` int(10) unsigned NOT NULL DEFAULT '0',
  `mask` int(10) unsigned NOT NULL DEFAULT '0',
  `catid` int(10) unsigned NOT NULL DEFAULT '0',
  `created` datetime NOT NULL DEFAULT '0000-00-00 00:00:00',
  `created_by` int(10) unsigned NOT NULL DEFAULT '0',
  `created_by_alias` varchar(255) NOT NULL DEFAULT '',
  `modified` datetime NOT NULL DEFAULT '0000-00-00 00:00:00',
  `modified_by` int(10) unsigned NOT NULL DEFAULT '0',
  `checked_out` int(10) unsigned NOT NULL DEFAULT '0',
  `checked_out_time` datetime NOT NULL DEFAULT '0000-00-00 00:00:00',
  `publish_up` datetime NOT NULL DEFAULT '0000-00-00 00:00:00',
  `publish_down` datetime NOT NULL DEFAULT '0000-00-00 00:00:00',
  `images` text NOT NULL,
  `urls` text NOT NULL,
  `attribs` varchar(5120) NOT NULL,
  `version` int(10) unsigned NOT NULL DEFAULT '1',
  `parentid` int(10) unsigned NOT NULL DEFAULT '0',
  `ordering` int(11) NOT NULL DEFAULT '0',
  `metakey` text NOT NULL,
  `metadesc` text NOT NULL,
  `access` int(10) unsigned NOT NULL DEFAULT '0',
  `hits` int(10) unsigned NOT NULL DEFAULT '0',
  `metadata` text NOT NULL,
  `featured` tinyint(3) unsigned NOT NULL DEFAULT '0' COMMENT 'Set if article is featured.',
  `language` char(7) NOT NULL COMMENT 'The language code for the article.',
  `xreference` varchar(50) NOT NULL COMMENT 'A reference to enable linkages to external data sets.',
  PRIMARY KEY (`id`),
  KEY `idx_access` (`access`),
  KEY `idx_checkout` (`checked_out`),
  KEY `idx_state` (`state`),
  KEY `idx_catid` (`catid`),
  KEY `idx_createdby` (`created_by`),
  KEY `idx_featured_catid` (`featured`,`catid`),
  KEY `idx_language` (`language`),
  KEY `idx_xreference` (`xreference`)
) ENGINE=MyISAM AUTO_INCREMENT=6 DEFAULT CHARSET=utf8;

--
-- Dumping data for table `d2k9d_content`
--

INSERT INTO `d2k9d_content` VALUES (1,36,'Welcome to Logistic Freight Ltd.','home','','<p style=\"text-align: justify;\"><span style=\"color: #3366ff;\"><strong>Welcome to Logistic Freight Ltd.</strong></span></p>\r\n<p style=\"text-align: justify;\">At <strong>Logistic Freight Ltd</strong> we provide superior service through clear, concise two-way communication, create benchmarks of quality, consistency and commitment in the integrated logistics business worldwide. <br /> We create better value for clients through ingenuity supported by knowledge, expertise, technology and imagination, Nurture long term relationships with all stakeholders through growth, trust and by delivering on promises.<br /> Be a responsible corporate citizen by contributing to the business community and maintain high standards of ethics. <br /> The goal is to build relationships through our flexibility to meet our customer’s changing needs. We will show through our experience and knowledge of transportation that you are working with the very best in Third Party Logistics.</p>\r\n<p style=\"text-align: justify;\"> </p>\r\n<p><span style=\"color: #3366ff;\"><strong>Why us?</strong></span></p>\r\n<p><strong>Air Freight.<br /></strong></p>\r\n<p style=\"text-align: justify;\"><strong><img src=\"images/air_freight2.jpg\" border=\"0\" alt=\"\" width=\"114\" height=\"90\" style=\"float: left;\" /></strong> Air Freight for Shipments Traveling Nationwide or Internationally via Cargo,Passenger or Charter Aircraft. Air Freight is a service for transporting cargo by Air, it can be faster but sometimes more expensive than Expedited Truck or Ship.</p>\r\n<p> </p>\r\n<p><strong> </strong></p>\r\n<p><strong>Sea Freight.</strong></p>\r\n<p><img src=\"images/nfspain_sea_p.jpg\" border=\"0\" alt=\"\" width=\"115\" height=\"76\" style=\"float: right;\" /></p>\r\n<p>We at<strong> Logistic Freight Ltd</strong> handle full container loads to less than container loads. We are able to arrange shipment of goods based on timeline and customer requirements to destinations world wide.</p>\r\n<p><strong> </strong></p>\r\n<p><strong>Road Haulage.</strong></p>\r\n<p style=\"text-align: justify;\"><strong><img src=\"images/allegro_lorry1.jpg\" border=\"0\" alt=\"\" width=\"116\" height=\"85\" style=\"float: left;\" />Logistic Freight Ltd</strong> runs a road haulage division that operates throughout East Africa. We provide a reliable service at competitive rates. This arm of the group complements other aspects of our business and allows us to provide a complete package to our customers.</p>\r\n<p style=\"text-align: justify;\"> </p>\r\n<p style=\"text-align: justify;\"><strong>Project Logistics.</strong></p>\r\n<p style=\"text-align: justify;\">We are specialized in international projects moved by air, sea and land as well as specialized lifts, special handling of oversized, out-of-gauge and heavy lift cargo. We have ably undertaken various projects and ferried cargo that is normal and out gauge ensuring that we deliver it on time, safely and securely.</p>\r\n<p style=\"text-align: justify;\"><span style=\"color: #3366ff;\"><a href=\"index.php/services\"><span style=\"color: #3366ff;\"><strong>Other Services...</strong></span></a></span></p>','',1,0,0,8,'2013-02-07 14:09:09',893,'','2013-05-20 07:28:17',893,0,'0000-00-00 00:00:00','2013-02-07 14:09:09','0000-00-00 00:00:00','{\"image_intro\":\"\",\"float_intro\":\"\",\"image_intro_alt\":\"\",\"image_intro_caption\":\"\",\"image_fulltext\":\"\",\"float_fulltext\":\"\",\"image_fulltext_alt\":\"\",\"image_fulltext_caption\":\"\"}','{\"urla\":null,\"urlatext\":\"\",\"targeta\":\"\",\"urlb\":null,\"urlbtext\":\"\",\"targetb\":\"\",\"urlc\":null,\"urlctext\":\"\",\"targetc\":\"\"}','{\"show_title\":\"\",\"link_titles\":\"\",\"show_intro\":\"\",\"show_category\":\"\",\"link_category\":\"\",\"show_parent_category\":\"\",\"link_parent_category\":\"\",\"show_author\":\"\",\"link_author\":\"\",\"show_create_date\":\"\",\"show_modify_date\":\"\",\"show_publish_date\":\"\",\"show_item_navigation\":\"\",\"show_icons\":\"\",\"show_print_icon\":\"\",\"show_email_icon\":\"\",\"show_vote\":\"\",\"show_hits\":\"\",\"show_noauth\":\"\",\"urls_position\":\"\",\"alternative_readmore\":\"\",\"article_layout\":\"\",\"show_publishing_options\":\"\",\"show_article_options\":\"\",\"show_urls_images_backend\":\"\",\"show_urls_images_frontend\":\"\"}',22,0,0,'','',1,181,'{\"robots\":\"\",\"author\":\"\",\"rights\":\"\",\"xreference\":\"\"}',1,'*',''),(2,41,'Services','services','','<p>Services offered by Logistic Freight Ltd include:-</p>\r\n<p style=\"text-align: justify;\"><strong>Air Freight.</strong><br />Air Freight for Shipments Traveling Nationwide or Internationally via Cargo,Passenger or Charter Aircraft. Air Freight is a service for transporting cargo by Air, it can be faster but sometimes more expensive than Expedited Truck or Ship.<br /><br /><strong>Sea Freight.</strong><br />We at Logistic Freight Ltd handle full container loads to less than container loads. We are able to arrange shipment of goods based on timeline and customer requirements to destinations world wide.<br /><br /><strong>Road Haulage.</strong><br />Logistic Freight Ltd runs a road haulage division that operates throughout East Africa. We provide a reliable service at competitive rates. This arm of the group complements other aspects of our business and allows us to provide a complete package to our customers.<br /><br /><strong>Project Logostics.</strong><br />We are specialized in international projects moved by air, sea and land as well as specialized lifts, special handling of oversized, out-of-gauge and heavy lift cargo. We have ably undertaken various projects and ferried cargo that is normal and out gauge ensuring that we deliver it on time, safely and securely.<br /><br /><strong>Imports and Exports.</strong> <br />Logistic freight Ltd handles all aspects of imports, exports, transit cargo, documentation and custom clearance. We undertake processing of pre-shipment documents prior to importing or exporting. Ranging from IDF processing and management, packing and organizing for cargo insurance thus taking the hassle and leaving the client to focus on their core activity. <br />All the shipping documents are delivered at your office on the subsequent day of the finalizations of the shipment. We also provide a real-time update on the movement of cargo until it reaches its destination giving the client a peace of mind. <br /><br /><strong>Perishable &amp; DGR Specialist.</strong><br /><br /><strong>Source &amp; Supply.</strong></p>','',1,0,0,9,'2013-05-08 17:23:43',893,'','2013-05-22 09:43:38',893,0,'0000-00-00 00:00:00','2013-05-08 17:23:43','0000-00-00 00:00:00','{\"image_intro\":\"\",\"float_intro\":\"\",\"image_intro_alt\":\"\",\"image_intro_caption\":\"\",\"image_fulltext\":\"\",\"float_fulltext\":\"\",\"image_fulltext_alt\":\"\",\"image_fulltext_caption\":\"\"}','{\"urla\":null,\"urlatext\":\"\",\"targeta\":\"\",\"urlb\":null,\"urlbtext\":\"\",\"targetb\":\"\",\"urlc\":null,\"urlctext\":\"\",\"targetc\":\"\"}','{\"show_title\":\"\",\"link_titles\":\"\",\"show_intro\":\"\",\"show_category\":\"\",\"link_category\":\"\",\"show_parent_category\":\"\",\"link_parent_category\":\"\",\"show_author\":\"\",\"link_author\":\"\",\"show_create_date\":\"\",\"show_modify_date\":\"\",\"show_publish_date\":\"\",\"show_item_navigation\":\"\",\"show_icons\":\"\",\"show_print_icon\":\"\",\"show_email_icon\":\"\",\"show_vote\":\"\",\"show_hits\":\"\",\"show_noauth\":\"\",\"urls_position\":\"\",\"alternative_readmore\":\"\",\"article_layout\":\"\",\"show_publishing_options\":\"\",\"show_article_options\":\"\",\"show_urls_images_backend\":\"\",\"show_urls_images_frontend\":\"\"}',8,0,0,'','',1,1782,'{\"robots\":\"\",\"author\":\"\",\"rights\":\"\",\"xreference\":\"\"}',0,'*',''),(3,43,'About Us','about-us','','<p style=\"text-align: justify;\"><strong>The Company.</strong> <br /><strong>Mission Statement</strong> <br />We <strong>Logistic Freight Ltd :-</strong></p>\r\n<p style=\"text-align: justify;\">Provide superior service through clear, concise two-way communication, create benchmarks of quality, consistency and commitment in the integrated logistics business worldwide.<br />Create better value for clients through ingenuity supported by knowledge, expertise, technology and imagination, Nurture long term relationships with all stakeholders through growth, trust and by delivering on promises.<br />Be a responsible corporate citizen by contributing to the business community and maintain high standards of ethics.</p>\r\n<p style=\"text-align: justify;\"><br />The goal is to build relationships through our flexibility to meet our customer’s changing needs. We will show through our experience and knowledge of transportation that you are working with the very best in Third Party Logistics.</p>\r\n<p style=\"text-align: justify;\"><br /><strong>Vision Statement</strong> <br />Become the lead in the business known for pioneering solutions in logistics freight worldwide and build the infrastructure required to allow customers to outsource all their transportation needs domestically, internationally, and globally.</p>\r\n<p style=\"text-align: justify;\"><br /><strong>A company with a purpose</strong> <br />we are deeply proud of the contribution we can make in our daily work. Everything that is moved from one place to another needs the aid of logistics. As the logistics company for the world, we form the backbone of trade, ensuring that whatever needs to be delivered, gets delivered on time. A shipment placed in our trust may include life-saving medicines, perishable goods, and live trees among others and hold a company’s entire existence in the form of a prototype. We not only deliver parcels and packages, and make sure containers arrive at ports safely: we deliver prosperity, we transport health, we power growth, and we deliver joy. Every day we connect people, improving their lives.</p>','',1,0,0,12,'2013-05-18 13:49:15',893,'','2013-05-18 13:56:27',893,0,'0000-00-00 00:00:00','2013-05-18 13:49:15','0000-00-00 00:00:00','{\"image_intro\":\"\",\"float_intro\":\"\",\"image_intro_alt\":\"\",\"image_intro_caption\":\"\",\"image_fulltext\":\"\",\"float_fulltext\":\"\",\"image_fulltext_alt\":\"\",\"image_fulltext_caption\":\"\"}','{\"urla\":null,\"urlatext\":\"\",\"targeta\":\"\",\"urlb\":null,\"urlbtext\":\"\",\"targetb\":\"\",\"urlc\":null,\"urlctext\":\"\",\"targetc\":\"\"}','{\"show_title\":\"\",\"link_titles\":\"\",\"show_intro\":\"\",\"show_category\":\"\",\"link_category\":\"\",\"show_parent_category\":\"\",\"link_parent_category\":\"\",\"show_author\":\"\",\"link_author\":\"\",\"show_create_date\":\"\",\"show_modify_date\":\"\",\"show_publish_date\":\"\",\"show_item_navigation\":\"\",\"show_icons\":\"\",\"show_print_icon\":\"\",\"show_email_icon\":\"\",\"show_vote\":\"\",\"show_hits\":\"\",\"show_noauth\":\"\",\"urls_position\":\"\",\"alternative_readmore\":\"\",\"article_layout\":\"\",\"show_publishing_options\":\"\",\"show_article_options\":\"\",\"show_urls_images_backend\":\"\",\"show_urls_images_frontend\":\"\"}',3,0,0,'','',1,211,'{\"robots\":\"\",\"author\":\"\",\"rights\":\"\",\"xreference\":\"\"}',0,'*',''),(4,44,'Contact Us','contact-us','','<p><strong>Contact Us</strong><br /><br />For more information on our services or if you want to make any query, do not hesitate to get in touch with us through the contacts below.<br /><br /><strong>Company Name:</strong> Logistic Freight Ltd.<br /><br /><strong>Address:</strong><br />Tom Mboya Street<br /><br />P. O. Box: 39202 - 00623<br />Nairobi. Kenya.<br /><br /><strong>Mobile:</strong> +254-722-515502<br /><br /><strong>Website:</strong> <a href=\"http://www.logisticfreightltd.com\">http://www.logisticfreightltd.com</a><br /><br /><strong>Email:</strong> <a href=\"mailto:info@logisticfreightltd.com\">info@logisticfreightltd.com</a></p>','',1,0,0,11,'2013-05-18 14:33:17',893,'','0000-00-00 00:00:00',0,0,'0000-00-00 00:00:00','2013-05-18 14:33:17','0000-00-00 00:00:00','{\"image_intro\":\"\",\"float_intro\":\"\",\"image_intro_alt\":\"\",\"image_intro_caption\":\"\",\"image_fulltext\":\"\",\"float_fulltext\":\"\",\"image_fulltext_alt\":\"\",\"image_fulltext_caption\":\"\"}','{\"urla\":null,\"urlatext\":\"\",\"targeta\":\"\",\"urlb\":null,\"urlbtext\":\"\",\"targetb\":\"\",\"urlc\":null,\"urlctext\":\"\",\"targetc\":\"\"}','{\"show_title\":\"\",\"link_titles\":\"\",\"show_intro\":\"\",\"show_category\":\"\",\"link_category\":\"\",\"show_parent_category\":\"\",\"link_parent_category\":\"\",\"show_author\":\"\",\"link_author\":\"\",\"show_create_date\":\"\",\"show_modify_date\":\"\",\"show_publish_date\":\"\",\"show_item_navigation\":\"\",\"show_icons\":\"\",\"show_print_icon\":\"\",\"show_email_icon\":\"\",\"show_vote\":\"\",\"show_hits\":\"\",\"show_noauth\":\"\",\"urls_position\":\"\",\"alternative_readmore\":\"\",\"article_layout\":\"\",\"show_publishing_options\":\"\",\"show_article_options\":\"\",\"show_urls_images_backend\":\"\",\"show_urls_images_frontend\":\"\"}',1,0,0,'','',1,199,'{\"robots\":\"\",\"author\":\"\",\"rights\":\"\",\"xreference\":\"\"}',0,'*',''),(5,48,'Request Form','request-form','','<p>{redform}1{/redform}</p>','',1,0,0,13,'2013-05-18 17:04:07',893,'','0000-00-00 00:00:00',0,0,'0000-00-00 00:00:00','2013-05-18 17:04:07','0000-00-00 00:00:00','{\"image_intro\":\"\",\"float_intro\":\"\",\"image_intro_alt\":\"\",\"image_intro_caption\":\"\",\"image_fulltext\":\"\",\"float_fulltext\":\"\",\"image_fulltext_alt\":\"\",\"image_fulltext_caption\":\"\"}','{\"urla\":null,\"urlatext\":\"\",\"targeta\":\"\",\"urlb\":null,\"urlbtext\":\"\",\"targetb\":\"\",\"urlc\":null,\"urlctext\":\"\",\"targetc\":\"\"}','{\"show_title\":\"\",\"link_titles\":\"\",\"show_intro\":\"\",\"show_category\":\"\",\"link_category\":\"\",\"show_parent_category\":\"\",\"link_parent_category\":\"\",\"show_author\":\"\",\"link_author\":\"\",\"show_create_date\":\"\",\"show_modify_date\":\"\",\"show_publish_date\":\"\",\"show_item_navigation\":\"\",\"show_icons\":\"\",\"show_print_icon\":\"\",\"show_email_icon\":\"\",\"show_vote\":\"\",\"show_hits\":\"\",\"show_noauth\":\"\",\"urls_position\":\"\",\"alternative_readmore\":\"\",\"article_layout\":\"\",\"show_publishing_options\":\"\",\"show_article_options\":\"\",\"show_urls_images_backend\":\"\",\"show_urls_images_frontend\":\"\"}',1,0,0,'','',1,150,'{\"robots\":\"\",\"author\":\"\",\"rights\":\"\",\"xreference\":\"\"}',0,'*','');

--
-- Table structure for table `d2k9d_content_frontpage`
--

CREATE TABLE `d2k9d_content_frontpage` (
  `content_id` int(11) NOT NULL DEFAULT '0',
  `ordering` int(11) NOT NULL DEFAULT '0',
  PRIMARY KEY (`content_id`)
) ENGINE=MyISAM DEFAULT CHARSET=utf8;

--
-- Dumping data for table `d2k9d_content_frontpage`
--

INSERT INTO `d2k9d_content_frontpage` VALUES (1,1);

--
-- Table structure for table `d2k9d_content_rating`
--

CREATE TABLE `d2k9d_content_rating` (
  `content_id` int(11) NOT NULL DEFAULT '0',
  `rating_sum` int(10) unsigned NOT NULL DEFAULT '0',
  `rating_count` int(10) unsigned NOT NULL DEFAULT '0',
  `lastip` varchar(50) NOT NULL DEFAULT '',
  PRIMARY KEY (`content_id`)
) ENGINE=MyISAM DEFAULT CHARSET=utf8;

--
-- Dumping data for table `d2k9d_content_rating`
--


--
-- Table structure for table `d2k9d_core_log_searches`
--

CREATE TABLE `d2k9d_core_log_searches` (
  `search_term` varchar(128) NOT NULL DEFAULT '',
  `hits` int(10) unsigned NOT NULL DEFAULT '0'
) ENGINE=MyISAM DEFAULT CHARSET=utf8;

--
-- Dumping data for table `d2k9d_core_log_searches`
--


--
-- Table structure for table `d2k9d_extensions`
--

CREATE TABLE `d2k9d_extensions` (
  `extension_id` int(11) NOT NULL AUTO_INCREMENT,
  `name` varchar(100) NOT NULL,
  `type` varchar(20) NOT NULL,
  `element` varchar(100) NOT NULL,
  `folder` varchar(100) NOT NULL,
  `client_id` tinyint(3) NOT NULL,
  `enabled` tinyint(3) NOT NULL DEFAULT '1',
  `access` int(10) unsigned NOT NULL DEFAULT '1',
  `protected` tinyint(3) NOT NULL DEFAULT '0',
  `manifest_cache` text NOT NULL,
  `params` text NOT NULL,
  `custom_data` text NOT NULL,
  `system_data` text NOT NULL,
  `checked_out` int(10) unsigned NOT NULL DEFAULT '0',
  `checked_out_time` datetime NOT NULL DEFAULT '0000-00-00 00:00:00',
  `ordering` int(11) DEFAULT '0',
  `state` int(11) DEFAULT '0',
  PRIMARY KEY (`extension_id`),
  KEY `element_clientid` (`element`,`client_id`),
  KEY `element_folder_clientid` (`element`,`folder`,`client_id`),
  KEY `extension` (`type`,`element`,`folder`,`client_id`)
) ENGINE=MyISAM AUTO_INCREMENT=10007 DEFAULT CHARSET=utf8;

--
-- Dumping data for table `d2k9d_extensions`
--

INSERT INTO `d2k9d_extensions` VALUES (1,'com_mailto','component','com_mailto','',0,1,1,1,'{\"legacy\":false,\"name\":\"com_mailto\",\"type\":\"component\",\"creationDate\":\"April 2006\",\"author\":\"Joomla! Project\",\"copyright\":\"(C) 2005 - 2012 Open Source Matters. All rights reserved.\\t\",\"authorEmail\":\"admin@joomla.org\",\"authorUrl\":\"www.joomla.org\",\"version\":\"2.5.0\",\"description\":\"COM_MAILTO_XML_DESCRIPTION\",\"group\":\"\"}','','','',0,'0000-00-00 00:00:00',0,0),(2,'com_wrapper','component','com_wrapper','',0,1,1,1,'{\"legacy\":false,\"name\":\"com_wrapper\",\"type\":\"component\",\"creationDate\":\"April 2006\",\"author\":\"Joomla! Project\",\"copyright\":\"(C) 2005 - 2012 Open Source Matters. All rights reserved.\\n\\t\",\"authorEmail\":\"admin@joomla.org\",\"authorUrl\":\"www.joomla.org\",\"version\":\"2.5.0\",\"description\":\"COM_WRAPPER_XML_DESCRIPTION\",\"group\":\"\"}','','','',0,'0000-00-00 00:00:00',0,0),(3,'com_admin','component','com_admin','',1,1,1,1,'{\"legacy\":false,\"name\":\"com_admin\",\"type\":\"component\",\"creationDate\":\"April 2006\",\"author\":\"Joomla! Project\",\"copyright\":\"(C) 2005 - 2012 Open Source Matters. All rights reserved.\\n\\t\",\"authorEmail\":\"admin@joomla.org\",\"authorUrl\":\"www.joomla.org\",\"version\":\"2.5.0\",\"description\":\"COM_ADMIN_XML_DESCRIPTION\",\"group\":\"\"}','','','',0,'0000-00-00 00:00:00',0,0),(4,'com_banners','component','com_banners','',1,1,1,0,'{\"legacy\":false,\"name\":\"com_banners\",\"type\":\"component\",\"creationDate\":\"April 2006\",\"author\":\"Joomla! Project\",\"copyright\":\"(C) 2005 - 2012 Open Source Matters. All rights reserved.\\n\\t\",\"authorEmail\":\"admin@joomla.org\",\"authorUrl\":\"www.joomla.org\",\"version\":\"2.5.0\",\"description\":\"COM_BANNERS_XML_DESCRIPTION\",\"group\":\"\"}','{\"purchase_type\":\"3\",\"track_impressions\":\"0\",\"track_clicks\":\"0\",\"metakey_prefix\":\"\"}','','',0,'0000-00-00 00:00:00',0,0),(5,'com_cache','component','com_cache','',1,1,1,1,'{\"legacy\":false,\"name\":\"com_cache\",\"type\":\"component\",\"creationDate\":\"April 2006\",\"author\":\"Joomla! Project\",\"copyright\":\"(C) 2005 - 2012 Open Source Matters. All rights reserved.\\t\",\"authorEmail\":\"admin@joomla.org\",\"authorUrl\":\"www.joomla.org\",\"version\":\"2.5.0\",\"description\":\"COM_CACHE_XML_DESCRIPTION\",\"group\":\"\"}','','','',0,'0000-00-00 00:00:00',0,0),(6,'com_categories','component','com_categories','',1,1,1,1,'{\"legacy\":false,\"name\":\"com_categories\",\"type\":\"component\",\"creationDate\":\"December 2007\",\"author\":\"Joomla! Project\",\"copyright\":\"(C) 2005 - 2012 Open Source Matters. All rights reserved.\",\"authorEmail\":\"admin@joomla.org\",\"authorUrl\":\"www.joomla.org\",\"version\":\"2.5.0\",\"description\":\"COM_CATEGORIES_XML_DESCRIPTION\",\"group\":\"\"}','','','',0,'0000-00-00 00:00:00',0,0),(7,'com_checkin','component','com_checkin','',1,1,1,1,'{\"legacy\":false,\"name\":\"com_checkin\",\"type\":\"component\",\"creationDate\":\"Unknown\",\"author\":\"Joomla! Project\",\"copyright\":\"(C) 2005 - 2008 Open Source Matters. All rights reserved.\\n\\t\",\"authorEmail\":\"admin@joomla.org\",\"authorUrl\":\"www.joomla.org\",\"version\":\"2.5.0\",\"description\":\"COM_CHECKIN_XML_DESCRIPTION\",\"group\":\"\"}','','','',0,'0000-00-00 00:00:00',0,0),(8,'com_contact','component','com_contact','',1,1,1,0,'{\"legacy\":false,\"name\":\"com_contact\",\"type\":\"component\",\"creationDate\":\"April 2006\",\"author\":\"Joomla! Project\",\"copyright\":\"(C) 2005 - 2012 Open Source Matters. All rights reserved.\\n\\t\",\"authorEmail\":\"admin@joomla.org\",\"authorUrl\":\"www.joomla.org\",\"version\":\"2.5.0\",\"description\":\"COM_CONTACT_XML_DESCRIPTION\",\"group\":\"\"}','{\"show_contact_category\":\"hide\",\"show_contact_list\":\"0\",\"presentation_style\":\"sliders\",\"show_name\":\"1\",\"show_position\":\"1\",\"show_email\":\"0\",\"show_street_address\":\"1\",\"show_suburb\":\"1\",\"show_state\":\"1\",\"show_postcode\":\"1\",\"show_country\":\"1\",\"show_telephone\":\"1\",\"show_mobile\":\"1\",\"show_fax\":\"1\",\"show_webpage\":\"1\",\"show_misc\":\"1\",\"show_image\":\"1\",\"image\":\"\",\"allow_vcard\":\"0\",\"show_articles\":\"0\",\"show_profile\":\"0\",\"show_links\":\"0\",\"linka_name\":\"\",\"linkb_name\":\"\",\"linkc_name\":\"\",\"linkd_name\":\"\",\"linke_name\":\"\",\"contact_icons\":\"0\",\"icon_address\":\"\",\"icon_email\":\"\",\"icon_telephone\":\"\",\"icon_mobile\":\"\",\"icon_fax\":\"\",\"icon_misc\":\"\",\"show_headings\":\"1\",\"show_position_headings\":\"1\",\"show_email_headings\":\"0\",\"show_telephone_headings\":\"1\",\"show_mobile_headings\":\"0\",\"show_fax_headings\":\"0\",\"allow_vcard_headings\":\"0\",\"show_suburb_headings\":\"1\",\"show_state_headings\":\"1\",\"show_country_headings\":\"1\",\"show_email_form\":\"1\",\"show_email_copy\":\"1\",\"banned_email\":\"\",\"banned_subject\":\"\",\"banned_text\":\"\",\"validate_session\":\"1\",\"custom_reply\":\"0\",\"redirect\":\"\",\"show_category_crumb\":\"0\",\"metakey\":\"\",\"metadesc\":\"\",\"robots\":\"\",\"author\":\"\",\"rights\":\"\",\"xreference\":\"\"}','','',0,'0000-00-00 00:00:00',0,0),(9,'com_cpanel','component','com_cpanel','',1,1,1,1,'{\"legacy\":false,\"name\":\"com_cpanel\",\"type\":\"component\",\"creationDate\":\"April 2006\",\"author\":\"Joomla! Project\",\"copyright\":\"(C) 2005 - 2012 Open Source Matters. All rights reserved.\",\"authorEmail\":\"admin@joomla.org\",\"authorUrl\":\"www.joomla.org\",\"version\":\"2.5.0\",\"description\":\"COM_CPANEL_XML_DESCRIPTION\",\"group\":\"\"}','','','',0,'0000-00-00 00:00:00',0,0),(10,'com_installer','component','com_installer','',1,1,1,1,'{\"legacy\":false,\"name\":\"com_installer\",\"type\":\"component\",\"creationDate\":\"April 2006\",\"author\":\"Joomla! Project\",\"copyright\":\"(C) 2005 - 2012 Open Source Matters. All rights reserved.\\t\",\"authorEmail\":\"admin@joomla.org\",\"authorUrl\":\"www.joomla.org\",\"version\":\"2.5.0\",\"description\":\"COM_INSTALLER_XML_DESCRIPTION\",\"group\":\"\"}','{}','','',0,'0000-00-00 00:00:00',0,0),(11,'com_languages','component','com_languages','',1,1,1,1,'{\"legacy\":false,\"name\":\"com_languages\",\"type\":\"component\",\"creationDate\":\"2006\",\"author\":\"Joomla! Project\",\"copyright\":\"(C) 2005 - 2012 Open Source Matters. All rights reserved.\\n\\t\",\"authorEmail\":\"admin@joomla.org\",\"authorUrl\":\"www.joomla.org\",\"version\":\"2.5.0\",\"description\":\"COM_LANGUAGES_XML_DESCRIPTION\",\"group\":\"\"}','{\"administrator\":\"en-GB\",\"site\":\"en-GB\"}','','',0,'0000-00-00 00:00:00',0,0),(12,'com_login','component','com_login','',1,1,1,1,'{\"legacy\":false,\"name\":\"com_login\",\"type\":\"component\",\"creationDate\":\"April 2006\",\"author\":\"Joomla! Project\",\"copyright\":\"(C) 2005 - 2012 Open Source Matters. All rights reserved.\\t\",\"authorEmail\":\"admin@joomla.org\",\"authorUrl\":\"www.joomla.org\",\"version\":\"2.5.0\",\"description\":\"COM_LOGIN_XML_DESCRIPTION\",\"group\":\"\"}','','','',0,'0000-00-00 00:00:00',0,0),(13,'com_media','component','com_media','',1,1,0,1,'{\"legacy\":false,\"name\":\"com_media\",\"type\":\"component\",\"creationDate\":\"April 2006\",\"author\":\"Joomla! Project\",\"copyright\":\"(C) 2005 - 2012 Open Source Matters. All rights reserved.\\t\",\"authorEmail\":\"admin@joomla.org\",\"authorUrl\":\"www.joomla.org\",\"version\":\"2.5.0\",\"description\":\"COM_MEDIA_XML_DESCRIPTION\",\"group\":\"\"}','{\"upload_extensions\":\"bmp,csv,doc,gif,ico,jpg,jpeg,odg,odp,ods,odt,pdf,png,ppt,swf,txt,xcf,xls,BMP,CSV,DOC,GIF,ICO,JPG,JPEG,ODG,ODP,ODS,ODT,PDF,PNG,PPT,SWF,TXT,XCF,XLS\",\"upload_maxsize\":\"10\",\"file_path\":\"images\",\"image_path\":\"images\",\"restrict_uploads\":\"1\",\"allowed_media_usergroup\":\"3\",\"check_mime\":\"1\",\"image_extensions\":\"bmp,gif,jpg,png\",\"ignore_extensions\":\"\",\"upload_mime\":\"image\\/jpeg,image\\/gif,image\\/png,image\\/bmp,application\\/x-shockwave-flash,application\\/msword,application\\/excel,application\\/pdf,application\\/powerpoint,text\\/plain,application\\/x-zip\",\"upload_mime_illegal\":\"text\\/html\",\"enable_flash\":\"0\"}','','',0,'0000-00-00 00:00:00',0,0),(14,'com_menus','component','com_menus','',1,1,1,1,'{\"legacy\":false,\"name\":\"com_menus\",\"type\":\"component\",\"creationDate\":\"April 2006\",\"author\":\"Joomla! Project\",\"copyright\":\"(C) 2005 - 2012 Open Source Matters. All rights reserved.\\t\",\"authorEmail\":\"admin@joomla.org\",\"authorUrl\":\"www.joomla.org\",\"version\":\"2.5.0\",\"description\":\"COM_MENUS_XML_DESCRIPTION\",\"group\":\"\"}','{}','','',0,'0000-00-00 00:00:00',0,0),(15,'com_messages','component','com_messages','',1,1,1,1,'{\"legacy\":false,\"name\":\"com_messages\",\"type\":\"component\",\"creationDate\":\"April 2006\",\"author\":\"Joomla! Project\",\"copyright\":\"(C) 2005 - 2012 Open Source Matters. All rights reserved.\\t\",\"authorEmail\":\"admin@joomla.org\",\"authorUrl\":\"www.joomla.org\",\"version\":\"2.5.0\",\"description\":\"COM_MESSAGES_XML_DESCRIPTION\",\"group\":\"\"}','','','',0,'0000-00-00 00:00:00',0,0),(16,'com_modules','component','com_modules','',1,1,1,1,'{\"legacy\":false,\"name\":\"com_modules\",\"type\":\"component\",\"creationDate\":\"April 2006\",\"author\":\"Joomla! Project\",\"copyright\":\"(C) 2005 - 2012 Open Source Matters. All rights reserved.\\t\",\"authorEmail\":\"admin@joomla.org\",\"authorUrl\":\"www.joomla.org\",\"version\":\"2.5.0\",\"description\":\"COM_MODULES_XML_DESCRIPTION\",\"group\":\"\"}','{}','','',0,'0000-00-00 00:00:00',0,0),(17,'com_newsfeeds','component','com_newsfeeds','',1,1,1,0,'{\"legacy\":false,\"name\":\"com_newsfeeds\",\"type\":\"component\",\"creationDate\":\"April 2006\",\"author\":\"Joomla! Project\",\"copyright\":\"(C) 2005 - 2012 Open Source Matters. All rights reserved.\\t\",\"authorEmail\":\"admin@joomla.org\",\"authorUrl\":\"www.joomla.org\",\"version\":\"2.5.0\",\"description\":\"COM_NEWSFEEDS_XML_DESCRIPTION\",\"group\":\"\"}','{\"show_feed_image\":\"1\",\"show_feed_description\":\"1\",\"show_item_description\":\"1\",\"feed_word_count\":\"0\",\"show_headings\":\"1\",\"show_name\":\"1\",\"show_articles\":\"0\",\"show_link\":\"1\",\"show_description\":\"1\",\"show_description_image\":\"1\",\"display_num\":\"\",\"show_pagination_limit\":\"1\",\"show_pagination\":\"1\",\"show_pagination_results\":\"1\",\"show_cat_items\":\"1\"}','','',0,'0000-00-00 00:00:00',0,0),(18,'com_plugins','component','com_plugins','',1,1,1,1,'{\"legacy\":false,\"name\":\"com_plugins\",\"type\":\"component\",\"creationDate\":\"April 2006\",\"author\":\"Joomla! Project\",\"copyright\":\"(C) 2005 - 2012 Open Source Matters. All rights reserved.\\t\",\"authorEmail\":\"admin@joomla.org\",\"authorUrl\":\"www.joomla.org\",\"version\":\"2.5.0\",\"description\":\"COM_PLUGINS_XML_DESCRIPTION\",\"group\":\"\"}','{}','','',0,'0000-00-00 00:00:00',0,0),(19,'com_search','component','com_search','',1,1,1,1,'{\"legacy\":false,\"name\":\"com_search\",\"type\":\"component\",\"creationDate\":\"April 2006\",\"author\":\"Joomla! Project\",\"copyright\":\"(C) 2005 - 2012 Open Source Matters. All rights reserved.\\n\\t\",\"authorEmail\":\"admin@joomla.org\",\"authorUrl\":\"www.joomla.org\",\"version\":\"2.5.0\",\"description\":\"COM_SEARCH_XML_DESCRIPTION\",\"group\":\"\"}','{\"enabled\":\"0\",\"show_date\":\"1\"}','','',0,'0000-00-00 00:00:00',0,0),(20,'com_templates','component','com_templates','',1,1,1,1,'{\"legacy\":false,\"name\":\"com_templates\",\"type\":\"component\",\"creationDate\":\"April 2006\",\"author\":\"Joomla! Project\",\"copyright\":\"(C) 2005 - 2012 Open Source Matters. All rights reserved.\\t\",\"authorEmail\":\"admin@joomla.org\",\"authorUrl\":\"www.joomla.org\",\"version\":\"2.5.0\",\"description\":\"COM_TEMPLATES_XML_DESCRIPTION\",\"group\":\"\"}','{\"template_positions_display\":\"1\"}','','',0,'0000-00-00 00:00:00',0,0),(21,'com_weblinks','component','com_weblinks','',1,1,1,0,'{\"legacy\":false,\"name\":\"com_weblinks\",\"type\":\"component\",\"creationDate\":\"April 2006\",\"author\":\"Joomla! Project\",\"copyright\":\"(C) 2005 - 2012 Open Source Matters. All rights reserved.\\n\\t\",\"authorEmail\":\"admin@joomla.org\",\"authorUrl\":\"www.joomla.org\",\"version\":\"2.5.0\",\"description\":\"COM_WEBLINKS_XML_DESCRIPTION\",\"group\":\"\"}','{\"show_comp_description\":\"1\",\"comp_description\":\"\",\"show_link_hits\":\"1\",\"show_link_description\":\"1\",\"show_other_cats\":\"0\",\"show_headings\":\"0\",\"show_numbers\":\"0\",\"show_report\":\"1\",\"count_clicks\":\"1\",\"target\":\"0\",\"link_icons\":\"\"}','','',0,'0000-00-00 00:00:00',0,0),(22,'com_content','component','com_content','',1,1,0,1,'{\"legacy\":false,\"name\":\"com_content\",\"type\":\"component\",\"creationDate\":\"April 2006\",\"author\":\"Joomla! Project\",\"copyright\":\"(C) 2005 - 2012 Open Source Matters. All rights reserved.\\t\",\"authorEmail\":\"admin@joomla.org\",\"authorUrl\":\"www.joomla.org\",\"version\":\"2.5.0\",\"description\":\"COM_CONTENT_XML_DESCRIPTION\",\"group\":\"\"}','{\"article_layout\":\"_:default\",\"show_title\":\"0\",\"link_titles\":\"0\",\"show_intro\":\"0\",\"show_category\":\"0\",\"link_category\":\"0\",\"show_parent_category\":\"0\",\"link_parent_category\":\"0\",\"show_author\":\"0\",\"link_author\":\"0\",\"show_create_date\":\"0\",\"show_modify_date\":\"0\",\"show_publish_date\":\"0\",\"show_item_navigation\":\"0\",\"show_vote\":\"0\",\"show_readmore\":\"1\",\"show_readmore_title\":\"1\",\"readmore_limit\":\"100\",\"show_icons\":\"1\",\"show_print_icon\":\"1\",\"show_email_icon\":\"1\",\"show_hits\":\"0\",\"show_noauth\":\"0\",\"urls_position\":\"0\",\"show_publishing_options\":\"1\",\"show_article_options\":\"1\",\"show_urls_images_frontend\":\"0\",\"show_urls_images_backend\":\"1\",\"targeta\":0,\"targetb\":0,\"targetc\":0,\"float_intro\":\"left\",\"float_fulltext\":\"left\",\"category_layout\":\"_:blog\",\"show_category_title\":\"0\",\"show_description\":\"0\",\"show_description_image\":\"0\",\"maxLevel\":\"1\",\"show_empty_categories\":\"0\",\"show_no_articles\":\"1\",\"show_subcat_desc\":\"1\",\"show_cat_num_articles\":\"0\",\"show_base_description\":\"1\",\"maxLevelcat\":\"-1\",\"show_empty_categories_cat\":\"0\",\"show_subcat_desc_cat\":\"1\",\"show_cat_num_articles_cat\":\"1\",\"num_leading_articles\":\"1\",\"num_intro_articles\":\"4\",\"num_columns\":\"2\",\"num_links\":\"4\",\"multi_column_order\":\"0\",\"show_subcategory_content\":\"0\",\"show_pagination_limit\":\"1\",\"filter_field\":\"hide\",\"show_headings\":\"1\",\"list_show_date\":\"0\",\"date_format\":\"\",\"list_show_hits\":\"1\",\"list_show_author\":\"1\",\"orderby_pri\":\"order\",\"orderby_sec\":\"rdate\",\"order_date\":\"published\",\"show_pagination\":\"2\",\"show_pagination_results\":\"1\",\"show_feed_link\":\"1\",\"feed_summary\":\"0\",\"feed_show_readmore\":\"0\"}','','',0,'0000-00-00 00:00:00',0,0),(23,'com_config','component','com_config','',1,1,0,1,'{\"legacy\":false,\"name\":\"com_config\",\"type\":\"component\",\"creationDate\":\"April 2006\",\"author\":\"Joomla! Project\",\"copyright\":\"(C) 2005 - 2012 Open Source Matters. All rights reserved.\\t\",\"authorEmail\":\"admin@joomla.org\",\"authorUrl\":\"www.joomla.org\",\"version\":\"2.5.0\",\"description\":\"COM_CONFIG_XML_DESCRIPTION\",\"group\":\"\"}','{\"filters\":{\"1\":{\"filter_type\":\"NH\",\"filter_tags\":\"\",\"filter_attributes\":\"\"},\"6\":{\"filter_type\":\"BL\",\"filter_tags\":\"\",\"filter_attributes\":\"\"},\"7\":{\"filter_type\":\"NONE\",\"filter_tags\":\"\",\"filter_attributes\":\"\"},\"2\":{\"filter_type\":\"NH\",\"filter_tags\":\"\",\"filter_attributes\":\"\"},\"3\":{\"filter_type\":\"BL\",\"filter_tags\":\"\",\"filter_attributes\":\"\"},\"4\":{\"filter_type\":\"BL\",\"filter_tags\":\"\",\"filter_attributes\":\"\"},\"5\":{\"filter_type\":\"BL\",\"filter_tags\":\"\",\"filter_attributes\":\"\"},\"10\":{\"filter_type\":\"BL\",\"filter_tags\":\"\",\"filter_attributes\":\"\"},\"12\":{\"filter_type\":\"BL\",\"filter_tags\":\"\",\"filter_attributes\":\"\"},\"8\":{\"filter_type\":\"NONE\",\"filter_tags\":\"\",\"filter_attributes\":\"\"}}}','','',0,'0000-00-00 00:00:00',0,0),(24,'com_redirect','component','com_redirect','',1,1,0,1,'{\"legacy\":false,\"name\":\"com_redirect\",\"type\":\"component\",\"creationDate\":\"April 2006\",\"author\":\"Joomla! Project\",\"copyright\":\"(C) 2005 - 2012 Open Source Matters. All rights reserved.\\t\",\"authorEmail\":\"admin@joomla.org\",\"authorUrl\":\"www.joomla.org\",\"version\":\"2.5.0\",\"description\":\"COM_REDIRECT_XML_DESCRIPTION\",\"group\":\"\"}','{}','','',0,'0000-00-00 00:00:00',0,0),(25,'com_users','component','com_users','',1,1,0,1,'{\"legacy\":false,\"name\":\"com_users\",\"type\":\"component\",\"creationDate\":\"April 2006\",\"author\":\"Joomla! Project\",\"copyright\":\"(C) 2005 - 2012 Open Source Matters. All rights reserved.\\t\",\"authorEmail\":\"admin@joomla.org\",\"authorUrl\":\"www.joomla.org\",\"version\":\"2.5.0\",\"description\":\"COM_USERS_XML_DESCRIPTION\",\"group\":\"\"}','{\"allowUserRegistration\":\"1\",\"new_usertype\":\"2\",\"useractivation\":\"1\",\"frontend_userparams\":\"1\",\"mailSubjectPrefix\":\"\",\"mailBodySuffix\":\"\"}','','',0,'0000-00-00 00:00:00',0,0),(27,'com_finder','component','com_finder','',1,1,0,0,'{\"legacy\":false,\"name\":\"com_finder\",\"type\":\"component\",\"creationDate\":\"August 2011\",\"author\":\"Joomla! Project\",\"copyright\":\"(C) 2005 - 2012 Open Source Matters. All rights reserved.\",\"authorEmail\":\"admin@joomla.org\",\"authorUrl\":\"www.joomla.org\",\"version\":\"2.5.0\",\"description\":\"COM_FINDER_XML_DESCRIPTION\",\"group\":\"\"}','{\"show_description\":\"1\",\"description_length\":255,\"allow_empty_query\":\"0\",\"show_url\":\"1\",\"show_advanced\":\"1\",\"expand_advanced\":\"0\",\"show_date_filters\":\"0\",\"highlight_terms\":\"1\",\"opensearch_name\":\"\",\"opensearch_description\":\"\",\"batch_size\":\"50\",\"memory_table_limit\":30000,\"title_multiplier\":\"1.7\",\"text_multiplier\":\"0.7\",\"meta_multiplier\":\"1.2\",\"path_multiplier\":\"2.0\",\"misc_multiplier\":\"0.3\",\"stemmer\":\"snowball\"}','','',0,'0000-00-00 00:00:00',0,0),(28,'com_joomlaupdate','component','com_joomlaupdate','',1,1,0,1,'{\"legacy\":false,\"name\":\"com_joomlaupdate\",\"type\":\"component\",\"creationDate\":\"February 2012\",\"author\":\"Joomla! Project\",\"copyright\":\"(C) 2005 - 2012 Open Source Matters. All rights reserved.\\t\",\"authorEmail\":\"admin@joomla.org\",\"authorUrl\":\"www.joomla.org\",\"version\":\"2.5.0\",\"description\":\"COM_JOOMLAUPDATE_XML_DESCRIPTION\",\"group\":\"\"}','{}','','',0,'0000-00-00 00:00:00',0,0),(100,'PHPMailer','library','phpmailer','',0,1,1,1,'{\"legacy\":false,\"name\":\"PHPMailer\",\"type\":\"library\",\"creationDate\":\"2001\",\"author\":\"PHPMailer\",\"copyright\":\"(c) 2001-2003, Brent R. Matzelle, (c) 2004-2009, Andy Prevost. All Rights Reserved., (c) 2010-2011, Jim Jagielski. All Rights Reserved.\",\"authorEmail\":\"jimjag@gmail.com\",\"authorUrl\":\"https:\\/\\/code.google.com\\/a\\/apache-extras.org\\/p\\/phpmailer\\/\",\"version\":\"5.2\",\"description\":\"LIB_PHPMAILER_XML_DESCRIPTION\",\"group\":\"\"}','','','',0,'0000-00-00 00:00:00',0,0),(101,'SimplePie','library','simplepie','',0,1,1,1,'{\"legacy\":false,\"name\":\"SimplePie\",\"type\":\"library\",\"creationDate\":\"2004\",\"author\":\"SimplePie\",\"copyright\":\"Copyright (c) 2004-2009, Ryan Parman and Geoffrey Sneddon\",\"authorEmail\":\"\",\"authorUrl\":\"http:\\/\\/simplepie.org\\/\",\"version\":\"1.2\",\"description\":\"LIB_SIMPLEPIE_XML_DESCRIPTION\",\"group\":\"\"}','','','',0,'0000-00-00 00:00:00',0,0),(102,'phputf8','library','phputf8','',0,1,1,1,'{\"legacy\":false,\"name\":\"phputf8\",\"type\":\"library\",\"creationDate\":\"2006\",\"author\":\"Harry Fuecks\",\"copyright\":\"Copyright various authors\",\"authorEmail\":\"hfuecks@gmail.com\",\"authorUrl\":\"http:\\/\\/sourceforge.net\\/projects\\/phputf8\",\"version\":\"0.5\",\"description\":\"LIB_PHPUTF8_XML_DESCRIPTION\",\"group\":\"\"}','','','',0,'0000-00-00 00:00:00',0,0),(103,'Joomla! Platform','library','joomla','',0,1,1,1,'{\"legacy\":false,\"name\":\"Joomla! Platform\",\"type\":\"library\",\"creationDate\":\"2008\",\"author\":\"Joomla! Project\",\"copyright\":\"Copyright (C) 2005 - 2012 Open Source Matters. All rights reserved.\",\"authorEmail\":\"admin@joomla.org\",\"authorUrl\":\"http:\\/\\/www.joomla.org\",\"version\":\"11.4\",\"description\":\"LIB_JOOMLA_XML_DESCRIPTION\",\"group\":\"\"}','{}','','',0,'0000-00-00 00:00:00',0,0),(200,'mod_articles_archive','module','mod_articles_archive','',0,1,1,1,'{\"legacy\":false,\"name\":\"mod_articles_archive\",\"type\":\"module\",\"creationDate\":\"July 2006\",\"author\":\"Joomla! Project\",\"copyright\":\"Copyright (C) 2005 - 2012 Open Source Matters.\\n\\t\\tAll rights reserved.\",\"authorEmail\":\"admin@joomla.org\",\"authorUrl\":\"www.joomla.org\",\"version\":\"2.5.0\",\"description\":\"MOD_ARTICLES_ARCHIVE_XML_DESCRIPTION\",\"group\":\"\"}','','','',0,'0000-00-00 00:00:00',0,0),(201,'mod_articles_latest','module','mod_articles_latest','',0,1,1,1,'{\"legacy\":false,\"name\":\"mod_articles_latest\",\"type\":\"module\",\"creationDate\":\"July 2004\",\"author\":\"Joomla! Project\",\"copyright\":\"Copyright (C) 2005 - 2012 Open Source Matters. All rights reserved.\",\"authorEmail\":\"admin@joomla.org\",\"authorUrl\":\"www.joomla.org\",\"version\":\"2.5.0\",\"description\":\"MOD_LATEST_NEWS_XML_DESCRIPTION\",\"group\":\"\"}','','','',0,'0000-00-00 00:00:00',0,0),(202,'mod_articles_popular','module','mod_articles_popular','',0,1,1,0,'{\"legacy\":false,\"name\":\"mod_articles_popular\",\"type\":\"module\",\"creationDate\":\"July 2006\",\"author\":\"Joomla! Project\",\"copyright\":\"Copyright (C) 2005 - 2012 Open Source Matters. All rights reserved.\",\"authorEmail\":\"admin@joomla.org\",\"authorUrl\":\"www.joomla.org\",\"version\":\"2.5.0\",\"description\":\"MOD_POPULAR_XML_DESCRIPTION\",\"group\":\"\"}','','','',0,'0000-00-00 00:00:00',0,0),(203,'mod_banners','module','mod_banners','',0,1,1,1,'{\"legacy\":false,\"name\":\"mod_banners\",\"type\":\"module\",\"creationDate\":\"July 2006\",\"author\":\"Joomla! Project\",\"copyright\":\"Copyright (C) 2005 - 2012 Open Source Matters. All rights reserved.\",\"authorEmail\":\"admin@joomla.org\",\"authorUrl\":\"www.joomla.org\",\"version\":\"2.5.0\",\"description\":\"MOD_BANNERS_XML_DESCRIPTION\",\"group\":\"\"}','','','',0,'0000-00-00 00:00:00',0,0),(204,'mod_breadcrumbs','module','mod_breadcrumbs','',0,1,1,1,'{\"legacy\":false,\"name\":\"mod_breadcrumbs\",\"type\":\"module\",\"creationDate\":\"July 2006\",\"author\":\"Joomla! Project\",\"copyright\":\"Copyright (C) 2005 - 2012 Open Source Matters. All rights reserved.\",\"authorEmail\":\"admin@joomla.org\",\"authorUrl\":\"www.joomla.org\",\"version\":\"2.5.0\",\"description\":\"MOD_BREADCRUMBS_XML_DESCRIPTION\",\"group\":\"\"}','','','',0,'0000-00-00 00:00:00',0,0),(205,'mod_custom','module','mod_custom','',0,1,1,1,'{\"legacy\":false,\"name\":\"mod_custom\",\"type\":\"module\",\"creationDate\":\"July 2004\",\"author\":\"Joomla! Project\",\"copyright\":\"Copyright (C) 2005 - 2012 Open Source Matters. All rights reserved.\",\"authorEmail\":\"admin@joomla.org\",\"authorUrl\":\"www.joomla.org\",\"version\":\"2.5.0\",\"description\":\"MOD_CUSTOM_XML_DESCRIPTION\",\"group\":\"\"}','','','',0,'0000-00-00 00:00:00',0,0),(206,'mod_feed','module','mod_feed','',0,1,1,1,'{\"legacy\":false,\"name\":\"mod_feed\",\"type\":\"module\",\"creationDate\":\"July 2005\",\"author\":\"Joomla! Project\",\"copyright\":\"Copyright (C) 2005 - 2012 Open Source Matters. All rights reserved.\",\"authorEmail\":\"admin@joomla.org\",\"authorUrl\":\"www.joomla.org\",\"version\":\"2.5.0\",\"description\":\"MOD_FEED_XML_DESCRIPTION\",\"group\":\"\"}','','','',0,'0000-00-00 00:00:00',0,0),(207,'mod_footer','module','mod_footer','',0,1,1,1,'{\"legacy\":false,\"name\":\"mod_footer\",\"type\":\"module\",\"creationDate\":\"July 2006\",\"author\":\"Joomla! Project\",\"copyright\":\"Copyright (C) 2005 - 2012 Open Source Matters. All rights reserved.\",\"authorEmail\":\"admin@joomla.org\",\"authorUrl\":\"www.joomla.org\",\"version\":\"2.5.0\",\"description\":\"MOD_FOOTER_XML_DESCRIPTION\",\"group\":\"\"}','','','',0,'0000-00-00 00:00:00',0,0),(208,'mod_login','module','mod_login','',0,1,1,1,'{\"legacy\":false,\"name\":\"mod_login\",\"type\":\"module\",\"creationDate\":\"July 2006\",\"author\":\"Joomla! Project\",\"copyright\":\"Copyright (C) 2005 - 2012 Open Source Matters. All rights reserved.\",\"authorEmail\":\"admin@joomla.org\",\"authorUrl\":\"www.joomla.org\",\"version\":\"2.5.0\",\"description\":\"MOD_LOGIN_XML_DESCRIPTION\",\"group\":\"\"}','','','',0,'0000-00-00 00:00:00',0,0),(209,'mod_menu','module','mod_menu','',0,1,1,1,'{\"legacy\":false,\"name\":\"mod_menu\",\"type\":\"module\",\"creationDate\":\"July 2004\",\"author\":\"Joomla! Project\",\"copyright\":\"Copyright (C) 2005 - 2012 Open Source Matters. All rights reserved.\",\"authorEmail\":\"admin@joomla.org\",\"authorUrl\":\"www.joomla.org\",\"version\":\"2.5.0\",\"description\":\"MOD_MENU_XML_DESCRIPTION\",\"group\":\"\"}','','','',0,'0000-00-00 00:00:00',0,0),(210,'mod_articles_news','module','mod_articles_news','',0,1,1,0,'{\"legacy\":false,\"name\":\"mod_articles_news\",\"type\":\"module\",\"creationDate\":\"July 2006\",\"author\":\"Joomla! Project\",\"copyright\":\"Copyright (C) 2005 - 2012 Open Source Matters. All rights reserved.\",\"authorEmail\":\"admin@joomla.org\",\"authorUrl\":\"www.joomla.org\",\"version\":\"2.5.0\",\"description\":\"MOD_ARTICLES_NEWS_XML_DESCRIPTION\",\"group\":\"\"}','','','',0,'0000-00-00 00:00:00',0,0),(211,'mod_random_image','module','mod_random_image','',0,1,1,0,'{\"legacy\":false,\"name\":\"mod_random_image\",\"type\":\"module\",\"creationDate\":\"July 2006\",\"author\":\"Joomla! Project\",\"copyright\":\"Copyright (C) 2005 - 2012 Open Source Matters. All rights reserved.\",\"authorEmail\":\"admin@joomla.org\",\"authorUrl\":\"www.joomla.org\",\"version\":\"2.5.0\",\"description\":\"MOD_RANDOM_IMAGE_XML_DESCRIPTION\",\"group\":\"\"}','','','',0,'0000-00-00 00:00:00',0,0),(212,'mod_related_items','module','mod_related_items','',0,1,1,0,'{\"legacy\":false,\"name\":\"mod_related_items\",\"type\":\"module\",\"creationDate\":\"July 2004\",\"author\":\"Joomla! Project\",\"copyright\":\"Copyright (C) 2005 - 2012 Open Source Matters. All rights reserved.\",\"authorEmail\":\"admin@joomla.org\",\"authorUrl\":\"www.joomla.org\",\"version\":\"2.5.0\",\"description\":\"MOD_RELATED_XML_DESCRIPTION\",\"group\":\"\"}','','','',0,'0000-00-00 00:00:00',0,0),(213,'mod_search','module','mod_search','',0,1,1,0,'{\"legacy\":false,\"name\":\"mod_search\",\"type\":\"module\",\"creationDate\":\"July 2004\",\"author\":\"Joomla! Project\",\"copyright\":\"Copyright (C) 2005 - 2012 Open Source Matters. All rights reserved.\",\"authorEmail\":\"admin@joomla.org\",\"authorUrl\":\"www.joomla.org\",\"version\":\"2.5.0\",\"description\":\"MOD_SEARCH_XML_DESCRIPTION\",\"group\":\"\"}','','','',0,'0000-00-00 00:00:00',0,0),(214,'mod_stats','module','mod_stats','',0,1,1,0,'{\"legacy\":false,\"name\":\"mod_stats\",\"type\":\"module\",\"creationDate\":\"July 2004\",\"author\":\"Joomla! Project\",\"copyright\":\"Copyright (C) 2005 - 2012 Open Source Matters. All rights reserved.\",\"authorEmail\":\"admin@joomla.org\",\"authorUrl\":\"www.joomla.org\",\"version\":\"2.5.0\",\"description\":\"MOD_STATS_XML_DESCRIPTION\",\"group\":\"\"}','','','',0,'0000-00-00 00:00:00',0,0),(215,'mod_syndicate','module','mod_syndicate','',0,1,1,1,'{\"legacy\":false,\"name\":\"mod_syndicate\",\"type\":\"module\",\"creationDate\":\"May 2006\",\"author\":\"Joomla! Project\",\"copyright\":\"Copyright (C) 2005 - 2012 Open Source Matters. All rights reserved.\",\"authorEmail\":\"admin@joomla.org\",\"authorUrl\":\"www.joomla.org\",\"version\":\"2.5.0\",\"description\":\"MOD_SYNDICATE_XML_DESCRIPTION\",\"group\":\"\"}','','','',0,'0000-00-00 00:00:00',0,0),(216,'mod_users_latest','module','mod_users_latest','',0,1,1,1,'{\"legacy\":false,\"name\":\"mod_users_latest\",\"type\":\"module\",\"creationDate\":\"December 2009\",\"author\":\"Joomla! Project\",\"copyright\":\"Copyright (C) 2005 - 2012 Open Source Matters. All rights reserved.\",\"authorEmail\":\"admin@joomla.org\",\"authorUrl\":\"www.joomla.org\",\"version\":\"2.5.0\",\"description\":\"MOD_USERS_LATEST_XML_DESCRIPTION\",\"group\":\"\"}','','','',0,'0000-00-00 00:00:00',0,0),(217,'mod_weblinks','module','mod_weblinks','',0,1,1,0,'{\"legacy\":false,\"name\":\"mod_weblinks\",\"type\":\"module\",\"creationDate\":\"July 2009\",\"author\":\"Joomla! Project\",\"copyright\":\"Copyright (C) 2005 - 2012 Open Source Matters. All rights reserved.\",\"authorEmail\":\"admin@joomla.org\",\"authorUrl\":\"www.joomla.org\",\"version\":\"2.5.0\",\"description\":\"MOD_WEBLINKS_XML_DESCRIPTION\",\"group\":\"\"}','','','',0,'0000-00-00 00:00:00',0,0),(218,'mod_whosonline','module','mod_whosonline','',0,1,1,0,'{\"legacy\":false,\"name\":\"mod_whosonline\",\"type\":\"module\",\"creationDate\":\"July 2004\",\"author\":\"Joomla! Project\",\"copyright\":\"Copyright (C) 2005 - 2012 Open Source Matters. All rights reserved.\",\"authorEmail\":\"admin@joomla.org\",\"authorUrl\":\"www.joomla.org\",\"version\":\"2.5.0\",\"description\":\"MOD_WHOSONLINE_XML_DESCRIPTION\",\"group\":\"\"}','','','',0,'0000-00-00 00:00:00',0,0),(219,'mod_wrapper','module','mod_wrapper','',0,1,1,0,'{\"legacy\":false,\"name\":\"mod_wrapper\",\"type\":\"module\",\"creationDate\":\"October 2004\",\"author\":\"Joomla! Project\",\"copyright\":\"Copyright (C) 2005 - 2012 Open Source Matters. All rights reserved.\",\"authorEmail\":\"admin@joomla.org\",\"authorUrl\":\"www.joomla.org\",\"version\":\"2.5.0\",\"description\":\"MOD_WRAPPER_XML_DESCRIPTION\",\"group\":\"\"}','','','',0,'0000-00-00 00:00:00',0,0),(220,'mod_articles_category','module','mod_articles_category','',0,1,1,1,'{\"legacy\":false,\"name\":\"mod_articles_category\",\"type\":\"module\",\"creationDate\":\"February 2010\",\"author\":\"Joomla! Project\",\"copyright\":\"Copyright (C) 2005 - 2012 Open Source Matters. All rights reserved.\",\"authorEmail\":\"admin@joomla.org\",\"authorUrl\":\"www.joomla.org\",\"version\":\"2.5.0\",\"description\":\"MOD_ARTICLES_CATEGORY_XML_DESCRIPTION\",\"group\":\"\"}','','','',0,'0000-00-00 00:00:00',0,0),(221,'mod_articles_categories','module','mod_articles_categories','',0,1,1,1,'{\"legacy\":false,\"name\":\"mod_articles_categories\",\"type\":\"module\",\"creationDate\":\"February 2010\",\"author\":\"Joomla! Project\",\"copyright\":\"Copyright (C) 2005 - 2012 Open Source Matters. All rights reserved.\",\"authorEmail\":\"admin@joomla.org\",\"authorUrl\":\"www.joomla.org\",\"version\":\"2.5.0\",\"description\":\"MOD_ARTICLES_CATEGORIES_XML_DESCRIPTION\",\"group\":\"\"}','','','',0,'0000-00-00 00:00:00',0,0),(222,'mod_languages','module','mod_languages','',0,1,1,1,'{\"legacy\":false,\"name\":\"mod_languages\",\"type\":\"module\",\"creationDate\":\"February 2010\",\"author\":\"Joomla! Project\",\"copyright\":\"Copyright (C) 2005 - 2012 Open Source Matters. All rights reserved.\",\"authorEmail\":\"admin@joomla.org\",\"authorUrl\":\"www.joomla.org\",\"version\":\"2.5.0\",\"description\":\"MOD_LANGUAGES_XML_DESCRIPTION\",\"group\":\"\"}','','','',0,'0000-00-00 00:00:00',0,0),(223,'mod_finder','module','mod_finder','',0,1,0,0,'{\"legacy\":false,\"name\":\"mod_finder\",\"type\":\"module\",\"creationDate\":\"August 2011\",\"author\":\"Joomla! Project\",\"copyright\":\"(C) 2005 - 2012 Open Source Matters. All rights reserved.\",\"authorEmail\":\"admin@joomla.org\",\"authorUrl\":\"www.joomla.org\",\"version\":\"2.5.0\",\"description\":\"MOD_FINDER_XML_DESCRIPTION\",\"group\":\"\"}','','','',0,'0000-00-00 00:00:00',0,0),(300,'mod_custom','module','mod_custom','',1,1,1,1,'{\"legacy\":false,\"name\":\"mod_custom\",\"type\":\"module\",\"creationDate\":\"July 2004\",\"author\":\"Joomla! Project\",\"copyright\":\"Copyright (C) 2005 - 2012 Open Source Matters. All rights reserved.\",\"authorEmail\":\"admin@joomla.org\",\"authorUrl\":\"www.joomla.org\",\"version\":\"2.5.0\",\"description\":\"MOD_CUSTOM_XML_DESCRIPTION\",\"group\":\"\"}','','','',0,'0000-00-00 00:00:00',0,0),(301,'mod_feed','module','mod_feed','',1,1,1,0,'{\"legacy\":false,\"name\":\"mod_feed\",\"type\":\"module\",\"creationDate\":\"July 2005\",\"author\":\"Joomla! Project\",\"copyright\":\"Copyright (C) 2005 - 2012 Open Source Matters. All rights reserved.\",\"authorEmail\":\"admin@joomla.org\",\"authorUrl\":\"www.joomla.org\",\"version\":\"2.5.0\",\"description\":\"MOD_FEED_XML_DESCRIPTION\",\"group\":\"\"}','','','',0,'0000-00-00 00:00:00',0,0),(302,'mod_latest','module','mod_latest','',1,1,1,0,'{\"legacy\":false,\"name\":\"mod_latest\",\"type\":\"module\",\"creationDate\":\"July 2004\",\"author\":\"Joomla! Project\",\"copyright\":\"Copyright (C) 2005 - 2012 Open Source Matters. All rights reserved.\",\"authorEmail\":\"admin@joomla.org\",\"authorUrl\":\"www.joomla.org\",\"version\":\"2.5.0\",\"description\":\"MOD_LATEST_XML_DESCRIPTION\",\"group\":\"\"}','','','',0,'0000-00-00 00:00:00',0,0),(303,'mod_logged','module','mod_logged','',1,1,1,0,'{\"legacy\":false,\"name\":\"mod_logged\",\"type\":\"module\",\"creationDate\":\"January 2005\",\"author\":\"Joomla! Project\",\"copyright\":\"Copyright (C) 2005 - 2012 Open Source Matters. All rights reserved.\",\"authorEmail\":\"admin@joomla.org\",\"authorUrl\":\"www.joomla.org\",\"version\":\"2.5.0\",\"description\":\"MOD_LOGGED_XML_DESCRIPTION\",\"group\":\"\"}','','','',0,'0000-00-00 00:00:00',0,0),(304,'mod_login','module','mod_login','',1,1,1,1,'{\"legacy\":false,\"name\":\"mod_login\",\"type\":\"module\",\"creationDate\":\"March 2005\",\"author\":\"Joomla! Project\",\"copyright\":\"Copyright (C) 2005 - 2012 Open Source Matters. All rights reserved.\",\"authorEmail\":\"admin@joomla.org\",\"authorUrl\":\"www.joomla.org\",\"version\":\"2.5.0\",\"description\":\"MOD_LOGIN_XML_DESCRIPTION\",\"group\":\"\"}','','','',0,'0000-00-00 00:00:00',0,0),(305,'mod_menu','module','mod_menu','',1,1,1,0,'{\"legacy\":false,\"name\":\"mod_menu\",\"type\":\"module\",\"creationDate\":\"March 2006\",\"author\":\"Joomla! Project\",\"copyright\":\"Copyright (C) 2005 - 2012 Open Source Matters. All rights reserved.\",\"authorEmail\":\"admin@joomla.org\",\"authorUrl\":\"www.joomla.org\",\"version\":\"2.5.0\",\"description\":\"MOD_MENU_XML_DESCRIPTION\",\"group\":\"\"}','','','',0,'0000-00-00 00:00:00',0,0),(307,'mod_popular','module','mod_popular','',1,1,1,0,'{\"legacy\":false,\"name\":\"mod_popular\",\"type\":\"module\",\"creationDate\":\"July 2004\",\"author\":\"Joomla! Project\",\"copyright\":\"Copyright (C) 2005 - 2012 Open Source Matters. All rights reserved.\",\"authorEmail\":\"admin@joomla.org\",\"authorUrl\":\"www.joomla.org\",\"version\":\"2.5.0\",\"description\":\"MOD_POPULAR_XML_DESCRIPTION\",\"group\":\"\"}','','','',0,'0000-00-00 00:00:00',0,0),(308,'mod_quickicon','module','mod_quickicon','',1,1,1,1,'{\"legacy\":false,\"name\":\"mod_quickicon\",\"type\":\"module\",\"creationDate\":\"Nov 2005\",\"author\":\"Joomla! Project\",\"copyright\":\"Copyright (C) 2005 - 2012 Open Source Matters. All rights reserved.\",\"authorEmail\":\"admin@joomla.org\",\"authorUrl\":\"www.joomla.org\",\"version\":\"2.5.0\",\"description\":\"MOD_QUICKICON_XML_DESCRIPTION\",\"group\":\"\"}','','','',0,'0000-00-00 00:00:00',0,0),(309,'mod_status','module','mod_status','',1,1,1,0,'{\"legacy\":false,\"name\":\"mod_status\",\"type\":\"module\",\"creationDate\":\"Feb 2006\",\"author\":\"Joomla! Project\",\"copyright\":\"(C) 2005 - 2012 Open Source Matters. All rights reserved.\",\"authorEmail\":\"admin@joomla.org\",\"authorUrl\":\"www.joomla.org\",\"version\":\"2.5.0\",\"description\":\"MOD_STATUS_XML_DESCRIPTION\",\"group\":\"\"}','','','',0,'0000-00-00 00:00:00',0,0),(310,'mod_submenu','module','mod_submenu','',1,1,1,0,'{\"legacy\":false,\"name\":\"mod_submenu\",\"type\":\"module\",\"creationDate\":\"Feb 2006\",\"author\":\"Joomla! Project\",\"copyright\":\"Copyright (C) 2005 - 2012 Open Source Matters. All rights reserved.\",\"authorEmail\":\"admin@joomla.org\",\"authorUrl\":\"www.joomla.org\",\"version\":\"2.5.0\",\"description\":\"MOD_SUBMENU_XML_DESCRIPTION\",\"group\":\"\"}','','','',0,'0000-00-00 00:00:00',0,0),(311,'mod_title','module','mod_title','',1,1,1,0,'{\"legacy\":false,\"name\":\"mod_title\",\"type\":\"module\",\"creationDate\":\"Nov 2005\",\"author\":\"Joomla! Project\",\"copyright\":\"Copyright (C) 2005 - 2012 Open Source Matters. All rights reserved.\",\"authorEmail\":\"admin@joomla.org\",\"authorUrl\":\"www.joomla.org\",\"version\":\"2.5.0\",\"description\":\"MOD_TITLE_XML_DESCRIPTION\",\"group\":\"\"}','','','',0,'0000-00-00 00:00:00',0,0),(312,'mod_toolbar','module','mod_toolbar','',1,1,1,1,'{\"legacy\":false,\"name\":\"mod_toolbar\",\"type\":\"module\",\"creationDate\":\"Nov 2005\",\"author\":\"Joomla! Project\",\"copyright\":\"Copyright (C) 2005 - 2012 Open Source Matters. All rights reserved.\",\"authorEmail\":\"admin@joomla.org\",\"authorUrl\":\"www.joomla.org\",\"version\":\"2.5.0\",\"description\":\"MOD_TOOLBAR_XML_DESCRIPTION\",\"group\":\"\"}','','','',0,'0000-00-00 00:00:00',0,0),(313,'mod_multilangstatus','module','mod_multilangstatus','',1,1,1,0,'{\"legacy\":false,\"name\":\"mod_multilangstatus\",\"type\":\"module\",\"creationDate\":\"September 2011\",\"author\":\"Joomla! Project\",\"copyright\":\"Copyright (C) 2005 - 2012 Open Source Matters. All rights reserved.\",\"authorEmail\":\"admin@joomla.org\",\"authorUrl\":\"www.joomla.org\",\"version\":\"2.5.0\",\"description\":\"MOD_MULTILANGSTATUS_XML_DESCRIPTION\",\"group\":\"\"}','{\"cache\":\"0\"}','','',0,'0000-00-00 00:00:00',0,0),(314,'mod_version','module','mod_version','',1,1,1,0,'{\"legacy\":false,\"name\":\"mod_version\",\"type\":\"module\",\"creationDate\":\"January 2012\",\"author\":\"Joomla! Project\",\"copyright\":\"Copyright (C) 2005 - 2012 Open Source Matters. All rights reserved.\",\"authorEmail\":\"admin@joomla.org\",\"authorUrl\":\"www.joomla.org\",\"version\":\"2.5.0\",\"description\":\"MOD_VERSION_XML_DESCRIPTION\",\"group\":\"\"}','{\"format\":\"short\",\"product\":\"1\",\"cache\":\"0\"}','','',0,'0000-00-00 00:00:00',0,0),(400,'plg_authentication_gmail','plugin','gmail','authentication',0,0,1,0,'{\"legacy\":false,\"name\":\"plg_authentication_gmail\",\"type\":\"plugin\",\"creationDate\":\"February 2006\",\"author\":\"Joomla! Project\",\"copyright\":\"Copyright (C) 2005 - 2012 Open Source Matters. All rights reserved.\",\"authorEmail\":\"admin@joomla.org\",\"authorUrl\":\"www.joomla.org\",\"version\":\"2.5.0\",\"description\":\"PLG_GMAIL_XML_DESCRIPTION\",\"group\":\"\"}','{\"applysuffix\":\"0\",\"suffix\":\"\",\"verifypeer\":\"1\",\"user_blacklist\":\"\"}','','',0,'0000-00-00 00:00:00',1,0),(401,'plg_authentication_joomla','plugin','joomla','authentication',0,1,1,1,'{\"legacy\":false,\"name\":\"plg_authentication_joomla\",\"type\":\"plugin\",\"creationDate\":\"November 2005\",\"author\":\"Joomla! Project\",\"copyright\":\"Copyright (C) 2005 - 2012 Open Source Matters. All rights reserved.\",\"authorEmail\":\"admin@joomla.org\",\"authorUrl\":\"www.joomla.org\",\"version\":\"2.5.0\",\"description\":\"PLG_AUTH_JOOMLA_XML_DESCRIPTION\",\"group\":\"\"}','{}','','',0,'0000-00-00 00:00:00',0,0),(402,'plg_authentication_ldap','plugin','ldap','authentication',0,0,1,0,'{\"legacy\":false,\"name\":\"plg_authentication_ldap\",\"type\":\"plugin\",\"creationDate\":\"November 2005\",\"author\":\"Joomla! Project\",\"copyright\":\"Copyright (C) 2005 - 2012 Open Source Matters. All rights reserved.\",\"authorEmail\":\"admin@joomla.org\",\"authorUrl\":\"www.joomla.org\",\"version\":\"2.5.0\",\"description\":\"PLG_LDAP_XML_DESCRIPTION\",\"group\":\"\"}','{\"host\":\"\",\"port\":\"389\",\"use_ldapV3\":\"0\",\"negotiate_tls\":\"0\",\"no_referrals\":\"0\",\"auth_method\":\"bind\",\"base_dn\":\"\",\"search_string\":\"\",\"users_dn\":\"\",\"username\":\"admin\",\"password\":\"bobby7\",\"ldap_fullname\":\"fullName\",\"ldap_email\":\"mail\",\"ldap_uid\":\"uid\"}','','',0,'0000-00-00 00:00:00',3,0),(404,'plg_content_emailcloak','plugin','emailcloak','content',0,1,1,0,'{\"legacy\":false,\"name\":\"plg_content_emailcloak\",\"type\":\"plugin\",\"creationDate\":\"November 2005\",\"author\":\"Joomla! Project\",\"copyright\":\"Copyright (C) 2005 - 2012 Open Source Matters. All rights reserved.\",\"authorEmail\":\"admin@joomla.org\",\"authorUrl\":\"www.joomla.org\",\"version\":\"2.5.0\",\"description\":\"PLG_CONTENT_EMAILCLOAK_XML_DESCRIPTION\",\"group\":\"\"}','{\"mode\":\"1\"}','','',0,'0000-00-00 00:00:00',1,0),(405,'plg_content_geshi','plugin','geshi','content',0,0,1,0,'{\"legacy\":false,\"name\":\"plg_content_geshi\",\"type\":\"plugin\",\"creationDate\":\"November 2005\",\"author\":\"Joomla! Project\",\"copyright\":\"Copyright (C) 2005 - 2012 Open Source Matters. All rights reserved.\",\"authorEmail\":\"\",\"authorUrl\":\"qbnz.com\\/highlighter\",\"version\":\"2.5.0\",\"description\":\"PLG_CONTENT_GESHI_XML_DESCRIPTION\",\"group\":\"\"}','{}','','',0,'0000-00-00 00:00:00',2,0),(406,'plg_content_loadmodule','plugin','loadmodule','content',0,1,1,0,'{\"legacy\":false,\"name\":\"plg_content_loadmodule\",\"type\":\"plugin\",\"creationDate\":\"November 2005\",\"author\":\"Joomla! Project\",\"copyright\":\"Copyright (C) 2005 - 2012 Open Source Matters. All rights reserved.\",\"authorEmail\":\"admin@joomla.org\",\"authorUrl\":\"www.joomla.org\",\"version\":\"2.5.0\",\"description\":\"PLG_LOADMODULE_XML_DESCRIPTION\",\"group\":\"\"}','{\"style\":\"xhtml\"}','','',0,'2011-09-18 15:22:50',0,0),(407,'plg_content_pagebreak','plugin','pagebreak','content',0,1,1,1,'{\"legacy\":false,\"name\":\"plg_content_pagebreak\",\"type\":\"plugin\",\"creationDate\":\"November 2005\",\"author\":\"Joomla! Project\",\"copyright\":\"Copyright (C) 2005 - 2012 Open Source Matters. All rights reserved.\",\"authorEmail\":\"admin@joomla.org\",\"authorUrl\":\"www.joomla.org\",\"version\":\"2.5.0\",\"description\":\"PLG_CONTENT_PAGEBREAK_XML_DESCRIPTION\",\"group\":\"\"}','{\"title\":\"1\",\"multipage_toc\":\"1\",\"showall\":\"1\"}','','',0,'0000-00-00 00:00:00',4,0),(408,'plg_content_pagenavigation','plugin','pagenavigation','content',0,1,1,1,'{\"legacy\":false,\"name\":\"plg_content_pagenavigation\",\"type\":\"plugin\",\"creationDate\":\"January 2006\",\"author\":\"Joomla! Project\",\"copyright\":\"Copyright (C) 2005 - 2012 Open Source Matters. All rights reserved.\",\"authorEmail\":\"admin@joomla.org\",\"authorUrl\":\"www.joomla.org\",\"version\":\"2.5.0\",\"description\":\"PLG_PAGENAVIGATION_XML_DESCRIPTION\",\"group\":\"\"}','{\"position\":\"1\"}','','',0,'0000-00-00 00:00:00',5,0),(409,'plg_content_vote','plugin','vote','content',0,1,1,1,'{\"legacy\":false,\"name\":\"plg_content_vote\",\"type\":\"plugin\",\"creationDate\":\"November 2005\",\"author\":\"Joomla! Project\",\"copyright\":\"Copyright (C) 2005 - 2012 Open Source Matters. All rights reserved.\",\"authorEmail\":\"admin@joomla.org\",\"authorUrl\":\"www.joomla.org\",\"version\":\"2.5.0\",\"description\":\"PLG_VOTE_XML_DESCRIPTION\",\"group\":\"\"}','{}','','',0,'0000-00-00 00:00:00',6,0),(410,'plg_editors_codemirror','plugin','codemirror','editors',0,1,1,1,'{\"legacy\":false,\"name\":\"plg_editors_codemirror\",\"type\":\"plugin\",\"creationDate\":\"28 March 2011\",\"author\":\"Marijn Haverbeke\",\"copyright\":\"\",\"authorEmail\":\"N\\/A\",\"authorUrl\":\"\",\"version\":\"1.0\",\"description\":\"PLG_CODEMIRROR_XML_DESCRIPTION\",\"group\":\"\"}','{\"linenumbers\":\"0\",\"tabmode\":\"indent\"}','','',0,'0000-00-00 00:00:00',1,0),(411,'plg_editors_none','plugin','none','editors',0,1,1,1,'{\"legacy\":false,\"name\":\"plg_editors_none\",\"type\":\"plugin\",\"creationDate\":\"August 2004\",\"author\":\"Unknown\",\"copyright\":\"\",\"authorEmail\":\"N\\/A\",\"authorUrl\":\"\",\"version\":\"2.5.0\",\"description\":\"PLG_NONE_XML_DESCRIPTION\",\"group\":\"\"}','{}','','',0,'0000-00-00 00:00:00',2,0),(412,'plg_editors_tinymce','plugin','tinymce','editors',0,1,1,1,'{\"legacy\":false,\"name\":\"plg_editors_tinymce\",\"type\":\"plugin\",\"creationDate\":\"2005-2012\",\"author\":\"Moxiecode Systems AB\",\"copyright\":\"Moxiecode Systems AB\",\"authorEmail\":\"N\\/A\",\"authorUrl\":\"tinymce.moxiecode.com\\/\",\"version\":\"3.5.4.1\",\"description\":\"PLG_TINY_XML_DESCRIPTION\",\"group\":\"\"}','{\"mode\":\"2\",\"skin\":\"0\",\"entity_encoding\":\"raw\",\"lang_mode\":\"0\",\"lang_code\":\"en\",\"text_direction\":\"ltr\",\"content_css\":\"1\",\"content_css_custom\":\"\",\"relative_urls\":\"1\",\"newlines\":\"0\",\"invalid_elements\":\"script,applet,iframe\",\"extended_elements\":\"\",\"toolbar\":\"top\",\"toolbar_align\":\"left\",\"html_height\":\"550\",\"html_width\":\"750\",\"resizing\":\"true\",\"resize_horizontal\":\"false\",\"element_path\":\"1\",\"fonts\":\"1\",\"paste\":\"1\",\"searchreplace\":\"1\",\"insertdate\":\"1\",\"format_date\":\"%Y-%m-%d\",\"inserttime\":\"1\",\"format_time\":\"%H:%M:%S\",\"colors\":\"1\",\"table\":\"1\",\"smilies\":\"1\",\"media\":\"1\",\"hr\":\"1\",\"directionality\":\"1\",\"fullscreen\":\"1\",\"style\":\"1\",\"layer\":\"1\",\"xhtmlxtras\":\"1\",\"visualchars\":\"1\",\"visualblocks\":\"1\",\"nonbreaking\":\"1\",\"template\":\"1\",\"blockquote\":\"1\",\"wordcount\":\"1\",\"advimage\":\"1\",\"advlink\":\"1\",\"advlist\":\"1\",\"autosave\":\"1\",\"contextmenu\":\"1\",\"inlinepopups\":\"1\",\"custom_plugin\":\"\",\"custom_button\":\"\"}','','',0,'0000-00-00 00:00:00',3,0),(413,'plg_editors-xtd_article','plugin','article','editors-xtd',0,1,1,1,'{\"legacy\":false,\"name\":\"plg_editors-xtd_article\",\"type\":\"plugin\",\"creationDate\":\"October 2009\",\"author\":\"Joomla! Project\",\"copyright\":\"Copyright (C) 2005 - 2012 Open Source Matters. All rights reserved.\",\"authorEmail\":\"admin@joomla.org\",\"authorUrl\":\"www.joomla.org\",\"version\":\"2.5.0\",\"description\":\"PLG_ARTICLE_XML_DESCRIPTION\",\"group\":\"\"}','{}','','',0,'0000-00-00 00:00:00',1,0),(414,'plg_editors-xtd_image','plugin','image','editors-xtd',0,1,1,0,'{\"legacy\":false,\"name\":\"plg_editors-xtd_image\",\"type\":\"plugin\",\"creationDate\":\"August 2004\",\"author\":\"Joomla! Project\",\"copyright\":\"Copyright (C) 2005 - 2012 Open Source Matters. All rights reserved.\",\"authorEmail\":\"admin@joomla.org\",\"authorUrl\":\"www.joomla.org\",\"version\":\"2.5.0\",\"description\":\"PLG_IMAGE_XML_DESCRIPTION\",\"group\":\"\"}','{}','','',0,'0000-00-00 00:00:00',2,0),(415,'plg_editors-xtd_pagebreak','plugin','pagebreak','editors-xtd',0,1,1,0,'{\"legacy\":false,\"name\":\"plg_editors-xtd_pagebreak\",\"type\":\"plugin\",\"creationDate\":\"August 2004\",\"author\":\"Joomla! Project\",\"copyright\":\"Copyright (C) 2005 - 2012 Open Source Matters. All rights reserved.\",\"authorEmail\":\"admin@joomla.org\",\"authorUrl\":\"www.joomla.org\",\"version\":\"2.5.0\",\"description\":\"PLG_EDITORSXTD_PAGEBREAK_XML_DESCRIPTION\",\"group\":\"\"}','{}','','',0,'0000-00-00 00:00:00',3,0),(416,'plg_editors-xtd_readmore','plugin','readmore','editors-xtd',0,1,1,0,'{\"legacy\":false,\"name\":\"plg_editors-xtd_readmore\",\"type\":\"plugin\",\"creationDate\":\"March 2006\",\"author\":\"Joomla! Project\",\"copyright\":\"Copyright (C) 2005 - 2012 Open Source Matters. All rights reserved.\",\"authorEmail\":\"admin@joomla.org\",\"authorUrl\":\"www.joomla.org\",\"version\":\"2.5.0\",\"description\":\"PLG_READMORE_XML_DESCRIPTION\",\"group\":\"\"}','{}','','',0,'0000-00-00 00:00:00',4,0),(417,'plg_search_categories','plugin','categories','search',0,1,1,0,'{\"legacy\":false,\"name\":\"plg_search_categories\",\"type\":\"plugin\",\"creationDate\":\"November 2005\",\"author\":\"Joomla! Project\",\"copyright\":\"Copyright (C) 2005 - 2012 Open Source Matters. All rights reserved.\",\"authorEmail\":\"admin@joomla.org\",\"authorUrl\":\"www.joomla.org\",\"version\":\"2.5.0\",\"description\":\"PLG_SEARCH_CATEGORIES_XML_DESCRIPTION\",\"group\":\"\"}','{\"search_limit\":\"50\",\"search_content\":\"1\",\"search_archived\":\"1\"}','','',0,'0000-00-00 00:00:00',0,0),(418,'plg_search_contacts','plugin','contacts','search',0,1,1,0,'{\"legacy\":false,\"name\":\"plg_search_contacts\",\"type\":\"plugin\",\"creationDate\":\"November 2005\",\"author\":\"Joomla! Project\",\"copyright\":\"Copyright (C) 2005 - 2012 Open Source Matters. All rights reserved.\",\"authorEmail\":\"admin@joomla.org\",\"authorUrl\":\"www.joomla.org\",\"version\":\"2.5.0\",\"description\":\"PLG_SEARCH_CONTACTS_XML_DESCRIPTION\",\"group\":\"\"}','{\"search_limit\":\"50\",\"search_content\":\"1\",\"search_archived\":\"1\"}','','',0,'0000-00-00 00:00:00',0,0),(419,'plg_search_content','plugin','content','search',0,1,1,0,'{\"legacy\":false,\"name\":\"plg_search_content\",\"type\":\"plugin\",\"creationDate\":\"November 2005\",\"author\":\"Joomla! Project\",\"copyright\":\"Copyright (C) 2005 - 2012 Open Source Matters. All rights reserved.\",\"authorEmail\":\"admin@joomla.org\",\"authorUrl\":\"www.joomla.org\",\"version\":\"2.5.0\",\"description\":\"PLG_SEARCH_CONTENT_XML_DESCRIPTION\",\"group\":\"\"}','{\"search_limit\":\"50\",\"search_content\":\"1\",\"search_archived\":\"1\"}','','',0,'0000-00-00 00:00:00',0,0),(420,'plg_search_newsfeeds','plugin','newsfeeds','search',0,1,1,0,'{\"legacy\":false,\"name\":\"plg_search_newsfeeds\",\"type\":\"plugin\",\"creationDate\":\"November 2005\",\"author\":\"Joomla! Project\",\"copyright\":\"Copyright (C) 2005 - 2012 Open Source Matters. All rights reserved.\",\"authorEmail\":\"admin@joomla.org\",\"authorUrl\":\"www.joomla.org\",\"version\":\"2.5.0\",\"description\":\"PLG_SEARCH_NEWSFEEDS_XML_DESCRIPTION\",\"group\":\"\"}','{\"search_limit\":\"50\",\"search_content\":\"1\",\"search_archived\":\"1\"}','','',0,'0000-00-00 00:00:00',0,0),(421,'plg_search_weblinks','plugin','weblinks','search',0,1,1,0,'{\"legacy\":false,\"name\":\"plg_search_weblinks\",\"type\":\"plugin\",\"creationDate\":\"November 2005\",\"author\":\"Joomla! Project\",\"copyright\":\"Copyright (C) 2005 - 2012 Open Source Matters. All rights reserved.\",\"authorEmail\":\"admin@joomla.org\",\"authorUrl\":\"www.joomla.org\",\"version\":\"2.5.0\",\"description\":\"PLG_SEARCH_WEBLINKS_XML_DESCRIPTION\",\"group\":\"\"}','{\"search_limit\":\"50\",\"search_content\":\"1\",\"search_archived\":\"1\"}','','',0,'0000-00-00 00:00:00',0,0),(422,'plg_system_languagefilter','plugin','languagefilter','system',0,0,1,1,'{\"legacy\":false,\"name\":\"plg_system_languagefilter\",\"type\":\"plugin\",\"creationDate\":\"July 2010\",\"author\":\"Joomla! Project\",\"copyright\":\"Copyright (C) 2005 - 2012 Open Source Matters. All rights reserved.\",\"authorEmail\":\"admin@joomla.org\",\"authorUrl\":\"www.joomla.org\",\"version\":\"2.5.0\",\"description\":\"PLG_SYSTEM_LANGUAGEFILTER_XML_DESCRIPTION\",\"group\":\"\"}','{}','','',0,'0000-00-00 00:00:00',1,0),(423,'plg_system_p3p','plugin','p3p','system',0,1,1,1,'{\"legacy\":false,\"name\":\"plg_system_p3p\",\"type\":\"plugin\",\"creationDate\":\"September 2010\",\"author\":\"Joomla! Project\",\"copyright\":\"Copyright (C) 2005 - 2012 Open Source Matters. All rights reserved.\",\"authorEmail\":\"admin@joomla.org\",\"authorUrl\":\"www.joomla.org\",\"version\":\"2.5.0\",\"description\":\"PLG_P3P_XML_DESCRIPTION\",\"group\":\"\"}','{\"headers\":\"NOI ADM DEV PSAi COM NAV OUR OTRo STP IND DEM\"}','','',0,'0000-00-00 00:00:00',2,0),(424,'plg_system_cache','plugin','cache','system',0,0,1,1,'{\"legacy\":false,\"name\":\"plg_system_cache\",\"type\":\"plugin\",\"creationDate\":\"February 2007\",\"author\":\"Joomla! Project\",\"copyright\":\"Copyright (C) 2005 - 2012 Open Source Matters. All rights reserved.\",\"authorEmail\":\"admin@joomla.org\",\"authorUrl\":\"www.joomla.org\",\"version\":\"2.5.0\",\"description\":\"PLG_CACHE_XML_DESCRIPTION\",\"group\":\"\"}','{\"browsercache\":\"0\",\"cachetime\":\"15\"}','','',0,'0000-00-00 00:00:00',9,0),(425,'plg_system_debug','plugin','debug','system',0,1,1,0,'{\"legacy\":false,\"name\":\"plg_system_debug\",\"type\":\"plugin\",\"creationDate\":\"December 2006\",\"author\":\"Joomla! Project\",\"copyright\":\"Copyright (C) 2005 - 2012 Open Source Matters. All rights reserved.\",\"authorEmail\":\"admin@joomla.org\",\"authorUrl\":\"www.joomla.org\",\"version\":\"2.5.0\",\"description\":\"PLG_DEBUG_XML_DESCRIPTION\",\"group\":\"\"}','{\"profile\":\"1\",\"queries\":\"1\",\"memory\":\"1\",\"language_files\":\"1\",\"language_strings\":\"1\",\"strip-first\":\"1\",\"strip-prefix\":\"\",\"strip-suffix\":\"\"}','','',0,'0000-00-00 00:00:00',4,0),(426,'plg_system_log','plugin','log','system',0,1,1,1,'{\"legacy\":false,\"name\":\"plg_system_log\",\"type\":\"plugin\",\"creationDate\":\"April 2007\",\"author\":\"Joomla! Project\",\"copyright\":\"Copyright (C) 2005 - 2012 Open Source Matters. All rights reserved.\",\"authorEmail\":\"admin@joomla.org\",\"authorUrl\":\"www.joomla.org\",\"version\":\"2.5.0\",\"description\":\"PLG_LOG_XML_DESCRIPTION\",\"group\":\"\"}','{}','','',0,'0000-00-00 00:00:00',5,0),(427,'plg_system_redirect','plugin','redirect','system',0,1,1,1,'{\"legacy\":false,\"name\":\"plg_system_redirect\",\"type\":\"plugin\",\"creationDate\":\"April 2009\",\"author\":\"Joomla! Project\",\"copyright\":\"Copyright (C) 2005 - 2012 Open Source Matters. All rights reserved.\",\"authorEmail\":\"admin@joomla.org\",\"authorUrl\":\"www.joomla.org\",\"version\":\"2.5.0\",\"description\":\"PLG_REDIRECT_XML_DESCRIPTION\",\"group\":\"\"}','{}','','',0,'0000-00-00 00:00:00',6,0),(428,'plg_system_remember','plugin','remember','system',0,1,1,1,'{\"legacy\":false,\"name\":\"plg_system_remember\",\"type\":\"plugin\",\"creationDate\":\"April 2007\",\"author\":\"Joomla! Project\",\"copyright\":\"Copyright (C) 2005 - 2012 Open Source Matters. All rights reserved.\",\"authorEmail\":\"admin@joomla.org\",\"authorUrl\":\"www.joomla.org\",\"version\":\"2.5.0\",\"description\":\"PLG_REMEMBER_XML_DESCRIPTION\",\"group\":\"\"}','{}','','',0,'0000-00-00 00:00:00',7,0),(429,'plg_system_sef','plugin','sef','system',0,1,1,0,'{\"legacy\":false,\"name\":\"plg_system_sef\",\"type\":\"plugin\",\"creationDate\":\"December 2007\",\"author\":\"Joomla! Project\",\"copyright\":\"Copyright (C) 2005 - 2012 Open Source Matters. All rights reserved.\",\"authorEmail\":\"admin@joomla.org\",\"authorUrl\":\"www.joomla.org\",\"version\":\"2.5.0\",\"description\":\"PLG_SEF_XML_DESCRIPTION\",\"group\":\"\"}','{}','','',0,'0000-00-00 00:00:00',8,0),(430,'plg_system_logout','plugin','logout','system',0,1,1,1,'{\"legacy\":false,\"name\":\"plg_system_logout\",\"type\":\"plugin\",\"creationDate\":\"April 2009\",\"author\":\"Joomla! Project\",\"copyright\":\"Copyright (C) 2005 - 2012 Open Source Matters. All rights reserved.\",\"authorEmail\":\"admin@joomla.org\",\"authorUrl\":\"www.joomla.org\",\"version\":\"2.5.0\",\"description\":\"PLG_SYSTEM_LOGOUT_XML_DESCRIPTION\",\"group\":\"\"}','{}','','',0,'0000-00-00 00:00:00',3,0),(431,'plg_user_contactcreator','plugin','contactcreator','user',0,0,1,1,'{\"legacy\":false,\"name\":\"plg_user_contactcreator\",\"type\":\"plugin\",\"creationDate\":\"August 2009\",\"author\":\"Joomla! Project\",\"copyright\":\"(C) 2005 - 2012 Open Source Matters. All rights reserved.\",\"authorEmail\":\"admin@joomla.org\",\"authorUrl\":\"www.joomla.org\",\"version\":\"2.5.0\",\"description\":\"PLG_CONTACTCREATOR_XML_DESCRIPTION\",\"group\":\"\"}','{\"autowebpage\":\"\",\"category\":\"34\",\"autopublish\":\"0\"}','','',0,'0000-00-00 00:00:00',1,0),(432,'plg_user_joomla','plugin','joomla','user',0,1,1,0,'{\"legacy\":false,\"name\":\"plg_user_joomla\",\"type\":\"plugin\",\"creationDate\":\"December 2006\",\"author\":\"Joomla! Project\",\"copyright\":\"(C) 2005 - 2009 Open Source Matters. All rights reserved.\",\"authorEmail\":\"admin@joomla.org\",\"authorUrl\":\"www.joomla.org\",\"version\":\"2.5.0\",\"description\":\"PLG_USER_JOOMLA_XML_DESCRIPTION\",\"group\":\"\"}','{\"autoregister\":\"1\"}','','',0,'0000-00-00 00:00:00',2,0),(433,'plg_user_profile','plugin','profile','user',0,0,1,1,'{\"legacy\":false,\"name\":\"plg_user_profile\",\"type\":\"plugin\",\"creationDate\":\"January 2008\",\"author\":\"Joomla! Project\",\"copyright\":\"(C) 2005 - 2012 Open Source Matters. All rights reserved.\",\"authorEmail\":\"admin@joomla.org\",\"authorUrl\":\"www.joomla.org\",\"version\":\"2.5.0\",\"description\":\"PLG_USER_PROFILE_XML_DESCRIPTION\",\"group\":\"\"}','{\"register-require_address1\":\"1\",\"register-require_address2\":\"1\",\"register-require_city\":\"1\",\"register-require_region\":\"1\",\"register-require_country\":\"1\",\"register-require_postal_code\":\"1\",\"register-require_phone\":\"1\",\"register-require_website\":\"1\",\"register-require_favoritebook\":\"1\",\"register-require_aboutme\":\"1\",\"register-require_tos\":\"1\",\"register-require_dob\":\"1\",\"profile-require_address1\":\"1\",\"profile-require_address2\":\"1\",\"profile-require_city\":\"1\",\"profile-require_region\":\"1\",\"profile-require_country\":\"1\",\"profile-require_postal_code\":\"1\",\"profile-require_phone\":\"1\",\"profile-require_website\":\"1\",\"profile-require_favoritebook\":\"1\",\"profile-require_aboutme\":\"1\",\"profile-require_tos\":\"1\",\"profile-require_dob\":\"1\"}','','',0,'0000-00-00 00:00:00',0,0),(434,'plg_extension_joomla','plugin','joomla','extension',0,1,1,1,'{\"legacy\":false,\"name\":\"plg_extension_joomla\",\"type\":\"plugin\",\"creationDate\":\"May 2010\",\"author\":\"Joomla! Project\",\"copyright\":\"Copyright (C) 2005 - 2012 Open Source Matters. All rights reserved.\",\"authorEmail\":\"admin@joomla.org\",\"authorUrl\":\"www.joomla.org\",\"version\":\"2.5.0\",\"description\":\"PLG_EXTENSION_JOOMLA_XML_DESCRIPTION\",\"group\":\"\"}','{}','','',0,'0000-00-00 00:00:00',1,0),(435,'plg_content_joomla','plugin','joomla','content',0,1,1,0,'{\"legacy\":false,\"name\":\"plg_content_joomla\",\"type\":\"plugin\",\"creationDate\":\"November 2010\",\"author\":\"Joomla! Project\",\"copyright\":\"Copyright (C) 2005 - 2012 Open Source Matters. All rights reserved.\",\"authorEmail\":\"admin@joomla.org\",\"authorUrl\":\"www.joomla.org\",\"version\":\"2.5.0\",\"description\":\"PLG_CONTENT_JOOMLA_XML_DESCRIPTION\",\"group\":\"\"}','{}','','',0,'0000-00-00 00:00:00',0,0),(436,'plg_system_languagecode','plugin','languagecode','system',0,0,1,0,'{\"legacy\":false,\"name\":\"plg_system_languagecode\",\"type\":\"plugin\",\"creationDate\":\"November 2011\",\"author\":\"Joomla! Project\",\"copyright\":\"Copyright (C) 2005 - 2012 Open Source Matters. All rights reserved.\",\"authorEmail\":\"admin@joomla.org\",\"authorUrl\":\"www.joomla.org\",\"version\":\"2.5.0\",\"description\":\"PLG_SYSTEM_LANGUAGECODE_XML_DESCRIPTION\",\"group\":\"\"}','{}','','',0,'0000-00-00 00:00:00',10,0),(437,'plg_quickicon_joomlaupdate','plugin','joomlaupdate','quickicon',0,1,1,1,'{\"legacy\":false,\"name\":\"plg_quickicon_joomlaupdate\",\"type\":\"plugin\",\"creationDate\":\"August 2011\",\"author\":\"Joomla! Project\",\"copyright\":\"Copyright (C) 2005 - 2012 Open Source Matters. All rights reserved.\",\"authorEmail\":\"admin@joomla.org\",\"authorUrl\":\"www.joomla.org\",\"version\":\"2.5.0\",\"description\":\"PLG_QUICKICON_JOOMLAUPDATE_XML_DESCRIPTION\",\"group\":\"\"}','{}','','',0,'0000-00-00 00:00:00',0,0),(438,'plg_quickicon_extensionupdate','plugin','extensionupdate','quickicon',0,1,1,1,'{\"legacy\":false,\"name\":\"plg_quickicon_extensionupdate\",\"type\":\"plugin\",\"creationDate\":\"August 2011\",\"author\":\"Joomla! Project\",\"copyright\":\"Copyright (C) 2005 - 2012 Open Source Matters. All rights reserved.\",\"authorEmail\":\"admin@joomla.org\",\"authorUrl\":\"www.joomla.org\",\"version\":\"2.5.0\",\"description\":\"PLG_QUICKICON_EXTENSIONUPDATE_XML_DESCRIPTION\",\"group\":\"\"}','{}','','',0,'0000-00-00 00:00:00',0,0),(439,'plg_captcha_recaptcha','plugin','recaptcha','captcha',0,1,1,0,'{\"legacy\":false,\"name\":\"plg_captcha_recaptcha\",\"type\":\"plugin\",\"creationDate\":\"December 2011\",\"author\":\"Joomla! Project\",\"copyright\":\"Copyright (C) 2005 - 2012 Open Source Matters. All rights reserved.\",\"authorEmail\":\"admin@joomla.org\",\"authorUrl\":\"www.joomla.org\",\"version\":\"2.5.0\",\"description\":\"PLG_CAPTCHA_RECAPTCHA_XML_DESCRIPTION\",\"group\":\"\"}','{\"public_key\":\"\",\"private_key\":\"\",\"theme\":\"clean\"}','','',0,'0000-00-00 00:00:00',0,0),(440,'plg_system_highlight','plugin','highlight','system',0,1,1,0,'{\"legacy\":false,\"name\":\"plg_system_highlight\",\"type\":\"plugin\",\"creationDate\":\"August 2011\",\"author\":\"Joomla! Project\",\"copyright\":\"(C) 2005 - 2012 Open Source Matters. All rights reserved.\",\"authorEmail\":\"admin@joomla.org\",\"authorUrl\":\"www.joomla.org\",\"version\":\"2.5.0\",\"description\":\"PLG_SYSTEM_HIGHLIGHT_XML_DESCRIPTION\",\"group\":\"\"}','{}','','',0,'0000-00-00 00:00:00',7,0),(441,'plg_content_finder','plugin','finder','content',0,0,1,0,'{\"legacy\":false,\"name\":\"plg_content_finder\",\"type\":\"plugin\",\"creationDate\":\"December 2011\",\"author\":\"Joomla! Project\",\"copyright\":\"Copyright (C) 2005 - 2012 Open Source Matters. All rights reserved.\",\"authorEmail\":\"admin@joomla.org\",\"authorUrl\":\"www.joomla.org\",\"version\":\"2.5.0\",\"description\":\"PLG_CONTENT_FINDER_XML_DESCRIPTION\",\"group\":\"\"}','{}','','',0,'0000-00-00 00:00:00',0,0),(442,'plg_finder_categories','plugin','categories','finder',0,1,1,0,'{\"legacy\":false,\"name\":\"plg_finder_categories\",\"type\":\"plugin\",\"creationDate\":\"August 2011\",\"author\":\"Joomla! Project\",\"copyright\":\"(C) 2005 - 2012 Open Source Matters. All rights reserved.\",\"authorEmail\":\"admin@joomla.org\",\"authorUrl\":\"www.joomla.org\",\"version\":\"2.5.0\",\"description\":\"PLG_FINDER_CATEGORIES_XML_DESCRIPTION\",\"group\":\"\"}','{}','','',0,'0000-00-00 00:00:00',1,0),(443,'plg_finder_contacts','plugin','contacts','finder',0,1,1,0,'{\"legacy\":false,\"name\":\"plg_finder_contacts\",\"type\":\"plugin\",\"creationDate\":\"August 2011\",\"author\":\"Joomla! Project\",\"copyright\":\"(C) 2005 - 2012 Open Source Matters. All rights reserved.\",\"authorEmail\":\"admin@joomla.org\",\"authorUrl\":\"www.joomla.org\",\"version\":\"2.5.0\",\"description\":\"PLG_FINDER_CONTACTS_XML_DESCRIPTION\",\"group\":\"\"}','{}','','',0,'0000-00-00 00:00:00',2,0),(444,'plg_finder_content','plugin','content','finder',0,1,1,0,'{\"legacy\":false,\"name\":\"plg_finder_content\",\"type\":\"plugin\",\"creationDate\":\"August 2011\",\"author\":\"Joomla! Project\",\"copyright\":\"(C) 2005 - 2012 Open Source Matters. All rights reserved.\",\"authorEmail\":\"admin@joomla.org\",\"authorUrl\":\"www.joomla.org\",\"version\":\"2.5.0\",\"description\":\"PLG_FINDER_CONTENT_XML_DESCRIPTION\",\"group\":\"\"}','{}','','',0,'0000-00-00 00:00:00',3,0),(445,'plg_finder_newsfeeds','plugin','newsfeeds','finder',0,1,1,0,'{\"legacy\":false,\"name\":\"plg_finder_newsfeeds\",\"type\":\"plugin\",\"creationDate\":\"August 2011\",\"author\":\"Joomla! Project\",\"copyright\":\"(C) 2005 - 2012 Open Source Matters. All rights reserved.\",\"authorEmail\":\"admin@joomla.org\",\"authorUrl\":\"www.joomla.org\",\"version\":\"2.5.0\",\"description\":\"PLG_FINDER_NEWSFEEDS_XML_DESCRIPTION\",\"group\":\"\"}','{}','','',0,'0000-00-00 00:00:00',4,0),(446,'plg_finder_weblinks','plugin','weblinks','finder',0,1,1,0,'{\"legacy\":false,\"name\":\"plg_finder_weblinks\",\"type\":\"plugin\",\"creationDate\":\"August 2011\",\"author\":\"Joomla! Project\",\"copyright\":\"(C) 2005 - 2012 Open Source Matters. All rights reserved.\",\"authorEmail\":\"admin@joomla.org\",\"authorUrl\":\"www.joomla.org\",\"version\":\"2.5.0\",\"description\":\"PLG_FINDER_WEBLINKS_XML_DESCRIPTION\",\"group\":\"\"}','{}','','',0,'0000-00-00 00:00:00',5,0),(500,'atomic','template','atomic','',0,1,1,0,'{\"legacy\":false,\"name\":\"atomic\",\"type\":\"template\",\"creationDate\":\"10\\/10\\/09\",\"author\":\"Ron Severdia\",\"copyright\":\"Copyright (C) 2005 - 2012 Open Source Matters, Inc. All rights reserved.\",\"authorEmail\":\"contact@kontentdesign.com\",\"authorUrl\":\"http:\\/\\/www.kontentdesign.com\",\"version\":\"2.5.0\",\"description\":\"TPL_ATOMIC_XML_DESCRIPTION\",\"group\":\"\"}','{}','','',0,'0000-00-00 00:00:00',0,0),(502,'bluestork','template','bluestork','',1,1,1,0,'{\"legacy\":false,\"name\":\"bluestork\",\"type\":\"template\",\"creationDate\":\"07\\/02\\/09\",\"author\":\"Joomla! Project\",\"copyright\":\"Copyright (C) 2005 - 2012 Open Source Matters, Inc. All rights reserved.\",\"authorEmail\":\"admin@joomla.org\",\"authorUrl\":\"www.joomla.org\",\"version\":\"2.5.0\",\"description\":\"TPL_BLUESTORK_XML_DESCRIPTION\",\"group\":\"\"}','{\"useRoundedCorners\":\"1\",\"showSiteName\":\"0\",\"textBig\":\"0\",\"highContrast\":\"0\"}','','',0,'0000-00-00 00:00:00',0,0),(503,'beez_20','template','beez_20','',0,1,1,0,'{\"legacy\":false,\"name\":\"beez_20\",\"type\":\"template\",\"creationDate\":\"25 November 2009\",\"author\":\"Angie Radtke\",\"copyright\":\"Copyright (C) 2005 - 2012 Open Source Matters, Inc. All rights reserved.\",\"authorEmail\":\"a.radtke@derauftritt.de\",\"authorUrl\":\"http:\\/\\/www.der-auftritt.de\",\"version\":\"2.5.0\",\"description\":\"TPL_BEEZ2_XML_DESCRIPTION\",\"group\":\"\"}','{\"wrapperSmall\":\"53\",\"wrapperLarge\":\"72\",\"sitetitle\":\"\",\"sitedescription\":\"\",\"navposition\":\"center\",\"templatecolor\":\"nature\"}','','',0,'0000-00-00 00:00:00',0,0),(504,'hathor','template','hathor','',1,1,1,0,'{\"legacy\":false,\"name\":\"hathor\",\"type\":\"template\",\"creationDate\":\"May 2010\",\"author\":\"Andrea Tarr\",\"copyright\":\"Copyright (C) 2005 - 2012 Open Source Matters, Inc. All rights reserved.\",\"authorEmail\":\"hathor@tarrconsulting.com\",\"authorUrl\":\"http:\\/\\/www.tarrconsulting.com\",\"version\":\"2.5.0\",\"description\":\"TPL_HATHOR_XML_DESCRIPTION\",\"group\":\"\"}','{\"showSiteName\":\"0\",\"colourChoice\":\"0\",\"boldText\":\"0\"}','','',0,'0000-00-00 00:00:00',0,0),(505,'beez5','template','beez5','',0,1,1,0,'{\"legacy\":false,\"name\":\"beez5\",\"type\":\"template\",\"creationDate\":\"21 May 2010\",\"author\":\"Angie Radtke\",\"copyright\":\"Copyright (C) 2005 - 2012 Open Source Matters, Inc. All rights reserved.\",\"authorEmail\":\"a.radtke@derauftritt.de\",\"authorUrl\":\"http:\\/\\/www.der-auftritt.de\",\"version\":\"2.5.0\",\"description\":\"TPL_BEEZ5_XML_DESCRIPTION\",\"group\":\"\"}','{\"wrapperSmall\":\"53\",\"wrapperLarge\":\"72\",\"sitetitle\":\"\",\"sitedescription\":\"\",\"navposition\":\"center\",\"html5\":\"0\"}','','',0,'0000-00-00 00:00:00',0,0),(600,'English (United Kingdom)','language','en-GB','',0,1,1,1,'{\"legacy\":false,\"name\":\"English (United Kingdom)\",\"type\":\"language\",\"creationDate\":\"2008-03-15\",\"author\":\"Joomla! Project\",\"copyright\":\"Copyright (C) 2005 - 2012 Open Source Matters. All rights reserved.\",\"authorEmail\":\"admin@joomla.org\",\"authorUrl\":\"www.joomla.org\",\"version\":\"2.5.5\",\"description\":\"en-GB site language\",\"group\":\"\"}','','','',0,'0000-00-00 00:00:00',0,0),(601,'English (United Kingdom)','language','en-GB','',1,1,1,1,'{\"legacy\":false,\"name\":\"English (United Kingdom)\",\"type\":\"language\",\"creationDate\":\"2008-03-15\",\"author\":\"Joomla! Project\",\"copyright\":\"Copyright (C) 2005 - 2012 Open Source Matters. All rights reserved.\",\"authorEmail\":\"admin@joomla.org\",\"authorUrl\":\"www.joomla.org\",\"version\":\"2.5.5\",\"description\":\"en-GB administrator language\",\"group\":\"\"}','','','',0,'0000-00-00 00:00:00',0,0),(700,'files_joomla','file','joomla','',0,1,1,1,'{\"legacy\":false,\"name\":\"files_joomla\",\"type\":\"file\",\"creationDate\":\"November 2012\",\"author\":\"Joomla! Project\",\"copyright\":\"(C) 2005 - 2012 Open Source Matters. All rights reserved\",\"authorEmail\":\"admin@joomla.org\",\"authorUrl\":\"www.joomla.org\",\"version\":\"2.5.8\",\"description\":\"FILES_JOOMLA_XML_DESCRIPTION\",\"group\":\"\"}','','','',0,'0000-00-00 00:00:00',0,0),(800,'PKG_JOOMLA','package','pkg_joomla','',0,1,1,1,'{\"legacy\":false,\"name\":\"PKG_JOOMLA\",\"type\":\"package\",\"creationDate\":\"2006\",\"author\":\"Joomla! Project\",\"copyright\":\"Copyright (C) 2005 - 2012 Open Source Matters. All rights reserved.\",\"authorEmail\":\"admin@joomla.org\",\"authorUrl\":\"http:\\/\\/www.joomla.org\",\"version\":\"2.5.0\",\"description\":\"PKG_JOOMLA_XML_DESCRIPTION\",\"group\":\"\"}','','','',0,'0000-00-00 00:00:00',0,0),(10000,'SimpleDesign','template','simpledesign','',0,1,1,0,'{\"legacy\":true,\"name\":\"Simple Design\",\"type\":\"template\",\"creationDate\":\"January 2013\",\"author\":\"EfrenPedroJr\",\"copyright\":\"WebDesignBuilders\",\"authorEmail\":\"jadecomputerworks@yahoo.com\",\"authorUrl\":\"http:\\/\\/www.webdesignbuilders.net\",\"version\":\"2.5.0\",\"description\":\"Web Design Builders Template<br \\/>Simple Design<br \\/><br \\/>Local Site : <a href=\\\"http:\\/\\/www.web-design.ph\\\" target=\\\"_blank\\\">Web Design Philippines<\\/a><br \\/>International : <a href=\\\"http:\\/\\/www.webdesignbuilders.net\\\" target=\\\"_blank\\\">Web Design Builders<\\/a>\",\"group\":\"\"}','{\"fontfamily\":\"ff1\",\"menutype\":\"mootools\",\"presetstyle\":\"style1\",\"designby\":\"show\",\"designbylabel\":\"Author of Website\",\"designbylink\":\"Place your Web Link\",\"designbytarget\":\"blank\",\"copy\":\"Website Title\",\"googlekey\":\"\",\"sponsorlinks\":\"sponsors-show\"}','','',0,'0000-00-00 00:00:00',0,0),(10001,'com_phocafavicon','component','com_phocafavicon','',1,1,0,0,'{\"legacy\":false,\"name\":\"com_phocafavicon\",\"type\":\"component\",\"creationDate\":\"18\\/04\\/2012\",\"author\":\"Jan Pavelka (www.phoca.cz)\",\"copyright\":\"Jan Pavelka\",\"authorEmail\":\"\",\"authorUrl\":\"www.phoca.cz\",\"version\":\"2.0.3\",\"description\":\"Phoca Favicon\",\"group\":\"\"}','{}','','',0,'0000-00-00 00:00:00',0,0),(10002,'JT bxSlider Images','module','mod_jt_bxslider_images','',0,1,0,0,'{\"legacy\":false,\"name\":\"JT bxSlider Images\",\"type\":\"module\",\"creationDate\":\"06\\/12\\/2012\",\"author\":\"JTemplate.ru\",\"copyright\":\"Copyright (C) 2011-2013 Jtemplate.ru. All Rights Reserved.\",\"authorEmail\":\"jtemplateru@yandex.ru\",\"authorUrl\":\"\",\"version\":\"1.0\",\"description\":\"JT bxSlider Images (jQuery)\",\"group\":\"\"}','{\"jt_id\":\"id\",\"jt_load_jquery\":\"1\",\"jt_jquery_ver\":\"1.8.3\",\"jt_load_easing\":\"1\",\"jt_load_bxslider\":\"1\",\"jt_load_scripts\":\"1\",\"jt_mode\":\"horizontal\",\"jt_random_start\":\"false\",\"jt_adaptive_height\":\"false\",\"jt_adaptive_height_speed\":\"500\",\"jt_min_slides\":\"1\",\"jt_max_slides\":\"1\",\"jt_slide_width\":\"0\",\"jt_slide_margin\":\"0\",\"jt_speed\":\"500\",\"jt_controls\":\"true\",\"jt_auto\":\"false\",\"jt_auto_controls\":\"false\",\"jt_autohover\":\"false\",\"jt_pause\":\"3000\",\"jt_auto_delay\":\"0\",\"jt_pager\":\"true\",\"jt_pager_type\":\"full\",\"jt_pager_saparator\":\"\\/\",\"img1\":\"\",\"alt1\":\"\",\"url1\":\"\",\"target1\":\"_self\",\"img2\":\"\",\"alt2\":\"\",\"url2\":\"\",\"target2\":\"_self\",\"img3\":\"\",\"alt3\":\"\",\"url3\":\"\",\"target3\":\"_self\",\"img4\":\"\",\"alt4\":\"\",\"url4\":\"\",\"target4\":\"_self\",\"img5\":\"\",\"alt5\":\"\",\"url5\":\"\",\"target5\":\"_self\",\"img6\":\"\",\"alt6\":\"\",\"url6\":\"\",\"target6\":\"_self\",\"img7\":\"\",\"alt7\":\"\",\"url7\":\"\",\"target7\":\"_self\",\"img8\":\"\",\"alt8\":\"\",\"url8\":\"\",\"target8\":\"_self\",\"img9\":\"\",\"alt9\":\"\",\"url9\":\"\",\"target9\":\"_self\",\"img10\":\"\",\"alt10\":\"\",\"url10\":\"\",\"target10\":\"_self\",\"cache\":\"1\",\"cache_time\":\"900\",\"cachemode\":\"static\"}','','',0,'0000-00-00 00:00:00',0,0),(10006,'proforms','component','com_proforms','',1,1,0,0,'{\"legacy\":true,\"name\":\"proforms\",\"type\":\"component\",\"creationDate\":\"2012-09-28\",\"author\":\"Mad4Media - Fahrettin Kutyol\",\"copyright\":\"Copyright(C) Mad4Media - All rights reserved!\",\"authorEmail\":\"joomla@mad4media.com\",\"authorUrl\":\"http:\\/\\/www.mad4media.de\",\"version\":\"1.3.1 BASIC\",\"description\":\"This is the basic version of Proforms\",\"group\":\"\"}','{}','','',0,'0000-00-00 00:00:00',0,0),(10004,'redform','component','com_redform','',1,1,0,0,'{\"legacy\":false,\"name\":\"redFORM\",\"type\":\"component\",\"creationDate\":\"01 February 2013\",\"author\":\"Redweb.dk\",\"copyright\":\"(c) 2008 - 2011 Redweb.dk\",\"authorEmail\":\"email@redweb.dk\",\"authorUrl\":\"www.redweb.dk\",\"version\":\"2.5.b.5.6\",\"description\":\"COM_REDFORM_XML_INSTALL_DESC\",\"group\":\"\"}','{\"showintegration\":\"1\",\"allow_email_aliasing\":\"1\",\"upload_path\":\"images\\/redform\",\"allow_negative_total\":\"1\"}','','',0,'0000-00-00 00:00:00',0,0),(10005,'PLG_CONTENT_REDFORM','plugin','redform','content',0,0,1,0,'{\"legacy\":false,\"name\":\"PLG_CONTENT_REDFORM\",\"type\":\"plugin\",\"creationDate\":\"jan, 2012\",\"author\":\"redWEB Aps\",\"copyright\":\"(C) 2008 - 2012 redCOMPONENT.com\",\"authorEmail\":\"email@redweb.dk\",\"authorUrl\":\"www.redcomponent.com\",\"version\":\"2.5\",\"description\":\"PLG_CONTENT_REDFORM_XML_DESC\",\"group\":\"\"}','{}','','',0,'0000-00-00 00:00:00',0,0);

--
-- Table structure for table `d2k9d_finder_filters`
--

CREATE TABLE `d2k9d_finder_filters` (
  `filter_id` int(10) unsigned NOT NULL AUTO_INCREMENT,
  `title` varchar(255) NOT NULL,
  `alias` varchar(255) NOT NULL,
  `state` tinyint(1) NOT NULL DEFAULT '1',
  `created` datetime NOT NULL DEFAULT '0000-00-00 00:00:00',
  `created_by` int(10) unsigned NOT NULL,
  `created_by_alias` varchar(255) NOT NULL,
  `modified` datetime NOT NULL DEFAULT '0000-00-00 00:00:00',
  `modified_by` int(10) unsigned NOT NULL DEFAULT '0',
  `checked_out` int(10) unsigned NOT NULL DEFAULT '0',
  `checked_out_time` datetime NOT NULL DEFAULT '0000-00-00 00:00:00',
  `map_count` int(10) unsigned NOT NULL DEFAULT '0',
  `data` text NOT NULL,
  `params` mediumtext,
  PRIMARY KEY (`filter_id`)
) ENGINE=MyISAM DEFAULT CHARSET=utf8;

--
-- Dumping data for table `d2k9d_finder_filters`
--


--
-- Table structure for table `d2k9d_finder_links`
--

CREATE TABLE `d2k9d_finder_links` (
  `link_id` int(10) unsigned NOT NULL AUTO_INCREMENT,
  `url` varchar(255) NOT NULL,
  `route` varchar(255) NOT NULL,
  `title` varchar(255) DEFAULT NULL,
  `description` varchar(255) DEFAULT NULL,
  `indexdate` datetime NOT NULL DEFAULT '0000-00-00 00:00:00',
  `md5sum` varchar(32) DEFAULT NULL,
  `published` tinyint(1) NOT NULL DEFAULT '1',
  `state` int(5) DEFAULT '1',
  `access` int(5) DEFAULT '0',
  `language` varchar(8) NOT NULL,
  `publish_start_date` datetime NOT NULL DEFAULT '0000-00-00 00:00:00',
  `publish_end_date` datetime NOT NULL DEFAULT '0000-00-00 00:00:00',
  `start_date` datetime NOT NULL DEFAULT '0000-00-00 00:00:00',
  `end_date` datetime NOT NULL DEFAULT '0000-00-00 00:00:00',
  `list_price` double unsigned NOT NULL DEFAULT '0',
  `sale_price` double unsigned NOT NULL DEFAULT '0',
  `type_id` int(11) NOT NULL,
  `object` mediumblob NOT NULL,
  PRIMARY KEY (`link_id`),
  KEY `idx_type` (`type_id`),
  KEY `idx_title` (`title`),
  KEY `idx_md5` (`md5sum`),
  KEY `idx_url` (`url`(75)),
  KEY `idx_published_list` (`published`,`state`,`access`,`publish_start_date`,`publish_end_date`,`list_price`),
  KEY `idx_published_sale` (`published`,`state`,`access`,`publish_start_date`,`publish_end_date`,`sale_price`)
) ENGINE=MyISAM DEFAULT CHARSET=utf8;

--
-- Dumping data for table `d2k9d_finder_links`
--


--
-- Table structure for table `d2k9d_finder_links_terms0`
--

CREATE TABLE `d2k9d_finder_links_terms0` (
  `link_id` int(10) unsigned NOT NULL,
  `term_id` int(10) unsigned NOT NULL,
  `weight` float unsigned NOT NULL,
  PRIMARY KEY (`link_id`,`term_id`),
  KEY `idx_term_weight` (`term_id`,`weight`),
  KEY `idx_link_term_weight` (`link_id`,`term_id`,`weight`)
) ENGINE=MyISAM DEFAULT CHARSET=utf8;

--
-- Dumping data for table `d2k9d_finder_links_terms0`
--


--
-- Table structure for table `d2k9d_finder_links_terms1`
--

CREATE TABLE `d2k9d_finder_links_terms1` (
  `link_id` int(10) unsigned NOT NULL,
  `term_id` int(10) unsigned NOT NULL,
  `weight` float unsigned NOT NULL,
  PRIMARY KEY (`link_id`,`term_id`),
  KEY `idx_term_weight` (`term_id`,`weight`),
  KEY `idx_link_term_weight` (`link_id`,`term_id`,`weight`)
) ENGINE=MyISAM DEFAULT CHARSET=utf8;

--
-- Dumping data for table `d2k9d_finder_links_terms1`
--


--
-- Table structure for table `d2k9d_finder_links_terms2`
--

CREATE TABLE `d2k9d_finder_links_terms2` (
  `link_id` int(10) unsigned NOT NULL,
  `term_id` int(10) unsigned NOT NULL,
  `weight` float unsigned NOT NULL,
  PRIMARY KEY (`link_id`,`term_id`),
  KEY `idx_term_weight` (`term_id`,`weight`),
  KEY `idx_link_term_weight` (`link_id`,`term_id`,`weight`)
) ENGINE=MyISAM DEFAULT CHARSET=utf8;

--
-- Dumping data for table `d2k9d_finder_links_terms2`
--


--
-- Table structure for table `d2k9d_finder_links_terms3`
--

CREATE TABLE `d2k9d_finder_links_terms3` (
  `link_id` int(10) unsigned NOT NULL,
  `term_id` int(10) unsigned NOT NULL,
  `weight` float unsigned NOT NULL,
  PRIMARY KEY (`link_id`,`term_id`),
  KEY `idx_term_weight` (`term_id`,`weight`),
  KEY `idx_link_term_weight` (`link_id`,`term_id`,`weight`)
) ENGINE=MyISAM DEFAULT CHARSET=utf8;

--
-- Dumping data for table `d2k9d_finder_links_terms3`
--


--
-- Table structure for table `d2k9d_finder_links_terms4`
--

CREATE TABLE `d2k9d_finder_links_terms4` (
  `link_id` int(10) unsigned NOT NULL,
  `term_id` int(10) unsigned NOT NULL,
  `weight` float unsigned NOT NULL,
  PRIMARY KEY (`link_id`,`term_id`),
  KEY `idx_term_weight` (`term_id`,`weight`),
  KEY `idx_link_term_weight` (`link_id`,`term_id`,`weight`)
) ENGINE=MyISAM DEFAULT CHARSET=utf8;

--
-- Dumping data for table `d2k9d_finder_links_terms4`
--


--
-- Table structure for table `d2k9d_finder_links_terms5`
--

CREATE TABLE `d2k9d_finder_links_terms5` (
  `link_id` int(10) unsigned NOT NULL,
  `term_id` int(10) unsigned NOT NULL,
  `weight` float unsigned NOT NULL,
  PRIMARY KEY (`link_id`,`term_id`),
  KEY `idx_term_weight` (`term_id`,`weight`),
  KEY `idx_link_term_weight` (`link_id`,`term_id`,`weight`)
) ENGINE=MyISAM DEFAULT CHARSET=utf8;

--
-- Dumping data for table `d2k9d_finder_links_terms5`
--


--
-- Table structure for table `d2k9d_finder_links_terms6`
--

CREATE TABLE `d2k9d_finder_links_terms6` (
  `link_id` int(10) unsigned NOT NULL,
  `term_id` int(10) unsigned NOT NULL,
  `weight` float unsigned NOT NULL,
  PRIMARY KEY (`link_id`,`term_id`),
  KEY `idx_term_weight` (`term_id`,`weight`),
  KEY `idx_link_term_weight` (`link_id`,`term_id`,`weight`)
) ENGINE=MyISAM DEFAULT CHARSET=utf8;

--
-- Dumping data for table `d2k9d_finder_links_terms6`
--


--
-- Table structure for table `d2k9d_finder_links_terms7`
--

CREATE TABLE `d2k9d_finder_links_terms7` (
  `link_id` int(10) unsigned NOT NULL,
  `term_id` int(10) unsigned NOT NULL,
  `weight` float unsigned NOT NULL,
  PRIMARY KEY (`link_id`,`term_id`),
  KEY `idx_term_weight` (`term_id`,`weight`),
  KEY `idx_link_term_weight` (`link_id`,`term_id`,`weight`)
) ENGINE=MyISAM DEFAULT CHARSET=utf8;

--
-- Dumping data for table `d2k9d_finder_links_terms7`
--


--
-- Table structure for table `d2k9d_finder_links_terms8`
--

CREATE TABLE `d2k9d_finder_links_terms8` (
  `link_id` int(10) unsigned NOT NULL,
  `term_id` int(10) unsigned NOT NULL,
  `weight` float unsigned NOT NULL,
  PRIMARY KEY (`link_id`,`term_id`),
  KEY `idx_term_weight` (`term_id`,`weight`),
  KEY `idx_link_term_weight` (`link_id`,`term_id`,`weight`)
) ENGINE=MyISAM DEFAULT CHARSET=utf8;

--
-- Dumping data for table `d2k9d_finder_links_terms8`
--


--
-- Table structure for table `d2k9d_finder_links_terms9`
--

CREATE TABLE `d2k9d_finder_links_terms9` (
  `link_id` int(10) unsigned NOT NULL,
  `term_id` int(10) unsigned NOT NULL,
  `weight` float unsigned NOT NULL,
  PRIMARY KEY (`link_id`,`term_id`),
  KEY `idx_term_weight` (`term_id`,`weight`),
  KEY `idx_link_term_weight` (`link_id`,`term_id`,`weight`)
) ENGINE=MyISAM DEFAULT CHARSET=utf8;

--
-- Dumping data for table `d2k9d_finder_links_terms9`
--


--
-- Table structure for table `d2k9d_finder_links_termsa`
--

CREATE TABLE `d2k9d_finder_links_termsa` (
  `link_id` int(10) unsigned NOT NULL,
  `term_id` int(10) unsigned NOT NULL,
  `weight` float unsigned NOT NULL,
  PRIMARY KEY (`link_id`,`term_id`),
  KEY `idx_term_weight` (`term_id`,`weight`),
  KEY `idx_link_term_weight` (`link_id`,`term_id`,`weight`)
) ENGINE=MyISAM DEFAULT CHARSET=utf8;

--
-- Dumping data for table `d2k9d_finder_links_termsa`
--


--
-- Table structure for table `d2k9d_finder_links_termsb`
--

CREATE TABLE `d2k9d_finder_links_termsb` (
  `link_id` int(10) unsigned NOT NULL,
  `term_id` int(10) unsigned NOT NULL,
  `weight` float unsigned NOT NULL,
  PRIMARY KEY (`link_id`,`term_id`),
  KEY `idx_term_weight` (`term_id`,`weight`),
  KEY `idx_link_term_weight` (`link_id`,`term_id`,`weight`)
) ENGINE=MyISAM DEFAULT CHARSET=utf8;

--
-- Dumping data for table `d2k9d_finder_links_termsb`
--


--
-- Table structure for table `d2k9d_finder_links_termsc`
--

CREATE TABLE `d2k9d_finder_links_termsc` (
  `link_id` int(10) unsigned NOT NULL,
  `term_id` int(10) unsigned NOT NULL,
  `weight` float unsigned NOT NULL,
  PRIMARY KEY (`link_id`,`term_id`),
  KEY `idx_term_weight` (`term_id`,`weight`),
  KEY `idx_link_term_weight` (`link_id`,`term_id`,`weight`)
) ENGINE=MyISAM DEFAULT CHARSET=utf8;

--
-- Dumping data for table `d2k9d_finder_links_termsc`
--


--
-- Table structure for table `d2k9d_finder_links_termsd`
--

CREATE TABLE `d2k9d_finder_links_termsd` (
  `link_id` int(10) unsigned NOT NULL,
  `term_id` int(10) unsigned NOT NULL,
  `weight` float unsigned NOT NULL,
  PRIMARY KEY (`link_id`,`term_id`),
  KEY `idx_term_weight` (`term_id`,`weight`),
  KEY `idx_link_term_weight` (`link_id`,`term_id`,`weight`)
) ENGINE=MyISAM DEFAULT CHARSET=utf8;

--
-- Dumping data for table `d2k9d_finder_links_termsd`
--


--
-- Table structure for table `d2k9d_finder_links_termse`
--

CREATE TABLE `d2k9d_finder_links_termse` (
  `link_id` int(10) unsigned NOT NULL,
  `term_id` int(10) unsigned NOT NULL,
  `weight` float unsigned NOT NULL,
  PRIMARY KEY (`link_id`,`term_id`),
  KEY `idx_term_weight` (`term_id`,`weight`),
  KEY `idx_link_term_weight` (`link_id`,`term_id`,`weight`)
) ENGINE=MyISAM DEFAULT CHARSET=utf8;

--
-- Dumping data for table `d2k9d_finder_links_termse`
--


--
-- Table structure for table `d2k9d_finder_links_termsf`
--

CREATE TABLE `d2k9d_finder_links_termsf` (
  `link_id` int(10) unsigned NOT NULL,
  `term_id` int(10) unsigned NOT NULL,
  `weight` float unsigned NOT NULL,
  PRIMARY KEY (`link_id`,`term_id`),
  KEY `idx_term_weight` (`term_id`,`weight`),
  KEY `idx_link_term_weight` (`link_id`,`term_id`,`weight`)
) ENGINE=MyISAM DEFAULT CHARSET=utf8;

--
-- Dumping data for table `d2k9d_finder_links_termsf`
--


--
-- Table structure for table `d2k9d_finder_taxonomy`
--

CREATE TABLE `d2k9d_finder_taxonomy` (
  `id` int(10) unsigned NOT NULL AUTO_INCREMENT,
  `parent_id` int(10) unsigned NOT NULL DEFAULT '0',
  `title` varchar(255) NOT NULL,
  `state` tinyint(1) unsigned NOT NULL DEFAULT '1',
  `access` tinyint(1) unsigned NOT NULL DEFAULT '0',
  `ordering` tinyint(1) unsigned NOT NULL DEFAULT '0',
  PRIMARY KEY (`id`),
  KEY `parent_id` (`parent_id`),
  KEY `state` (`state`),
  KEY `ordering` (`ordering`),
  KEY `access` (`access`),
  KEY `idx_parent_published` (`parent_id`,`state`,`access`)
) ENGINE=MyISAM AUTO_INCREMENT=2 DEFAULT CHARSET=utf8;

--
-- Dumping data for table `d2k9d_finder_taxonomy`
--

INSERT INTO `d2k9d_finder_taxonomy` VALUES (1,0,'ROOT',0,0,0);

--
-- Table structure for table `d2k9d_finder_taxonomy_map`
--

CREATE TABLE `d2k9d_finder_taxonomy_map` (
  `link_id` int(10) unsigned NOT NULL,
  `node_id` int(10) unsigned NOT NULL,
  PRIMARY KEY (`link_id`,`node_id`),
  KEY `link_id` (`link_id`),
  KEY `node_id` (`node_id`)
) ENGINE=MyISAM DEFAULT CHARSET=utf8;

--
-- Dumping data for table `d2k9d_finder_taxonomy_map`
--


--
-- Table structure for table `d2k9d_finder_terms`
--

CREATE TABLE `d2k9d_finder_terms` (
  `term_id` int(10) unsigned NOT NULL AUTO_INCREMENT,
  `term` varchar(75) NOT NULL,
  `stem` varchar(75) NOT NULL,
  `common` tinyint(1) unsigned NOT NULL DEFAULT '0',
  `phrase` tinyint(1) unsigned NOT NULL DEFAULT '0',
  `weight` float unsigned NOT NULL DEFAULT '0',
  `soundex` varchar(75) NOT NULL,
  `links` int(10) NOT NULL DEFAULT '0',
  PRIMARY KEY (`term_id`),
  UNIQUE KEY `idx_term` (`term`),
  KEY `idx_term_phrase` (`term`,`phrase`),
  KEY `idx_stem_phrase` (`stem`,`phrase`),
  KEY `idx_soundex_phrase` (`soundex`,`phrase`)
) ENGINE=MyISAM DEFAULT CHARSET=utf8;

--
-- Dumping data for table `d2k9d_finder_terms`
--


--
-- Table structure for table `d2k9d_finder_terms_common`
--

CREATE TABLE `d2k9d_finder_terms_common` (
  `term` varchar(75) NOT NULL,
  `language` varchar(3) NOT NULL,
  KEY `idx_word_lang` (`term`,`language`),
  KEY `idx_lang` (`language`)
) ENGINE=MyISAM DEFAULT CHARSET=utf8;

--
-- Dumping data for table `d2k9d_finder_terms_common`
--

INSERT INTO `d2k9d_finder_terms_common` VALUES ('a','en'),('about','en'),('after','en'),('ago','en'),('all','en'),('am','en'),('an','en'),('and','en'),('ani','en'),('any','en'),('are','en'),('aren\'t','en'),('as','en'),('at','en'),('be','en'),('but','en'),('by','en'),('for','en'),('from','en'),('get','en'),('go','en'),('how','en'),('if','en'),('in','en'),('into','en'),('is','en'),('isn\'t','en'),('it','en'),('its','en'),('me','en'),('more','en'),('most','en'),('must','en'),('my','en'),('new','en'),('no','en'),('none','en'),('not','en'),('noth','en'),('nothing','en'),('of','en'),('off','en'),('often','en'),('old','en'),('on','en'),('onc','en'),('once','en'),('onli','en'),('only','en'),('or','en'),('other','en'),('our','en'),('ours','en'),('out','en'),('over','en'),('page','en'),('she','en'),('should','en'),('small','en'),('so','en'),('some','en'),('than','en'),('thank','en'),('that','en'),('the','en'),('their','en'),('theirs','en'),('them','en'),('then','en'),('there','en'),('these','en'),('they','en'),('this','en'),('those','en'),('thus','en'),('time','en'),('times','en'),('to','en'),('too','en'),('true','en'),('under','en'),('until','en'),('up','en'),('upon','en'),('use','en'),('user','en'),('users','en'),('veri','en'),('version','en'),('very','en'),('via','en'),('want','en'),('was','en'),('way','en'),('were','en'),('what','en'),('when','en'),('where','en'),('whi','en'),('which','en'),('who','en'),('whom','en'),('whose','en'),('why','en'),('wide','en'),('will','en'),('with','en'),('within','en'),('without','en'),('would','en'),('yes','en'),('yet','en'),('you','en'),('your','en'),('yours','en');

--
-- Table structure for table `d2k9d_finder_tokens`
--

CREATE TABLE `d2k9d_finder_tokens` (
  `term` varchar(75) NOT NULL,
  `stem` varchar(75) NOT NULL,
  `common` tinyint(1) unsigned NOT NULL DEFAULT '0',
  `phrase` tinyint(1) unsigned NOT NULL DEFAULT '0',
  `weight` float unsigned NOT NULL DEFAULT '1',
  `context` tinyint(1) unsigned NOT NULL DEFAULT '2',
  KEY `idx_word` (`term`),
  KEY `idx_context` (`context`)
) ENGINE=MEMORY DEFAULT CHARSET=utf8;

--
-- Dumping data for table `d2k9d_finder_tokens`
--


--
-- Table structure for table `d2k9d_finder_tokens_aggregate`
--

CREATE TABLE `d2k9d_finder_tokens_aggregate` (
  `term_id` int(10) unsigned NOT NULL,
  `map_suffix` char(1) NOT NULL,
  `term` varchar(75) NOT NULL,
  `stem` varchar(75) NOT NULL,
  `common` tinyint(1) unsigned NOT NULL DEFAULT '0',
  `phrase` tinyint(1) unsigned NOT NULL DEFAULT '0',
  `term_weight` float unsigned NOT NULL,
  `context` tinyint(1) unsigned NOT NULL DEFAULT '2',
  `context_weight` float unsigned NOT NULL,
  `total_weight` float unsigned NOT NULL,
  KEY `token` (`term`),
  KEY `keyword_id` (`term_id`)
) ENGINE=MEMORY DEFAULT CHARSET=utf8;

--
-- Dumping data for table `d2k9d_finder_tokens_aggregate`
--


--
-- Table structure for table `d2k9d_finder_types`
--

CREATE TABLE `d2k9d_finder_types` (
  `id` int(10) unsigned NOT NULL AUTO_INCREMENT,
  `title` varchar(100) NOT NULL,
  `mime` varchar(100) NOT NULL,
  PRIMARY KEY (`id`),
  UNIQUE KEY `title` (`title`)
) ENGINE=MyISAM DEFAULT CHARSET=utf8;

--
-- Dumping data for table `d2k9d_finder_types`
--


--
-- Table structure for table `d2k9d_languages`
--

CREATE TABLE `d2k9d_languages` (
  `lang_id` int(11) unsigned NOT NULL AUTO_INCREMENT,
  `lang_code` char(7) NOT NULL,
  `title` varchar(50) NOT NULL,
  `title_native` varchar(50) NOT NULL,
  `sef` varchar(50) NOT NULL,
  `image` varchar(50) NOT NULL,
  `description` varchar(512) NOT NULL,
  `metakey` text NOT NULL,
  `metadesc` text NOT NULL,
  `sitename` varchar(1024) NOT NULL DEFAULT '',
  `published` int(11) NOT NULL DEFAULT '0',
  `access` int(10) unsigned NOT NULL DEFAULT '0',
  `ordering` int(11) NOT NULL DEFAULT '0',
  PRIMARY KEY (`lang_id`),
  UNIQUE KEY `idx_sef` (`sef`),
  UNIQUE KEY `idx_image` (`image`),
  UNIQUE KEY `idx_langcode` (`lang_code`),
  KEY `idx_access` (`access`),
  KEY `idx_ordering` (`ordering`)
) ENGINE=MyISAM AUTO_INCREMENT=2 DEFAULT CHARSET=utf8;

--
-- Dumping data for table `d2k9d_languages`
--

INSERT INTO `d2k9d_languages` VALUES (1,'en-GB','English (UK)','English (UK)','en','en','','','','',1,0,1);

--
-- Table structure for table `d2k9d_m4j_apps`
--

CREATE TABLE `d2k9d_m4j_apps` (
  `aid` int(11) NOT NULL AUTO_INCREMENT,
  `app` varchar(120) NOT NULL,
  `has_admin_view` tinyint(4) NOT NULL DEFAULT '0',
  `has_view` tinyint(4) NOT NULL DEFAULT '0',
  `has_plugin` tinyint(4) NOT NULL DEFAULT '0',
  `active` tinyint(4) NOT NULL DEFAULT '1',
  `sort_order` int(11) NOT NULL DEFAULT '0',
  `created` date DEFAULT NULL,
  `info` text NOT NULL,
  `admin_params` text,
  PRIMARY KEY (`aid`),
  KEY `app` (`app`)
) ENGINE=MyISAM DEFAULT CHARSET=utf8;

--
-- Dumping data for table `d2k9d_m4j_apps`
--


--
-- Table structure for table `d2k9d_m4j_apps2jobs`
--

CREATE TABLE `d2k9d_m4j_apps2jobs` (
  `jid` int(11) NOT NULL,
  `app` varchar(120) NOT NULL,
  `active` tinyint(4) NOT NULL DEFAULT '0',
  `params` text,
  PRIMARY KEY (`jid`,`app`),
  KEY `aid` (`app`),
  KEY `jid` (`jid`)
) ENGINE=MyISAM DEFAULT CHARSET=utf8;

--
-- Dumping data for table `d2k9d_m4j_apps2jobs`
--


--
-- Table structure for table `d2k9d_m4j_category`
--

CREATE TABLE `d2k9d_m4j_category` (
  `cid` int(11) NOT NULL AUTO_INCREMENT,
  `name` varchar(100) DEFAULT NULL,
  `alias` varchar(80) DEFAULT NULL,
  `active` tinyint(4) DEFAULT '1',
  `email` varchar(100) DEFAULT NULL,
  `introtext` text,
  `sort_order` int(11) DEFAULT NULL,
  `access` int(11) NOT NULL DEFAULT '0',
  PRIMARY KEY (`cid`)
) ENGINE=MyISAM DEFAULT CHARSET=utf8;

--
-- Dumping data for table `d2k9d_m4j_category`
--


--
-- Table structure for table `d2k9d_m4j_formelements`
--

CREATE TABLE `d2k9d_m4j_formelements` (
  `eid` int(11) NOT NULL AUTO_INCREMENT,
  `fid` int(11) NOT NULL,
  `required` tinyint(4) DEFAULT NULL,
  `active` tinyint(4) DEFAULT '1',
  `usermail` tinyint(4) DEFAULT '0',
  `align` tinyint(4) DEFAULT '0',
  `question` text NOT NULL,
  `form` int(11) NOT NULL,
  `parameters` text,
  `options` text,
  `help` text,
  `html` text,
  `slot` tinyint(4) NOT NULL DEFAULT '1',
  `sort_order` int(11) NOT NULL,
  `alias` varchar(128) DEFAULT NULL,
  PRIMARY KEY (`eid`)
) ENGINE=MyISAM DEFAULT CHARSET=utf8;

--
-- Dumping data for table `d2k9d_m4j_formelements`
--


--
-- Table structure for table `d2k9d_m4j_forms`
--

CREATE TABLE `d2k9d_m4j_forms` (
  `fid` int(11) NOT NULL AUTO_INCREMENT,
  `name` varchar(64) NOT NULL,
  `description` text,
  `question_width` tinytext,
  `answer_width` tinytext,
  `use_help` tinyint(4) DEFAULT '1',
  `layout` varchar(64) NOT NULL DEFAULT 'layout01',
  `layout_data` text,
  `public` tinyint(4) DEFAULT '1',
  PRIMARY KEY (`fid`)
) ENGINE=MyISAM AUTO_INCREMENT=2 DEFAULT CHARSET=utf8;

--
-- Dumping data for table `d2k9d_m4j_forms`
--

INSERT INTO `d2k9d_m4j_forms` VALUES (1,'Service Request Form','Service Request Form','','',1,'layout01','use_fieldset=0;legend=Form;width=200;height=500;left=100;right=100;|',1);

--
-- Table structure for table `d2k9d_m4j_jobs`
--

CREATE TABLE `d2k9d_m4j_jobs` (
  `jid` int(11) NOT NULL AUTO_INCREMENT,
  `title` varchar(64) NOT NULL,
  `alias` varchar(80) DEFAULT NULL,
  `hidden` text,
  `introtext` text,
  `maintext` text,
  `active` tinyint(4) DEFAULT NULL,
  `fid` text,
  `cid` int(11) DEFAULT '-1',
  `email` varchar(200) DEFAULT NULL,
  `subject` varchar(200) DEFAULT NULL,
  `text_confirm_only` tinyint(4) NOT NULL DEFAULT '1',
  `captcha` tinyint(4) DEFAULT '1',
  `sort_order` int(11) DEFAULT NULL,
  `public` tinyint(4) DEFAULT '1',
  `process` tinyint(4) DEFAULT '0',
  `confirmation` tinyint(4) NOT NULL DEFAULT '0',
  `aftersending` tinyint(4) NOT NULL DEFAULT '0',
  `redirect` varchar(200) DEFAULT NULL,
  `custom_text` text,
  `code1` text,
  `code2` text,
  `is_paypal` tinyint(4) NOT NULL DEFAULT '0',
  `is_sandbox` tinyint(4) NOT NULL DEFAULT '0',
  `paypal` text,
  `db` text,
  `access` int(11) NOT NULL DEFAULT '0',
  `data_listing_confirmation` tinyint(4) NOT NULL DEFAULT '1',
  `data_listing` tinyint(4) NOT NULL DEFAULT '1',
  `is_optin` tinyint(4) DEFAULT '0',
  `optin_params` text,
  `customize` text,
  PRIMARY KEY (`jid`)
) ENGINE=MyISAM DEFAULT CHARSET=utf8;

--
-- Dumping data for table `d2k9d_m4j_jobs`
--


--
-- Table structure for table `d2k9d_m4j_sef`
--

CREATE TABLE `d2k9d_m4j_sef` (
  `jid` int(11) NOT NULL DEFAULT '0',
  `cid` int(11) NOT NULL DEFAULT '0',
  `url` varchar(192) DEFAULT NULL,
  PRIMARY KEY (`jid`,`cid`)
) ENGINE=MyISAM DEFAULT CHARSET=utf8;

--
-- Dumping data for table `d2k9d_m4j_sef`
--


--
-- Table structure for table `d2k9d_menu`
--

CREATE TABLE `d2k9d_menu` (
  `id` int(11) NOT NULL AUTO_INCREMENT,
  `menutype` varchar(24) NOT NULL COMMENT 'The type of menu this item belongs to. FK to #__menu_types.menutype',
  `title` varchar(255) NOT NULL COMMENT 'The display title of the menu item.',
  `alias` varchar(255) CHARACTER SET utf8 COLLATE utf8_bin NOT NULL COMMENT 'The SEF alias of the menu item.',
  `note` varchar(255) NOT NULL DEFAULT '',
  `path` varchar(1024) NOT NULL COMMENT 'The computed path of the menu item based on the alias field.',
  `link` varchar(1024) NOT NULL COMMENT 'The actually link the menu item refers to.',
  `type` varchar(16) NOT NULL COMMENT 'The type of link: Component, URL, Alias, Separator',
  `published` tinyint(4) NOT NULL DEFAULT '0' COMMENT 'The published state of the menu link.',
  `parent_id` int(10) unsigned NOT NULL DEFAULT '1' COMMENT 'The parent menu item in the menu tree.',
  `level` int(10) unsigned NOT NULL DEFAULT '0' COMMENT 'The relative level in the tree.',
  `component_id` int(10) unsigned NOT NULL DEFAULT '0' COMMENT 'FK to #__extensions.id',
  `ordering` int(11) NOT NULL DEFAULT '0' COMMENT 'The relative ordering of the menu item in the tree.',
  `checked_out` int(10) unsigned NOT NULL DEFAULT '0' COMMENT 'FK to #__users.id',
  `checked_out_time` timestamp NOT NULL DEFAULT '0000-00-00 00:00:00' COMMENT 'The time the menu item was checked out.',
  `browserNav` tinyint(4) NOT NULL DEFAULT '0' COMMENT 'The click behaviour of the link.',
  `access` int(10) unsigned NOT NULL DEFAULT '0' COMMENT 'The access level required to view the menu item.',
  `img` varchar(255) NOT NULL COMMENT 'The image of the menu item.',
  `template_style_id` int(10) unsigned NOT NULL DEFAULT '0',
  `params` text NOT NULL COMMENT 'JSON encoded data for the menu item.',
  `lft` int(11) NOT NULL DEFAULT '0' COMMENT 'Nested set lft.',
  `rgt` int(11) NOT NULL DEFAULT '0' COMMENT 'Nested set rgt.',
  `home` tinyint(3) unsigned NOT NULL DEFAULT '0' COMMENT 'Indicates if this menu item is the home or default page.',
  `language` char(7) NOT NULL DEFAULT '',
  `client_id` tinyint(4) NOT NULL DEFAULT '0',
  PRIMARY KEY (`id`),
  UNIQUE KEY `idx_client_id_parent_id_alias_language` (`client_id`,`parent_id`,`alias`,`language`),
  KEY `idx_componentid` (`component_id`,`menutype`,`published`,`access`),
  KEY `idx_menutype` (`menutype`),
  KEY `idx_left_right` (`lft`,`rgt`),
  KEY `idx_alias` (`alias`),
  KEY `idx_path` (`path`(333)),
  KEY `idx_language` (`language`)
) ENGINE=MyISAM AUTO_INCREMENT=121 DEFAULT CHARSET=utf8;

--
-- Dumping data for table `d2k9d_menu`
--

INSERT INTO `d2k9d_menu` VALUES (1,'','Menu_Item_Root','root','','','','',1,0,0,0,0,0,'0000-00-00 00:00:00',0,0,'',0,'',0,73,0,'*',0),(2,'menu','com_banners','Banners','','Banners','index.php?option=com_banners','component',0,1,1,4,0,0,'0000-00-00 00:00:00',0,0,'class:banners',0,'',1,10,0,'*',1),(3,'menu','com_banners','Banners','','Banners/Banners','index.php?option=com_banners','component',0,2,2,4,0,0,'0000-00-00 00:00:00',0,0,'class:banners',0,'',2,3,0,'*',1),(4,'menu','com_banners_categories','Categories','','Banners/Categories','index.php?option=com_categories&extension=com_banners','component',0,2,2,6,0,0,'0000-00-00 00:00:00',0,0,'class:banners-cat',0,'',4,5,0,'*',1),(5,'menu','com_banners_clients','Clients','','Banners/Clients','index.php?option=com_banners&view=clients','component',0,2,2,4,0,0,'0000-00-00 00:00:00',0,0,'class:banners-clients',0,'',6,7,0,'*',1),(6,'menu','com_banners_tracks','Tracks','','Banners/Tracks','index.php?option=com_banners&view=tracks','component',0,2,2,4,0,0,'0000-00-00 00:00:00',0,0,'class:banners-tracks',0,'',8,9,0,'*',1),(7,'menu','com_contact','Contacts','','Contacts','index.php?option=com_contact','component',0,1,1,8,0,0,'0000-00-00 00:00:00',0,0,'class:contact',0,'',21,26,0,'*',1),(8,'menu','com_contact','Contacts','','Contacts/Contacts','index.php?option=com_contact','component',0,7,2,8,0,0,'0000-00-00 00:00:00',0,0,'class:contact',0,'',22,23,0,'*',1),(9,'menu','com_contact_categories','Categories','','Contacts/Categories','index.php?option=com_categories&extension=com_contact','component',0,7,2,6,0,0,'0000-00-00 00:00:00',0,0,'class:contact-cat',0,'',24,25,0,'*',1),(10,'menu','com_messages','Messaging','','Messaging','index.php?option=com_messages','component',0,1,1,15,0,0,'0000-00-00 00:00:00',0,0,'class:messages',0,'',27,32,0,'*',1),(11,'menu','com_messages_add','New Private Message','','Messaging/New Private Message','index.php?option=com_messages&task=message.add','component',0,10,2,15,0,0,'0000-00-00 00:00:00',0,0,'class:messages-add',0,'',28,29,0,'*',1),(12,'menu','com_messages_read','Read Private Message','','Messaging/Read Private Message','index.php?option=com_messages','component',0,10,2,15,0,0,'0000-00-00 00:00:00',0,0,'class:messages-read',0,'',30,31,0,'*',1),(13,'menu','com_newsfeeds','News Feeds','','News Feeds','index.php?option=com_newsfeeds','component',0,1,1,17,0,0,'0000-00-00 00:00:00',0,0,'class:newsfeeds',0,'',33,38,0,'*',1),(14,'menu','com_newsfeeds_feeds','Feeds','','News Feeds/Feeds','index.php?option=com_newsfeeds','component',0,13,2,17,0,0,'0000-00-00 00:00:00',0,0,'class:newsfeeds',0,'',34,35,0,'*',1),(15,'menu','com_newsfeeds_categories','Categories','','News Feeds/Categories','index.php?option=com_categories&extension=com_newsfeeds','component',0,13,2,6,0,0,'0000-00-00 00:00:00',0,0,'class:newsfeeds-cat',0,'',36,37,0,'*',1),(16,'menu','com_redirect','Redirect','','Redirect','index.php?option=com_redirect','component',0,1,1,24,0,0,'0000-00-00 00:00:00',0,0,'class:redirect',0,'',49,50,0,'*',1),(17,'menu','com_search','Basic Search','','Basic Search','index.php?option=com_search','component',0,1,1,19,0,0,'0000-00-00 00:00:00',0,0,'class:search',0,'',41,42,0,'*',1),(18,'menu','com_weblinks','Weblinks','','Weblinks','index.php?option=com_weblinks','component',0,1,1,21,0,0,'0000-00-00 00:00:00',0,0,'class:weblinks',0,'',43,48,0,'*',1),(19,'menu','com_weblinks_links','Links','','Weblinks/Links','index.php?option=com_weblinks','component',0,18,2,21,0,0,'0000-00-00 00:00:00',0,0,'class:weblinks',0,'',44,45,0,'*',1),(20,'menu','com_weblinks_categories','Categories','','Weblinks/Categories','index.php?option=com_categories&extension=com_weblinks','component',0,18,2,6,0,0,'0000-00-00 00:00:00',0,0,'class:weblinks-cat',0,'',46,47,0,'*',1),(21,'menu','com_finder','Smart Search','','Smart Search','index.php?option=com_finder','component',0,1,1,27,0,0,'0000-00-00 00:00:00',0,0,'class:finder',0,'',39,40,0,'*',1),(22,'menu','com_joomlaupdate','Joomla! Update','','Joomla! Update','index.php?option=com_joomlaupdate','component',0,1,1,28,0,0,'0000-00-00 00:00:00',0,0,'class:joomlaupdate',0,'',51,52,0,'*',1),(101,'mainmenu','Home','home','','home','index.php?option=com_content&view=featured','component',1,1,1,22,0,0,'0000-00-00 00:00:00',0,1,'',0,'{\"featured_categories\":[\"\"],\"num_leading_articles\":\"1\",\"num_intro_articles\":\"3\",\"num_columns\":\"3\",\"num_links\":\"0\",\"orderby_pri\":\"\",\"orderby_sec\":\"front\",\"order_date\":\"\",\"multi_column_order\":\"1\",\"show_pagination\":\"2\",\"show_pagination_results\":\"1\",\"show_noauth\":\"\",\"article-allow_ratings\":\"\",\"article-allow_comments\":\"\",\"show_feed_link\":\"1\",\"feed_summary\":\"\",\"show_title\":\"\",\"link_titles\":\"\",\"show_intro\":\"\",\"show_category\":\"\",\"link_category\":\"\",\"show_parent_category\":\"\",\"link_parent_category\":\"\",\"show_author\":\"\",\"show_create_date\":\"\",\"show_modify_date\":\"\",\"show_publish_date\":\"\",\"show_item_navigation\":\"\",\"show_readmore\":\"\",\"show_icons\":\"\",\"show_print_icon\":\"\",\"show_email_icon\":\"\",\"show_hits\":\"\",\"menu-anchor_title\":\"\",\"menu-anchor_css\":\"\",\"menu_image\":\"\",\"show_page_heading\":1,\"page_title\":\"\",\"page_heading\":\"\",\"pageclass_sfx\":\"\",\"menu-meta_description\":\"\",\"menu-meta_keywords\":\"\",\"robots\":\"\",\"secure\":0}',11,12,1,'*',0),(102,'mainmenu','Webmail','2013-02-07-14-23-36','','2013-02-07-14-23-36','webmail','url',1,1,1,0,0,0,'0000-00-00 00:00:00',0,1,'',0,'{\"menu-anchor_title\":\"\",\"menu-anchor_css\":\"\",\"menu_image\":\"\",\"menu_text\":1}',19,20,0,'*',0),(103,'main','COM_PHOCAFAVICON','com-phocafavicon','','com-phocafavicon','index.php?option=com_phocafavicon','component',0,1,1,10001,0,0,'0000-00-00 00:00:00',0,1,'components/com_phocafavicon/assets/images/icon-16-pf-menu.png',0,'',53,60,0,'',1),(104,'main','COM_PHOCAFAVICON_CONTROLPANEL','com-phocafavicon-controlpanel','','com-phocafavicon/com-phocafavicon-controlpanel','index.php?option=com_phocafavicon','component',0,103,2,10001,0,0,'0000-00-00 00:00:00',0,1,'components/com_phocafavicon/assets/images/icon-16-pf-control-panel.png',0,'',54,55,0,'',1),(105,'main','COM_PHOCAFAVICON_CREATE_FAVICON','com-phocafavicon-create-favicon','','com-phocafavicon/com-phocafavicon-create-favicon','index.php?option=com_phocafavicon&view=phocafavicon','component',0,103,2,10001,0,0,'0000-00-00 00:00:00',0,1,'components/com_phocafavicon/assets/images/icon-16-pf-menu-favicon.png',0,'',56,57,0,'',1),(106,'main','COM_PHOCAFAVICON_INFO','com-phocafavicon-info','','com-phocafavicon/com-phocafavicon-info','index.php?option=com_phocafavicon&view=phocafaviconin','component',0,103,2,10001,0,0,'0000-00-00 00:00:00',0,1,'components/com_phocafavicon/assets/images/icon-16-pf-menu-info.png',0,'',58,59,0,'',1),(107,'mainmenu','About Us','about-us','','about-us','index.php?option=com_content&view=article&id=3','component',1,1,1,22,0,0,'0000-00-00 00:00:00',0,1,'',0,'{\"show_title\":\"\",\"link_titles\":\"\",\"show_intro\":\"\",\"show_category\":\"\",\"link_category\":\"\",\"show_parent_category\":\"\",\"link_parent_category\":\"\",\"show_author\":\"\",\"link_author\":\"\",\"show_create_date\":\"\",\"show_modify_date\":\"\",\"show_publish_date\":\"\",\"show_item_navigation\":\"\",\"show_vote\":\"\",\"show_icons\":\"\",\"show_print_icon\":\"\",\"show_email_icon\":\"\",\"show_hits\":\"\",\"show_noauth\":\"\",\"urls_position\":\"\",\"menu-anchor_title\":\"\",\"menu-anchor_css\":\"\",\"menu_image\":\"\",\"menu_text\":1,\"page_title\":\"\",\"show_page_heading\":0,\"page_heading\":\"\",\"pageclass_sfx\":\"\",\"menu-meta_description\":\"\",\"menu-meta_keywords\":\"\",\"robots\":\"\",\"secure\":0}',13,14,0,'*',0),(108,'mainmenu','Services','services','','services','index.php?option=com_content&view=article&id=2','component',1,1,1,22,0,0,'0000-00-00 00:00:00',0,1,'',0,'{\"show_title\":\"\",\"link_titles\":\"\",\"show_intro\":\"\",\"show_category\":\"\",\"link_category\":\"\",\"show_parent_category\":\"\",\"link_parent_category\":\"\",\"show_author\":\"\",\"link_author\":\"\",\"show_create_date\":\"\",\"show_modify_date\":\"\",\"show_publish_date\":\"\",\"show_item_navigation\":\"\",\"show_vote\":\"\",\"show_icons\":\"\",\"show_print_icon\":\"\",\"show_email_icon\":\"\",\"show_hits\":\"\",\"show_noauth\":\"\",\"urls_position\":\"\",\"menu-anchor_title\":\"\",\"menu-anchor_css\":\"\",\"menu_image\":\"\",\"menu_text\":1,\"page_title\":\"\",\"show_page_heading\":0,\"page_heading\":\"\",\"pageclass_sfx\":\"\",\"menu-meta_description\":\"\",\"menu-meta_keywords\":\"\",\"robots\":\"\",\"secure\":0}',15,16,0,'*',0),(109,'mainmenu','Contact Us','contact-us','','contact-us','index.php?option=com_content&view=article&id=4','component',1,1,1,22,0,0,'0000-00-00 00:00:00',0,1,'',0,'{\"show_title\":\"\",\"link_titles\":\"\",\"show_intro\":\"\",\"show_category\":\"\",\"link_category\":\"\",\"show_parent_category\":\"\",\"link_parent_category\":\"\",\"show_author\":\"\",\"link_author\":\"\",\"show_create_date\":\"\",\"show_modify_date\":\"\",\"show_publish_date\":\"\",\"show_item_navigation\":\"\",\"show_vote\":\"\",\"show_icons\":\"\",\"show_print_icon\":\"\",\"show_email_icon\":\"\",\"show_hits\":\"\",\"show_noauth\":\"\",\"urls_position\":\"\",\"menu-anchor_title\":\"\",\"menu-anchor_css\":\"\",\"menu_image\":\"\",\"menu_text\":1,\"page_title\":\"\",\"show_page_heading\":0,\"page_heading\":\"\",\"pageclass_sfx\":\"\",\"menu-meta_description\":\"\",\"menu-meta_keywords\":\"\",\"robots\":\"\",\"secure\":0}',17,18,0,'*',0),(120,'main','COM_PROFORMS','com-proforms','','com-proforms','index.php?option=com_proforms','component',0,1,1,10006,0,0,'0000-00-00 00:00:00',0,1,'components/com_proforms/images/love.png',0,'',71,72,0,'',1),(115,'mainmenu','Request Form','request-form','','request-form','index.php?option=com_content&view=article&id=5','component',1,1,1,22,0,0,'0000-00-00 00:00:00',0,1,'',0,'{\"show_title\":\"\",\"link_titles\":\"\",\"show_intro\":\"\",\"show_category\":\"\",\"link_category\":\"\",\"show_parent_category\":\"\",\"link_parent_category\":\"\",\"show_author\":\"\",\"link_author\":\"\",\"show_create_date\":\"\",\"show_modify_date\":\"\",\"show_publish_date\":\"\",\"show_item_navigation\":\"\",\"show_vote\":\"\",\"show_icons\":\"\",\"show_print_icon\":\"\",\"show_email_icon\":\"\",\"show_hits\":\"\",\"show_noauth\":\"\",\"urls_position\":\"\",\"menu-anchor_title\":\"\",\"menu-anchor_css\":\"\",\"menu_image\":\"\",\"menu_text\":1,\"page_title\":\"\",\"show_page_heading\":0,\"page_heading\":\"\",\"pageclass_sfx\":\"\",\"menu-meta_description\":\"\",\"menu-meta_keywords\":\"\",\"robots\":\"\",\"secure\":0}',61,62,0,'*',0),(116,'main','COM_redFORM','com-redform','','com-redform','index.php?option=com_redform','component',0,1,1,10004,0,0,'0000-00-00 00:00:00',0,1,'../media/com_redform/redform_red_16.png',0,'',63,70,0,'',1),(117,'main','COM_redFORM_FORMS','com-redform-forms','','com-redform/com-redform-forms','index.php?option=com_redform&view=forms','component',0,116,2,10004,0,0,'0000-00-00 00:00:00',0,1,'../media/com_redform/redform_red_16.png',0,'',64,65,0,'',1),(118,'main','COM_redFORM_Fields','com-redform-fields','','com-redform/com-redform-fields','index.php?option=com_redform&view=fields','component',0,116,2,10004,0,0,'0000-00-00 00:00:00',0,1,'../media/com_redform/redform_quest_16.png',0,'',66,67,0,'',1),(119,'main','COM_redFORM_Submitters','com-redform-submitters','','com-redform/com-redform-submitters','index.php?option=com_redform&view=submitters','component',0,116,2,10004,0,0,'0000-00-00 00:00:00',0,1,'../media/com_redform/redform_contes_16.png',0,'',68,69,0,'',1);

--
-- Table structure for table `d2k9d_menu_types`
--

CREATE TABLE `d2k9d_menu_types` (
  `id` int(10) unsigned NOT NULL AUTO_INCREMENT,
  `menutype` varchar(24) NOT NULL,
  `title` varchar(48) NOT NULL,
  `description` varchar(255) NOT NULL DEFAULT '',
  PRIMARY KEY (`id`),
  UNIQUE KEY `idx_menutype` (`menutype`)
) ENGINE=MyISAM AUTO_INCREMENT=2 DEFAULT CHARSET=utf8;

--
-- Dumping data for table `d2k9d_menu_types`
--

INSERT INTO `d2k9d_menu_types` VALUES (1,'mainmenu','Main Menu','The main menu for the site');

--
-- Table structure for table `d2k9d_messages`
--

CREATE TABLE `d2k9d_messages` (
  `message_id` int(10) unsigned NOT NULL AUTO_INCREMENT,
  `user_id_from` int(10) unsigned NOT NULL DEFAULT '0',
  `user_id_to` int(10) unsigned NOT NULL DEFAULT '0',
  `folder_id` tinyint(3) unsigned NOT NULL DEFAULT '0',
  `date_time` datetime NOT NULL DEFAULT '0000-00-00 00:00:00',
  `state` tinyint(1) NOT NULL DEFAULT '0',
  `priority` tinyint(1) unsigned NOT NULL DEFAULT '0',
  `subject` varchar(255) NOT NULL DEFAULT '',
  `message` text NOT NULL,
  PRIMARY KEY (`message_id`),
  KEY `useridto_state` (`user_id_to`,`state`)
) ENGINE=MyISAM DEFAULT CHARSET=utf8;

--
-- Dumping data for table `d2k9d_messages`
--


--
-- Table structure for table `d2k9d_messages_cfg`
--

CREATE TABLE `d2k9d_messages_cfg` (
  `user_id` int(10) unsigned NOT NULL DEFAULT '0',
  `cfg_name` varchar(100) NOT NULL DEFAULT '',
  `cfg_value` varchar(255) NOT NULL DEFAULT '',
  UNIQUE KEY `idx_user_var_name` (`user_id`,`cfg_name`)
) ENGINE=MyISAM DEFAULT CHARSET=utf8;

--
-- Dumping data for table `d2k9d_messages_cfg`
--


--
-- Table structure for table `d2k9d_modules`
--

CREATE TABLE `d2k9d_modules` (
  `id` int(11) NOT NULL AUTO_INCREMENT,
  `title` varchar(100) NOT NULL DEFAULT '',
  `note` varchar(255) NOT NULL DEFAULT '',
  `content` text NOT NULL,
  `ordering` int(11) NOT NULL DEFAULT '0',
  `position` varchar(50) NOT NULL DEFAULT '',
  `checked_out` int(10) unsigned NOT NULL DEFAULT '0',
  `checked_out_time` datetime NOT NULL DEFAULT '0000-00-00 00:00:00',
  `publish_up` datetime NOT NULL DEFAULT '0000-00-00 00:00:00',
  `publish_down` datetime NOT NULL DEFAULT '0000-00-00 00:00:00',
  `published` tinyint(1) NOT NULL DEFAULT '0',
  `module` varchar(50) DEFAULT NULL,
  `access` int(10) unsigned NOT NULL DEFAULT '0',
  `showtitle` tinyint(3) unsigned NOT NULL DEFAULT '1',
  `params` text NOT NULL,
  `client_id` tinyint(4) NOT NULL DEFAULT '0',
  `language` char(7) NOT NULL,
  PRIMARY KEY (`id`),
  KEY `published` (`published`,`access`),
  KEY `newsfeeds` (`module`,`published`),
  KEY `idx_language` (`language`)
) ENGINE=MyISAM AUTO_INCREMENT=94 DEFAULT CHARSET=utf8;

--
-- Dumping data for table `d2k9d_modules`
--

INSERT INTO `d2k9d_modules` VALUES (1,'Main Menu','','',1,'toolbar',0,'0000-00-00 00:00:00','0000-00-00 00:00:00','0000-00-00 00:00:00',1,'mod_menu',1,1,'{\"menutype\":\"mainmenu\",\"startLevel\":\"1\",\"endLevel\":\"0\",\"showAllChildren\":\"0\",\"tag_id\":\"\",\"class_sfx\":\"\",\"window_open\":\"\",\"layout\":\"_:default\",\"moduleclass_sfx\":\"_menu\",\"cache\":\"1\",\"cache_time\":\"900\",\"cachemode\":\"itemid\"}',0,'*'),(2,'Login','','',1,'login',0,'0000-00-00 00:00:00','0000-00-00 00:00:00','0000-00-00 00:00:00',1,'mod_login',1,1,'',1,'*'),(3,'Popular Articles','','',3,'cpanel',0,'0000-00-00 00:00:00','0000-00-00 00:00:00','0000-00-00 00:00:00',1,'mod_popular',3,1,'{\"count\":\"5\",\"catid\":\"\",\"user_id\":\"0\",\"layout\":\"_:default\",\"moduleclass_sfx\":\"\",\"cache\":\"0\",\"automatic_title\":\"1\"}',1,'*'),(4,'Recently Added Articles','','',4,'cpanel',0,'0000-00-00 00:00:00','0000-00-00 00:00:00','0000-00-00 00:00:00',1,'mod_latest',3,1,'{\"count\":\"5\",\"ordering\":\"c_dsc\",\"catid\":\"\",\"user_id\":\"0\",\"layout\":\"_:default\",\"moduleclass_sfx\":\"\",\"cache\":\"0\",\"automatic_title\":\"1\"}',1,'*'),(8,'Toolbar','','',1,'toolbar',0,'0000-00-00 00:00:00','0000-00-00 00:00:00','0000-00-00 00:00:00',1,'mod_toolbar',3,1,'',1,'*'),(9,'Quick Icons','','',1,'icon',0,'0000-00-00 00:00:00','0000-00-00 00:00:00','0000-00-00 00:00:00',1,'mod_quickicon',3,1,'',1,'*'),(10,'Logged-in Users','','',2,'cpanel',0,'0000-00-00 00:00:00','0000-00-00 00:00:00','0000-00-00 00:00:00',1,'mod_logged',3,1,'{\"count\":\"5\",\"name\":\"1\",\"layout\":\"_:default\",\"moduleclass_sfx\":\"\",\"cache\":\"0\",\"automatic_title\":\"1\"}',1,'*'),(12,'Admin Menu','','',1,'menu',0,'0000-00-00 00:00:00','0000-00-00 00:00:00','0000-00-00 00:00:00',1,'mod_menu',3,1,'{\"layout\":\"\",\"moduleclass_sfx\":\"\",\"shownew\":\"1\",\"showhelp\":\"1\",\"cache\":\"0\"}',1,'*'),(13,'Admin Submenu','','',1,'submenu',0,'0000-00-00 00:00:00','0000-00-00 00:00:00','0000-00-00 00:00:00',1,'mod_submenu',3,1,'',1,'*'),(14,'User Status','','',2,'status',0,'0000-00-00 00:00:00','0000-00-00 00:00:00','0000-00-00 00:00:00',1,'mod_status',3,1,'',1,'*'),(15,'Title','','',1,'title',0,'0000-00-00 00:00:00','0000-00-00 00:00:00','0000-00-00 00:00:00',1,'mod_title',3,1,'',1,'*'),(16,'Login Form','','',7,'position-7',0,'0000-00-00 00:00:00','0000-00-00 00:00:00','0000-00-00 00:00:00',1,'mod_login',1,1,'{\"greeting\":\"1\",\"name\":\"0\"}',0,'*'),(17,'Breadcrumbs','','',1,'position-2',0,'0000-00-00 00:00:00','0000-00-00 00:00:00','0000-00-00 00:00:00',1,'mod_breadcrumbs',1,1,'{\"moduleclass_sfx\":\"\",\"showHome\":\"1\",\"homeText\":\"Home\",\"showComponent\":\"1\",\"separator\":\"\",\"cache\":\"1\",\"cache_time\":\"900\",\"cachemode\":\"itemid\"}',0,'*'),(79,'Multilanguage status','','',1,'status',0,'0000-00-00 00:00:00','0000-00-00 00:00:00','0000-00-00 00:00:00',0,'mod_multilangstatus',3,1,'{\"layout\":\"_:default\",\"moduleclass_sfx\":\"\",\"cache\":\"0\"}',1,'*'),(86,'Joomla Version','','',1,'footer',0,'0000-00-00 00:00:00','0000-00-00 00:00:00','0000-00-00 00:00:00',1,'mod_version',3,1,'{\"format\":\"short\",\"product\":\"1\",\"layout\":\"_:default\",\"moduleclass_sfx\":\"\",\"cache\":\"0\"}',1,'*'),(87,'Main Menu','','',0,'left',0,'0000-00-00 00:00:00','0000-00-00 00:00:00','0000-00-00 00:00:00',1,'mod_menu',1,1,'{\"menutype\":\"mainmenu\",\"startLevel\":\"1\",\"endLevel\":\"0\",\"showAllChildren\":\"0\",\"tag_id\":\"\",\"class_sfx\":\"\",\"window_open\":\"\",\"layout\":\"_:default\",\"moduleclass_sfx\":\"\",\"cache\":\"1\",\"cache_time\":\"900\",\"cachemode\":\"itemid\"}',0,'*'),(88,'Search','','',0,'search',0,'0000-00-00 00:00:00','0000-00-00 00:00:00','0000-00-00 00:00:00',1,'mod_search',1,1,'{\"label\":\"\",\"width\":\"20\",\"text\":\"\",\"button\":\"\",\"button_pos\":\"right\",\"imagebutton\":\"\",\"button_text\":\"\",\"opensearch\":\"1\",\"opensearch_title\":\"\",\"set_itemid\":\"\",\"layout\":\"_:default\",\"moduleclass_sfx\":\"\",\"cache\":\"1\",\"cache_time\":\"900\",\"cachemode\":\"itemid\"}',0,'*'),(89,'Module','','',1,'right',0,'0000-00-00 00:00:00','0000-00-00 00:00:00','0000-00-00 00:00:00',1,'mod_menu',1,0,'{\"menutype\":\"mainmenu\",\"startLevel\":\"1\",\"endLevel\":\"0\",\"showAllChildren\":\"0\",\"tag_id\":\"\",\"class_sfx\":\"\",\"window_open\":\"\",\"layout\":\"_:default\",\"moduleclass_sfx\":\"\",\"cache\":\"1\",\"cache_time\":\"900\",\"cachemode\":\"itemid\"}',0,'*'),(90,'Image Slider','','',1,'banner',0,'0000-00-00 00:00:00','0000-00-00 00:00:00','0000-00-00 00:00:00',0,'mod_jt_bxslider_images',1,1,'{\"jt_id\":\"id\",\"jt_load_jquery\":\"1\",\"jt_jquery_ver\":\"1.8.3\",\"jt_load_easing\":\"1\",\"jt_load_bxslider\":\"1\",\"jt_load_scripts\":\"1\",\"jt_mode\":\"fade\",\"jt_random_start\":\"false\",\"jt_adaptive_height\":\"true\",\"jt_adaptive_height_speed\":\"500\",\"jt_min_slides\":\"1\",\"jt_max_slides\":\"1\",\"jt_slide_width\":\"0\",\"jt_slide_margin\":\"0\",\"jt_speed\":\"500\",\"jt_controls\":\"false\",\"jt_auto\":\"true\",\"jt_auto_controls\":\"false\",\"jt_autohover\":\"false\",\"jt_pause\":\"3000\",\"jt_auto_delay\":\"0\",\"jt_pager\":\"true\",\"jt_pager_type\":\"full\",\"jt_pager_saparator\":\"\\/\",\"img1\":\"\",\"alt1\":\"\",\"url1\":\"\",\"target1\":\"_self\",\"img2\":\"\",\"alt2\":\"\",\"url2\":\"\",\"target2\":\"_self\",\"img3\":\"\",\"alt3\":\"\",\"url3\":\"\",\"target3\":\"_self\",\"img4\":\"\",\"alt4\":\"\",\"url4\":\"\",\"target4\":\"_self\",\"img5\":\"\",\"alt5\":\"\",\"url5\":\"\",\"target5\":\"_self\",\"img6\":\"\",\"alt6\":\"\",\"url6\":\"\",\"target6\":\"_self\",\"img7\":\"\",\"alt7\":\"\",\"url7\":\"\",\"target7\":\"_self\",\"img8\":\"\",\"alt8\":\"\",\"url8\":\"\",\"target8\":\"_self\",\"img9\":\"\",\"alt9\":\"\",\"url9\":\"\",\"target9\":\"_self\",\"img10\":\"\",\"alt10\":\"\",\"url10\":\"\",\"target10\":\"_self\",\"layout\":\"_:default\",\"moduleclass_sfx\":\"\",\"cache\":\"1\",\"cache_time\":\"900\",\"cachemode\":\"static\"}',0,'*'),(93,'Banner Slider','','',1,'banner',0,'0000-00-00 00:00:00','0000-00-00 00:00:00','0000-00-00 00:00:00',1,'mod_jt_bxslider_images',1,1,'{\"jt_id\":\"id\",\"jt_load_jquery\":\"1\",\"jt_jquery_ver\":\"1.8.3\",\"jt_load_easing\":\"1\",\"jt_load_bxslider\":\"1\",\"jt_load_scripts\":\"1\",\"jt_mode\":\"horizontal\",\"jt_random_start\":\"false\",\"jt_adaptive_height\":\"false\",\"jt_adaptive_height_speed\":\"500\",\"jt_min_slides\":\"1\",\"jt_max_slides\":\"1\",\"jt_slide_width\":\"0\",\"jt_slide_margin\":\"0\",\"jt_speed\":\"500\",\"jt_controls\":\"false\",\"jt_auto\":\"false\",\"jt_auto_controls\":\"false\",\"jt_autohover\":\"false\",\"jt_pause\":\"3000\",\"jt_auto_delay\":\"0\",\"jt_pager\":\"true\",\"jt_pager_type\":\"full\",\"jt_pager_saparator\":\"\\/\",\"img1\":\"images\\/slide1.jpg\",\"alt1\":\"\",\"url1\":\"\",\"target1\":\"_self\",\"img2\":\"images\\/slide2.jpg\",\"alt2\":\"\",\"url2\":\"\",\"target2\":\"_self\",\"img3\":\"\",\"alt3\":\"\",\"url3\":\"\",\"target3\":\"_self\",\"img4\":\"\",\"alt4\":\"\",\"url4\":\"\",\"target4\":\"_self\",\"img5\":\"\",\"alt5\":\"\",\"url5\":\"\",\"target5\":\"_self\",\"img6\":\"\",\"alt6\":\"\",\"url6\":\"\",\"target6\":\"_self\",\"img7\":\"\",\"alt7\":\"\",\"url7\":\"\",\"target7\":\"_self\",\"img8\":\"\",\"alt8\":\"\",\"url8\":\"\",\"target8\":\"_self\",\"img9\":\"\",\"alt9\":\"\",\"url9\":\"\",\"target9\":\"_self\",\"img10\":\"\",\"alt10\":\"\",\"url10\":\"\",\"target10\":\"_self\",\"layout\":\"_:default\",\"moduleclass_sfx\":\"\",\"cache\":\"1\",\"cache_time\":\"900\",\"cachemode\":\"static\"}',0,'*'),(91,'Slider','','',1,'right',893,'2013-05-20 16:49:34','0000-00-00 00:00:00','0000-00-00 00:00:00',1,'mod_jt_bxslider_images',1,0,'{\"jt_id\":\"id\",\"jt_load_jquery\":\"1\",\"jt_jquery_ver\":\"1.8.3\",\"jt_load_easing\":\"1\",\"jt_load_bxslider\":\"1\",\"jt_load_scripts\":\"1\",\"jt_mode\":\"vertical\",\"jt_random_start\":\"false\",\"jt_adaptive_height\":\"false\",\"jt_adaptive_height_speed\":\"500\",\"jt_min_slides\":\"1\",\"jt_max_slides\":\"1\",\"jt_slide_width\":\"0\",\"jt_slide_margin\":\"0\",\"jt_speed\":\"500\",\"jt_controls\":\"true\",\"jt_auto\":\"false\",\"jt_auto_controls\":\"false\",\"jt_autohover\":\"false\",\"jt_pause\":\"3000\",\"jt_auto_delay\":\"0\",\"jt_pager\":\"true\",\"jt_pager_type\":\"full\",\"jt_pager_saparator\":\"\\/\",\"img1\":\"images\\/front2.jpg\",\"alt1\":\"\",\"url1\":\"\",\"target1\":\"_self\",\"img2\":\"\",\"alt2\":\"\",\"url2\":\"\",\"target2\":\"_self\",\"img3\":\"\",\"alt3\":\"\",\"url3\":\"\",\"target3\":\"_self\",\"img4\":\"\",\"alt4\":\"\",\"url4\":\"\",\"target4\":\"_self\",\"img5\":\"\",\"alt5\":\"\",\"url5\":\"\",\"target5\":\"_self\",\"img6\":\"\",\"alt6\":\"\",\"url6\":\"\",\"target6\":\"_self\",\"img7\":\"\",\"alt7\":\"\",\"url7\":\"\",\"target7\":\"_self\",\"img8\":\"\",\"alt8\":\"\",\"url8\":\"\",\"target8\":\"_self\",\"img9\":\"\",\"alt9\":\"\",\"url9\":\"\",\"target9\":\"_self\",\"img10\":\"\",\"alt10\":\"\",\"url10\":\"\",\"target10\":\"_self\",\"layout\":\"_:default\",\"moduleclass_sfx\":\"\",\"cache\":\"1\",\"cache_time\":\"900\",\"cachemode\":\"static\"}',0,'*'),(92,'slide2','','',0,'left',0,'0000-00-00 00:00:00','0000-00-00 00:00:00','0000-00-00 00:00:00',1,'mod_jt_bxslider_images',1,0,'{\"jt_id\":\"id\",\"jt_load_jquery\":\"1\",\"jt_jquery_ver\":\"1.8.3\",\"jt_load_easing\":\"1\",\"jt_load_bxslider\":\"1\",\"jt_load_scripts\":\"1\",\"jt_mode\":\"horizontal\",\"jt_random_start\":\"false\",\"jt_adaptive_height\":\"false\",\"jt_adaptive_height_speed\":\"500\",\"jt_min_slides\":\"1\",\"jt_max_slides\":\"1\",\"jt_slide_width\":\"0\",\"jt_slide_margin\":\"0\",\"jt_speed\":\"500\",\"jt_controls\":\"true\",\"jt_auto\":\"false\",\"jt_auto_controls\":\"false\",\"jt_autohover\":\"false\",\"jt_pause\":\"3000\",\"jt_auto_delay\":\"0\",\"jt_pager\":\"true\",\"jt_pager_type\":\"full\",\"jt_pager_saparator\":\"\\/\",\"img1\":\"images\\/contact us.jpg\",\"alt1\":\"\",\"url1\":\"\",\"target1\":\"_self\",\"img2\":\"\",\"alt2\":\"\",\"url2\":\"\",\"target2\":\"_self\",\"img3\":\"\",\"alt3\":\"\",\"url3\":\"\",\"target3\":\"_self\",\"img4\":\"\",\"alt4\":\"\",\"url4\":\"\",\"target4\":\"_self\",\"img5\":\"\",\"alt5\":\"\",\"url5\":\"\",\"target5\":\"_self\",\"img6\":\"\",\"alt6\":\"\",\"url6\":\"\",\"target6\":\"_self\",\"img7\":\"\",\"alt7\":\"\",\"url7\":\"\",\"target7\":\"_self\",\"img8\":\"\",\"alt8\":\"\",\"url8\":\"\",\"target8\":\"_self\",\"img9\":\"\",\"alt9\":\"\",\"url9\":\"\",\"target9\":\"_self\",\"img10\":\"\",\"alt10\":\"\",\"url10\":\"\",\"target10\":\"_self\",\"layout\":\"_:default\",\"moduleclass_sfx\":\"\",\"cache\":\"1\",\"cache_time\":\"900\",\"cachemode\":\"static\"}',0,'*');

--
-- Table structure for table `d2k9d_modules_menu`
--

CREATE TABLE `d2k9d_modules_menu` (
  `moduleid` int(11) NOT NULL DEFAULT '0',
  `menuid` int(11) NOT NULL DEFAULT '0',
  PRIMARY KEY (`moduleid`,`menuid`)
) ENGINE=MyISAM DEFAULT CHARSET=utf8;

--
-- Dumping data for table `d2k9d_modules_menu`
--

INSERT INTO `d2k9d_modules_menu` VALUES (1,0),(2,0),(3,0),(4,0),(6,0),(7,0),(8,0),(9,0),(10,0),(12,0),(13,0),(14,0),(15,0),(16,0),(17,0),(79,0),(86,0),(87,0),(88,0),(90,0),(91,0),(92,0),(93,0);

--
-- Table structure for table `d2k9d_newsfeeds`
--

CREATE TABLE `d2k9d_newsfeeds` (
  `catid` int(11) NOT NULL DEFAULT '0',
  `id` int(10) unsigned NOT NULL AUTO_INCREMENT,
  `name` varchar(100) NOT NULL DEFAULT '',
  `alias` varchar(255) CHARACTER SET utf8 COLLATE utf8_bin NOT NULL DEFAULT '',
  `link` varchar(200) NOT NULL DEFAULT '',
  `filename` varchar(200) DEFAULT NULL,
  `published` tinyint(1) NOT NULL DEFAULT '0',
  `numarticles` int(10) unsigned NOT NULL DEFAULT '1',
  `cache_time` int(10) unsigned NOT NULL DEFAULT '3600',
  `checked_out` int(10) unsigned NOT NULL DEFAULT '0',
  `checked_out_time` datetime NOT NULL DEFAULT '0000-00-00 00:00:00',
  `ordering` int(11) NOT NULL DEFAULT '0',
  `rtl` tinyint(4) NOT NULL DEFAULT '0',
  `access` int(10) unsigned NOT NULL DEFAULT '0',
  `language` char(7) NOT NULL DEFAULT '',
  `params` text NOT NULL,
  `created` datetime NOT NULL DEFAULT '0000-00-00 00:00:00',
  `created_by` int(10) unsigned NOT NULL DEFAULT '0',
  `created_by_alias` varchar(255) NOT NULL DEFAULT '',
  `modified` datetime NOT NULL DEFAULT '0000-00-00 00:00:00',
  `modified_by` int(10) unsigned NOT NULL DEFAULT '0',
  `metakey` text NOT NULL,
  `metadesc` text NOT NULL,
  `metadata` text NOT NULL,
  `xreference` varchar(50) NOT NULL COMMENT 'A reference to enable linkages to external data sets.',
  `publish_up` datetime NOT NULL DEFAULT '0000-00-00 00:00:00',
  `publish_down` datetime NOT NULL DEFAULT '0000-00-00 00:00:00',
  PRIMARY KEY (`id`),
  KEY `idx_access` (`access`),
  KEY `idx_checkout` (`checked_out`),
  KEY `idx_state` (`published`),
  KEY `idx_catid` (`catid`),
  KEY `idx_createdby` (`created_by`),
  KEY `idx_language` (`language`),
  KEY `idx_xreference` (`xreference`)
) ENGINE=MyISAM DEFAULT CHARSET=utf8;

--
-- Dumping data for table `d2k9d_newsfeeds`
--


--
-- Table structure for table `d2k9d_overrider`
--

CREATE TABLE `d2k9d_overrider` (
  `id` int(10) NOT NULL AUTO_INCREMENT COMMENT 'Primary Key',
  `constant` varchar(255) NOT NULL,
  `string` text NOT NULL,
  `file` varchar(255) NOT NULL,
  PRIMARY KEY (`id`)
) ENGINE=MyISAM DEFAULT CHARSET=utf8;

--
-- Dumping data for table `d2k9d_overrider`
--


--
-- Table structure for table `d2k9d_redirect_links`
--

CREATE TABLE `d2k9d_redirect_links` (
  `id` int(10) unsigned NOT NULL AUTO_INCREMENT,
  `old_url` varchar(255) NOT NULL,
  `new_url` varchar(255) NOT NULL,
  `referer` varchar(150) NOT NULL,
  `comment` varchar(255) NOT NULL,
  `hits` int(10) unsigned NOT NULL DEFAULT '0',
  `published` tinyint(4) NOT NULL,
  `created_date` datetime NOT NULL DEFAULT '0000-00-00 00:00:00',
  `modified_date` datetime NOT NULL DEFAULT '0000-00-00 00:00:00',
  PRIMARY KEY (`id`),
  UNIQUE KEY `idx_link_old` (`old_url`),
  KEY `idx_link_modifed` (`modified_date`)
) ENGINE=MyISAM AUTO_INCREMENT=21 DEFAULT CHARSET=utf8;

--
-- Dumping data for table `d2k9d_redirect_links`
--

INSERT INTO `d2k9d_redirect_links` VALUES (1,'http://logisticfreightltd.com/','','','',2,0,'2013-02-26 23:06:37','0000-00-00 00:00:00'),(2,'http://logisticfreightltd.com//index.php?option=com_jce&task=plugin&plugin=imgmanager&file=imgmanager&version=1576&cid=20','','','',3,0,'2013-03-05 00:36:44','0000-00-00 00:00:00'),(3,'http://logisticfreightltd.com//index.php?option=com_jce&task=plugin&plugin=imgmanager&file=imgmanager&method=form&cid=20&6bc427c8a7981f4fe1f5ac65c1246b5f=9d09f693c63c1988a9f8a564e0da7743','','','',1,0,'2013-03-05 00:36:46','0000-00-00 00:00:00'),(4,'http://logisticfreightltd.com/index.php?option=com_fabrik&c=import&view=import&filetype=csv&tableid=1','','http://logisticfreightltd.com/index.php?option=com_fabrik&c=import&view=import&filetype=csv&tableid=1','',5,0,'2013-03-13 06:59:33','0000-00-00 00:00:00'),(5,'http://logisticfreightltd.com/index.php?Itemid=115','','http://logisticfreightltd.com/','',1,0,'2013-05-18 17:01:54','0000-00-00 00:00:00'),(6,'http://logisticfreightltd.com/index.php?option=com_jce&task=plugin&plugin=imgmanager&file=imgmanager&version=1576&cid=20','','','',15,0,'2013-07-05 18:56:39','0000-00-00 00:00:00'),(7,'http://www.logisticfreightltd.com/index.php?option=com_jce&task=plugin&plugin=imgmanager&file=imgmanager&version=1576&cid=20','','','',1,0,'2013-10-07 23:43:34','0000-00-00 00:00:00'),(8,'http://logisticfreightltd.com/index.php/component/mailto/index.php?option=com_jce&task=plugin&plugin=imgmanager&file=imgmanager&version=1576&cid=20','','','',12,0,'2013-12-03 22:41:02','0000-00-00 00:00:00'),(9,'http://logisticfreightltd.com/index.php/component/mailto/?tmpl=component&template=simpledesign&link=77c665be3ba1bcf8c9456b46790e4202bb0b3d87/index.php?option=com_jce&task=plugin&plugin=imgmanager&file=imgmanager&version=1576&cid=20','','','',1,0,'2013-12-04 06:11:00','0000-00-00 00:00:00'),(10,'http://logisticfreightltd.com/index.php?option=com_user&view=register','','','',1,0,'2013-12-23 16:17:59','0000-00-00 00:00:00'),(11,'http://www.logisticfreightltd.com/index.php?option=com_user&view=register','','','',1,0,'2013-12-23 18:18:19','0000-00-00 00:00:00'),(12,'http://logisticfreightltd.com/index.php?option=com_user&view=reset&layout=confirm','','','',1,0,'2014-01-09 14:10:27','0000-00-00 00:00:00'),(13,'http://logisticfreightltd.com/index.php/services/wp-login.php','','','',1,0,'2014-01-10 03:46:42','0000-00-00 00:00:00'),(14,'http://logisticfreightltd.com/index.php/wp-login.php','','','',1,0,'2014-01-10 03:46:44','0000-00-00 00:00:00'),(15,'http://logisticfreightltd.com/index.php?option=com_jce&task=plugin&plugin=imgmanager&file=imgmanager','','','',1,0,'2014-01-12 21:49:25','0000-00-00 00:00:00'),(16,'http://logisticfreightltd.com//index.php?option=com_jce&task=plugin&plugin=imgmanager&file=imgmanager&method=form&action=upload&140327-020937','','','',1,0,'2014-03-27 09:10:09','0000-00-00 00:00:00'),(17,'http://logisticfreightltd.com/index.php?option=com_tag&controller=tag&task=add&article_id=-260479/**//*!union*//**//*!select*//**/concat(username,0x3a,password,0x3a,usertype)/**//*!from*//**/jos_users/**/&tmpl=component','','','',4,0,'2014-03-29 22:55:37','0000-00-00 00:00:00'),(18,'http://www.logisticfreightltd.com//index.php?option=com_jce&task=plugin&plugin=imgmanager&file=imgmanager&version=1576&cid=20','','','',1,0,'2014-04-03 04:39:23','0000-00-00 00:00:00'),(19,'http://logisticfreightltd.com/index.php?option=com_user&task=register','','','',1,0,'2014-04-22 16:07:47','0000-00-00 00:00:00'),(20,'http://logisticfreightltd.com//index.php?option=com_jce&task=plugin&plugin=imgmanager&file=imgmanager&method=form&action=upload&140510-161328','','','',1,0,'2014-05-10 23:15:01','0000-00-00 00:00:00');

--
-- Table structure for table `d2k9d_rwf_configuration`
--

CREATE TABLE `d2k9d_rwf_configuration` (
  `id` int(10) unsigned NOT NULL AUTO_INCREMENT,
  `name` varchar(255) NOT NULL,
  `value` varchar(255) NOT NULL DEFAULT '',
  PRIMARY KEY (`id`),
  UNIQUE KEY `name` (`name`)
) ENGINE=MyISAM AUTO_INCREMENT=2 DEFAULT CHARSET=utf8 COMMENT='Configuration for redFORM';

--
-- Dumping data for table `d2k9d_rwf_configuration`
--

INSERT INTO `d2k9d_rwf_configuration` VALUES (1,'phplist_path','lists');

--
-- Table structure for table `d2k9d_rwf_fields`
--

CREATE TABLE `d2k9d_rwf_fields` (
  `id` int(11) NOT NULL AUTO_INCREMENT,
  `field` varchar(255) NOT NULL DEFAULT '',
  `field_header` varchar(255) NOT NULL DEFAULT '',
  `fieldtype` varchar(30) NOT NULL DEFAULT 'textfield',
  `published` int(11) NOT NULL DEFAULT '0',
  `checked_out` int(11) NOT NULL DEFAULT '0',
  `checked_out_time` datetime NOT NULL DEFAULT '0000-00-00 00:00:00',
  `form_id` int(11) DEFAULT NULL,
  `ordering` int(11) NOT NULL DEFAULT '0',
  `redmember_field` varchar(20) DEFAULT NULL,
  `validate` tinyint(1) NOT NULL DEFAULT '0',
  `unique` tinyint(1) NOT NULL DEFAULT '0',
  `readonly` tinyint(1) NOT NULL DEFAULT '0',
  `default` varchar(255) DEFAULT NULL,
  `tooltip` varchar(255) DEFAULT NULL,
  `params` text,
  PRIMARY KEY (`id`),
  KEY `form_id` (`form_id`)
) ENGINE=MyISAM AUTO_INCREMENT=6 DEFAULT CHARSET=utf8 COMMENT='Fields for redFORM';

--
-- Dumping data for table `d2k9d_rwf_fields`
--

INSERT INTO `d2k9d_rwf_fields` VALUES (1,'Title','Title','textfield',1,0,'0000-00-00 00:00:00',1,1,NULL,1,0,0,'','Enter your title.','{\"class\":\"\",\"size\":\"25\",\"maxlength\":\"250\"}'),(2,'Name','Name','textfield',1,0,'0000-00-00 00:00:00',1,2,NULL,1,0,0,'','Enter you full Name.','{\"class\":\"\",\"size\":\"25\",\"maxlength\":\"250\"}'),(3,'Email','Email','textfield',1,0,'0000-00-00 00:00:00',1,3,NULL,1,0,0,'','Enter your email address.','{\"class\":\"\",\"size\":\"25\",\"maxlength\":\"250\"}'),(4,'Telephone','Telephone','textfield',1,0,'0000-00-00 00:00:00',1,4,NULL,1,0,0,'','Enter your telephone number.','{\"class\":\"\",\"size\":\"25\",\"maxlength\":\"250\"}'),(5,'Service Details','Service Details','textarea',1,0,'0000-00-00 00:00:00',1,5,NULL,1,0,0,'','Enter your service request details.','{\"class\":\"\",\"cols\":\"25\",\"rows\":\"6\"}');

--
-- Table structure for table `d2k9d_rwf_forms`
--

CREATE TABLE `d2k9d_rwf_forms` (
  `id` int(11) NOT NULL AUTO_INCREMENT,
  `formname` varchar(100) NOT NULL DEFAULT 'NoName',
  `startdate` datetime NOT NULL DEFAULT '0000-00-00 00:00:00',
  `enddate` datetime NOT NULL DEFAULT '0000-00-00 00:00:00',
  `published` int(1) NOT NULL DEFAULT '0',
  `checked_out` int(11) DEFAULT NULL,
  `checked_out_time` datetime DEFAULT '0000-00-00 00:00:00',
  `submissionsubject` varchar(255) NOT NULL DEFAULT '',
  `submissionbody` text NOT NULL,
  `showname` int(1) NOT NULL DEFAULT '0',
  `classname` varchar(45) DEFAULT NULL,
  `contactpersoninform` tinyint(1) NOT NULL DEFAULT '0',
  `contactpersonemail` varchar(255) DEFAULT NULL,
  `contactpersonfullpost` int(11) NOT NULL DEFAULT '0',
  `submitterinform` tinyint(1) NOT NULL DEFAULT '0',
  `submitnotification` tinyint(1) NOT NULL DEFAULT '0',
  `redirect` varchar(300) DEFAULT NULL,
  `notificationtext` text NOT NULL,
  `formexpires` tinyint(1) NOT NULL DEFAULT '1',
  `virtuemartactive` tinyint(1) NOT NULL DEFAULT '0',
  `vmproductid` int(11) DEFAULT NULL,
  `vmitemid` int(4) NOT NULL DEFAULT '1',
  `captchaactive` tinyint(1) NOT NULL DEFAULT '0',
  `access` tinyint(3) NOT NULL DEFAULT '0',
  `activatepayment` tinyint(2) NOT NULL DEFAULT '0',
  `show_js_price` tinyint(2) NOT NULL DEFAULT '1',
  `currency` varchar(3) DEFAULT NULL,
  `paymentprocessing` text,
  `paymentaccepted` text,
  `contactpaymentnotificationsubject` text,
  `contactpaymentnotificationbody` text,
  `submitterpaymentnotificationsubject` text,
  `submitterpaymentnotificationbody` text,
  `cond_recipients` text,
  PRIMARY KEY (`id`),
  KEY `vmproductid` (`vmproductid`)
) ENGINE=MyISAM AUTO_INCREMENT=3 DEFAULT CHARSET=utf8 COMMENT='Forms for redFORM';

--
-- Dumping data for table `d2k9d_rwf_forms`
--

INSERT INTO `d2k9d_rwf_forms` VALUES (1,'Service Request Form','2013-05-18 16:48:42','2013-05-18 16:48:42',1,0,'0000-00-00 00:00:00','Service Request Form','',1,'',1,'joewmat@gmail.com',1,1,1,'','<p>Thank you for your service request. We will get back to you as soon as possible.</p>',0,0,NULL,0,1,1,0,0,'','','','A new payment was received for form %s','<p>A new payment was received for form %s<br />See the list of submitters here : %s</p>','Your payment was received for %s.','<p>Your payment for %s is confirmed.</p>','');

--
-- Table structure for table `d2k9d_rwf_forms_1`
--

CREATE TABLE `d2k9d_rwf_forms_1` (
  `id` int(11) NOT NULL AUTO_INCREMENT,
  `field_1` text,
  `field_2` text,
  `field_3` text,
  `field_4` text,
  `field_5` text,
  PRIMARY KEY (`id`)
) ENGINE=MyISAM DEFAULT CHARSET=utf8 COMMENT='redFORMS Form 1';

--
-- Dumping data for table `d2k9d_rwf_forms_1`
--


--
-- Table structure for table `d2k9d_rwf_mailinglists`
--

CREATE TABLE `d2k9d_rwf_mailinglists` (
  `field_id` int(11) unsigned NOT NULL DEFAULT '0',
  `mailinglist` varchar(100) NOT NULL,
  `listnames` text NOT NULL,
  PRIMARY KEY (`field_id`)
) ENGINE=MyISAM DEFAULT CHARSET=utf8 COMMENT='Mailinglists for redFORM';

--
-- Dumping data for table `d2k9d_rwf_mailinglists`
--


--
-- Table structure for table `d2k9d_rwf_payment`
--

CREATE TABLE `d2k9d_rwf_payment` (
  `id` int(11) NOT NULL AUTO_INCREMENT,
  `submit_key` varchar(255) NOT NULL,
  `date` datetime DEFAULT NULL,
  `gateway` varchar(100) NOT NULL,
  `status` varchar(100) NOT NULL,
  `data` text NOT NULL,
  `paid` tinyint(2) NOT NULL,
  PRIMARY KEY (`id`),
  KEY `submit_key` (`submit_key`)
) ENGINE=MyISAM DEFAULT CHARSET=utf8 COMMENT='logging gateway notifications';

--
-- Dumping data for table `d2k9d_rwf_payment`
--


--
-- Table structure for table `d2k9d_rwf_submitters`
--

CREATE TABLE `d2k9d_rwf_submitters` (
  `id` int(11) NOT NULL AUTO_INCREMENT,
  `form_id` int(11) NOT NULL DEFAULT '0',
  `submission_date` datetime NOT NULL DEFAULT '0000-00-00 00:00:00',
  `integration` varchar(30) DEFAULT NULL,
  `xref` int(11) NOT NULL DEFAULT '0',
  `answer_id` int(11) NOT NULL DEFAULT '0',
  `submitternewsletter` int(11) NOT NULL DEFAULT '0',
  `rawformdata` text NOT NULL,
  `submit_key` varchar(45) NOT NULL,
  `uniqueid` varchar(50) DEFAULT NULL,
  `waitinglist` tinyint(1) NOT NULL DEFAULT '0',
  `confirmed` tinyint(1) NOT NULL DEFAULT '0',
  `confirmdate` datetime DEFAULT NULL,
  `price` double DEFAULT NULL,
  PRIMARY KEY (`id`),
  KEY `form_id` (`form_id`),
  KEY `event_id` (`xref`),
  KEY `answer_id` (`answer_id`)
) ENGINE=MyISAM DEFAULT CHARSET=utf8 COMMENT='Submitters for redFORM';

--
-- Dumping data for table `d2k9d_rwf_submitters`
--


--
-- Table structure for table `d2k9d_rwf_values`
--

CREATE TABLE `d2k9d_rwf_values` (
  `id` int(11) NOT NULL AUTO_INCREMENT,
  `value` varchar(255) NOT NULL DEFAULT '',
  `label` varchar(255) NOT NULL DEFAULT '',
  `published` int(11) NOT NULL DEFAULT '0',
  `checked_out` int(11) NOT NULL DEFAULT '0',
  `checked_out_time` datetime NOT NULL DEFAULT '0000-00-00 00:00:00',
  `field_id` int(11) DEFAULT NULL,
  `ordering` int(11) NOT NULL DEFAULT '0',
  `price` double DEFAULT NULL,
  PRIMARY KEY (`id`),
  KEY `field_id` (`field_id`)
) ENGINE=MyISAM DEFAULT CHARSET=utf8 COMMENT='Answers for redFORM';

--
-- Dumping data for table `d2k9d_rwf_values`
--


--
-- Table structure for table `d2k9d_schemas`
--

CREATE TABLE `d2k9d_schemas` (
  `extension_id` int(11) NOT NULL,
  `version_id` varchar(20) NOT NULL,
  PRIMARY KEY (`extension_id`,`version_id`)
) ENGINE=MyISAM DEFAULT CHARSET=utf8;

--
-- Dumping data for table `d2k9d_schemas`
--

INSERT INTO `d2k9d_schemas` VALUES (700,'2.5.8'),(10004,'2.0.b.4.0');

--
-- Table structure for table `d2k9d_template_styles`
--

CREATE TABLE `d2k9d_template_styles` (
  `id` int(10) unsigned NOT NULL AUTO_INCREMENT,
  `template` varchar(50) NOT NULL DEFAULT '',
  `client_id` tinyint(1) unsigned NOT NULL DEFAULT '0',
  `home` char(7) NOT NULL DEFAULT '0',
  `title` varchar(255) NOT NULL DEFAULT '',
  `params` text NOT NULL,
  PRIMARY KEY (`id`),
  KEY `idx_template` (`template`),
  KEY `idx_home` (`home`)
) ENGINE=MyISAM AUTO_INCREMENT=8 DEFAULT CHARSET=utf8;

--
-- Dumping data for table `d2k9d_template_styles`
--

INSERT INTO `d2k9d_template_styles` VALUES (2,'bluestork',1,'1','Bluestork - Default','{\"useRoundedCorners\":\"1\",\"showSiteName\":\"0\"}'),(3,'atomic',0,'0','Atomic - Default','{}'),(4,'beez_20',0,'0','Beez2 - Default','{\"wrapperSmall\":\"53\",\"wrapperLarge\":\"72\",\"logo\":\"images\\/joomla_black.gif\",\"sitetitle\":\"Joomla!\",\"sitedescription\":\"Open Source Content Management\",\"navposition\":\"left\",\"templatecolor\":\"personal\",\"html5\":\"0\"}'),(5,'hathor',1,'0','Hathor - Default','{\"showSiteName\":\"0\",\"colourChoice\":\"\",\"boldText\":\"0\"}'),(6,'beez5',0,'0','Beez5 - Default','{\"wrapperSmall\":\"53\",\"wrapperLarge\":\"72\",\"logo\":\"images\\/sampledata\\/fruitshop\\/fruits.gif\",\"sitetitle\":\"Joomla!\",\"sitedescription\":\"Open Source Content Management\",\"navposition\":\"left\",\"html5\":\"0\"}'),(7,'simpledesign',0,'1','SimpleDesign - Default','{\"fontfamily\":\"ff1\",\"menutype\":\"mootools\",\"presetstyle\":\"style5\",\"designby\":\"show\",\"designbylabel\":\"Joe Mathini\",\"designbylink\":\"Place your Web Link\",\"designbytarget\":\"blank\",\"copy\":\"2013\",\"googlekey\":\"\",\"sponsorlinks\":\"sponsors-hide\"}');

--
-- Table structure for table `d2k9d_update_categories`
--

CREATE TABLE `d2k9d_update_categories` (
  `categoryid` int(11) NOT NULL AUTO_INCREMENT,
  `name` varchar(20) DEFAULT '',
  `description` text NOT NULL,
  `parent` int(11) DEFAULT '0',
  `updatesite` int(11) DEFAULT '0',
  PRIMARY KEY (`categoryid`)
) ENGINE=MyISAM DEFAULT CHARSET=utf8 COMMENT='Update Categories';

--
-- Dumping data for table `d2k9d_update_categories`
--


--
-- Table structure for table `d2k9d_update_sites`
--

CREATE TABLE `d2k9d_update_sites` (
  `update_site_id` int(11) NOT NULL AUTO_INCREMENT,
  `name` varchar(100) DEFAULT '',
  `type` varchar(20) DEFAULT '',
  `location` text NOT NULL,
  `enabled` int(11) DEFAULT '0',
  `last_check_timestamp` bigint(20) DEFAULT '0',
  PRIMARY KEY (`update_site_id`)
) ENGINE=MyISAM AUTO_INCREMENT=4 DEFAULT CHARSET=utf8 COMMENT='Update Sites';

--
-- Dumping data for table `d2k9d_update_sites`
--

INSERT INTO `d2k9d_update_sites` VALUES (1,'Joomla Core','collection','http://update.joomla.org/core/list.xml',1,1369215614),(2,'Joomla Extension Directory','collection','http://update.joomla.org/jed/list.xml',1,1369215614),(3,'Accredited Joomla! Translations','collection','http://update.joomla.org/language/translationlist.xml',1,1369215614);

--
-- Table structure for table `d2k9d_update_sites_extensions`
--

CREATE TABLE `d2k9d_update_sites_extensions` (
  `update_site_id` int(11) NOT NULL DEFAULT '0',
  `extension_id` int(11) NOT NULL DEFAULT '0',
  PRIMARY KEY (`update_site_id`,`extension_id`)
) ENGINE=MyISAM DEFAULT CHARSET=utf8 COMMENT='Links extensions to update sites';

--
-- Dumping data for table `d2k9d_update_sites_extensions`
--

INSERT INTO `d2k9d_update_sites_extensions` VALUES (1,700),(2,700),(3,600);

--
-- Table structure for table `d2k9d_updates`
--

CREATE TABLE `d2k9d_updates` (
  `update_id` int(11) NOT NULL AUTO_INCREMENT,
  `update_site_id` int(11) DEFAULT '0',
  `extension_id` int(11) DEFAULT '0',
  `categoryid` int(11) DEFAULT '0',
  `name` varchar(100) DEFAULT '',
  `description` text NOT NULL,
  `element` varchar(100) DEFAULT '',
  `type` varchar(20) DEFAULT '',
  `folder` varchar(20) DEFAULT '',
  `client_id` tinyint(3) DEFAULT '0',
  `version` varchar(10) DEFAULT '',
  `data` text NOT NULL,
  `detailsurl` text NOT NULL,
  `infourl` text NOT NULL,
  PRIMARY KEY (`update_id`)
) ENGINE=MyISAM AUTO_INCREMENT=613 DEFAULT CHARSET=utf8 COMMENT='Available Updates';

--
-- Dumping data for table `d2k9d_updates`
--

INSERT INTO `d2k9d_updates` VALUES (1,1,700,0,'Joomla','','joomla','file','',0,'2.5.9','','http://update.joomla.org/core/extension.xml',''),(2,3,0,0,'Armenian','','pkg_hy-AM','package','',0,'2.5.8.1','','http://update.joomla.org/language/details/hy-AM_details.xml',''),(3,3,0,0,'Danish','','pkg_da-DK','package','',0,'2.5.8.1','','http://update.joomla.org/language/details/da-DK_details.xml',''),(4,3,0,0,'Khmer','','pkg_km-KH','package','',0,'2.5.7.1','','http://update.joomla.org/language/details/km-KH_details.xml',''),(5,3,0,0,'Swedish','','pkg_sv-SE','package','',0,'2.5.9.1','','http://update.joomla.org/language/details/sv-SE_details.xml',''),(6,3,0,0,'Hungarian','','pkg_hu-HU','package','',0,'2.5.8.1','','http://update.joomla.org/language/details/hu-HU_details.xml',''),(7,3,0,0,'Bulgarian','','pkg_bg-BG','package','',0,'2.5.7.1','','http://update.joomla.org/language/details/bg-BG_details.xml',''),(8,3,0,0,'French','','pkg_fr-FR','package','',0,'2.5.9.1','','http://update.joomla.org/language/details/fr-FR_details.xml',''),(9,3,0,0,'Italian','','pkg_it-IT','package','',0,'2.5.9.1','','http://update.joomla.org/language/details/it-IT_details.xml',''),(10,3,0,0,'Spanish','','pkg_es-ES','package','',0,'2.5.9.1','','http://update.joomla.org/language/details/es-ES_details.xml',''),(11,3,0,0,'Dutch','','pkg_nl-NL','package','',0,'2.5.9.1','','http://update.joomla.org/language/details/nl-NL_details.xml',''),(12,3,0,0,'Turkish','','pkg_tr-TR','package','',0,'2.5.7.2','','http://update.joomla.org/language/details/tr-TR_details.xml',''),(13,3,0,0,'Ukrainian','','pkg_uk-UA','package','',0,'2.5.7.2','','http://update.joomla.org/language/details/uk-UA_details.xml',''),(14,3,0,0,'Indonesian','','pkg_id-ID','package','',0,'2.5.8.1','','http://update.joomla.org/language/details/id-ID_details.xml',''),(15,3,0,0,'Slovak','','pkg_sk-SK','package','',0,'2.5.8.1','','http://update.joomla.org/language/details/sk-SK_details.xml',''),(16,3,0,0,'Belarusian','','pkg_be-BY','package','',0,'2.5.8.1','','http://update.joomla.org/language/details/be-BY_details.xml',''),(17,3,0,0,'Latvian','','pkg_lv-LV','package','',0,'2.5.8.1','','http://update.joomla.org/language/details/lv-LV_details.xml',''),(18,3,0,0,'Estonian','','pkg_et-EE','package','',0,'2.5.7.1','','http://update.joomla.org/language/details/et-EE_details.xml',''),(19,3,0,0,'Romanian','','pkg_ro-RO','package','',0,'2.5.5.3','','http://update.joomla.org/language/details/ro-RO_details.xml',''),(20,3,0,0,'Flemish','','pkg_nl-BE','package','',0,'2.5.9.1','','http://update.joomla.org/language/details/nl-BE_details.xml',''),(21,3,0,0,'Macedonian','','pkg_mk-MK','package','',0,'2.5.7.1','','http://update.joomla.org/language/details/mk-MK_details.xml',''),(22,3,0,0,'Japanese','','pkg_ja-JP','package','',0,'2.5.9.1','','http://update.joomla.org/language/details/ja-JP_details.xml',''),(23,3,0,0,'Serbian Latin','','pkg_sr-YU','package','',0,'2.5.7.1','','http://update.joomla.org/language/details/sr-YU_details.xml',''),(24,3,0,0,'Arabic Unitag','','pkg_ar-AA','package','',0,'2.5.9.1','','http://update.joomla.org/language/details/ar-AA_details.xml',''),(25,3,0,0,'German','','pkg_de-DE','package','',0,'2.5.9.1','','http://update.joomla.org/language/details/de-DE_details.xml',''),(26,3,0,0,'Norwegian Bokmal','','pkg_nb-NO','package','',0,'2.5.9.1','','http://update.joomla.org/language/details/nb-NO_details.xml',''),(27,3,0,0,'English AU','','pkg_en-AU','package','',0,'2.5.9.1','','http://update.joomla.org/language/details/en-AU_details.xml',''),(28,3,0,0,'English US','','pkg_en-US','package','',0,'2.5.9.1','','http://update.joomla.org/language/details/en-US_details.xml',''),(29,3,0,0,'Serbian Cyrillic','','pkg_sr-RS','package','',0,'2.5.7.1','','http://update.joomla.org/language/details/sr-RS_details.xml',''),(30,3,0,0,'Lithuanian','','pkg_lt-LT','package','',0,'2.5.7.1','','http://update.joomla.org/language/details/lt-LT_details.xml',''),(31,3,0,0,'Albanian','','pkg_sq-AL','package','',0,'2.5.1.5','','http://update.joomla.org/language/details/sq-AL_details.xml',''),(32,3,0,0,'Persian','','pkg_fa-IR','package','',0,'2.5.8.1','','http://update.joomla.org/language/details/fa-IR_details.xml',''),(33,3,0,0,'Galician','','pkg_gl-ES','package','',0,'2.5.7.4','','http://update.joomla.org/language/details/gl-ES_details.xml',''),(34,3,0,0,'Polish','','pkg_pl-PL','package','',0,'2.5.9.1','','http://update.joomla.org/language/details/pl-PL_details.xml',''),(35,3,0,0,'Syriac','','pkg_sy-IQ','package','',0,'2.5.8.1','','http://update.joomla.org/language/details/sy-IQ_details.xml',''),(36,3,0,0,'Portuguese','','pkg_pt-PT','package','',0,'2.5.8.1','','http://update.joomla.org/language/details/pt-PT_details.xml',''),(37,3,0,0,'Russian','','pkg_ru-RU','package','',0,'2.5.8.4','','http://update.joomla.org/language/details/ru-RU_details.xml',''),(38,3,0,0,'Hebrew','','pkg_he-IL','package','',0,'2.5.7.1','','http://update.joomla.org/language/details/he-IL_details.xml',''),(39,3,0,0,'Catalan','','pkg_ca-ES','package','',0,'2.5.8.1','','http://update.joomla.org/language/details/ca-ES_details.xml',''),(40,3,0,0,'Laotian','','pkg_lo-LA','package','',0,'2.5.6.1','','http://update.joomla.org/language/details/lo-LA_details.xml',''),(41,3,0,0,'Afrikaans','','pkg_af-ZA','package','',0,'2.5.6.2','','http://update.joomla.org/language/details/af-ZA_details.xml',''),(42,3,0,0,'Chinese Simplified','','pkg_zh-CN','package','',0,'2.5.7.1','','http://update.joomla.org/language/details/zh-CN_details.xml',''),(43,3,0,0,'Greek','','pkg_el-GR','package','',0,'2.5.6.1','','http://update.joomla.org/language/details/el-GR_details.xml',''),(44,3,0,0,'Esperanto','','pkg_eo-XX','package','',0,'2.5.6.1','','http://update.joomla.org/language/details/eo-XX_details.xml',''),(45,3,0,0,'Finnish','','pkg_fi-FI','package','',0,'2.5.9.1','','http://update.joomla.org/language/details/fi-FI_details.xml',''),(46,3,0,0,'Portuguese Brazil','','pkg_pt-BR','package','',0,'2.5.9.1','','http://update.joomla.org/language/details/pt-BR_details.xml',''),(47,3,0,0,'Chinese Traditional','','pkg_zh-TW','package','',0,'2.5.7.2','','http://update.joomla.org/language/details/zh-TW_details.xml',''),(48,3,0,0,'Vietnamese','','pkg_vi-VN','package','',0,'2.5.8.1','','http://update.joomla.org/language/details/vi-VN_details.xml',''),(49,3,0,0,'Kurdish Sorani','','pkg_ckb-IQ','package','',0,'2.5.8.1','','http://update.joomla.org/language/details/ckb-IQ_details.xml',''),(50,3,0,0,'Bosnian','','pkg_bs-BA','package','',0,'2.5.8.1','','http://update.joomla.org/language/details/bs-BA_details.xml',''),(51,3,0,0,'Croatian','','pkg_hr-HR','package','',0,'2.5.8.1','','http://update.joomla.org/language/details/hr-HR_details.xml',''),(52,3,0,0,'Azeri','','pkg_az-AZ','package','',0,'2.5.7.1','','http://update.joomla.org/language/details/az-AZ_details.xml',''),(53,3,0,0,'Norwegian Nynorsk','','pkg_nn-NO','package','',0,'2.5.8.1','','http://update.joomla.org/language/details/nn-NO_details.xml',''),(54,3,0,0,'Tamil India','','pkg_ta-IN','package','',0,'2.5.9.1','','http://update.joomla.org/language/details/ta-IN_details.xml',''),(55,3,0,0,'Scottish Gaelic','','pkg_gd-GB','package','',0,'2.5.7.1','','http://update.joomla.org/language/details/gd-GB_details.xml',''),(56,3,0,0,'Thai','','pkg_th-TH','package','',0,'2.5.8.1','','http://update.joomla.org/language/details/th-TH_details.xml',''),(57,3,0,0,'Basque','','pkg_eu-ES','package','',0,'1.7.0.1','','http://update.joomla.org/language/details/eu-ES_details.xml',''),(58,3,0,0,'Uyghur','','pkg_ug-CN','package','',0,'2.5.7.2','','http://update.joomla.org/language/details/ug-CN_details.xml',''),(59,3,0,0,'Korean','','pkg_ko-KR','package','',0,'2.5.7.2','','http://update.joomla.org/language/details/ko-KR_details.xml',''),(60,3,0,0,'Hindi','','pkg_hi-IN','package','',0,'2.5.6.1','','http://update.joomla.org/language/details/hi-IN_details.xml',''),(61,3,0,0,'Welsh','','pkg_cy-GB','package','',0,'2.5.6.1','','http://update.joomla.org/language/details/cy-GB_details.xml',''),(62,3,0,0,'Swahili','','pkg_sw-KE','package','',0,'2.5.8.3','','http://update.joomla.org/language/details/sw-KE_details.xml',''),(63,1,0,0,'Joomla','','joomla','file','',0,'2.5.11','','http://update.joomla.org/core/extension.xml',''),(64,3,0,0,'Bahasa Indonesia','','pkg_id-ID','package','',0,'2.5.10.1','','http://update.joomla.org/language/details/id-ID_details.xml',''),(65,3,0,0,'Danish','','pkg_da-DK','package','',0,'2.5.11.1','','http://update.joomla.org/language/details/da-DK_details.xml',''),(66,3,0,0,'Swedish','','pkg_sv-SE','package','',0,'2.5.10.1','','http://update.joomla.org/language/details/sv-SE_details.xml',''),(67,3,0,0,'French','','pkg_fr-FR','package','',0,'2.5.11.1','','http://update.joomla.org/language/details/fr-FR_details.xml',''),(68,3,0,0,'Italian','','pkg_it-IT','package','',0,'2.5.11.1','','http://update.joomla.org/language/details/it-IT_details.xml',''),(69,3,0,0,'Spanish','','pkg_es-ES','package','',0,'2.5.10.1','','http://update.joomla.org/language/details/es-ES_details.xml',''),(70,3,0,0,'Dutch','','pkg_nl-NL','package','',0,'2.5.11.1','','http://update.joomla.org/language/details/nl-NL_details.xml',''),(71,3,0,0,'Turkish','','pkg_tr-TR','package','',0,'2.5.10.1','','http://update.joomla.org/language/details/tr-TR_details.xml',''),(72,3,0,0,'Slovak','','pkg_sk-SK','package','',0,'2.5.10.1','','http://update.joomla.org/language/details/sk-SK_details.xml',''),(73,3,0,0,'Latvian','','pkg_lv-LV','package','',0,'2.5.10.1','','http://update.joomla.org/language/details/lv-LV_details.xml',''),(74,3,0,0,'Romanian','','pkg_ro-RO','package','',0,'2.5.11.1','','http://update.joomla.org/language/details/ro-RO_details.xml',''),(75,3,0,0,'Flemish','','pkg_nl-BE','package','',0,'2.5.11.1','','http://update.joomla.org/language/details/nl-BE_details.xml',''),(76,3,0,0,'Macedonian','','pkg_mk-MK','package','',0,'2.5.10.1','','http://update.joomla.org/language/details/mk-MK_details.xml',''),(77,3,0,0,'Japanese','','pkg_ja-JP','package','',0,'2.5.11.1','','http://update.joomla.org/language/details/ja-JP_details.xml',''),(78,3,0,0,'Serbian Latin','','pkg_sr-YU','package','',0,'2.5.10.1','','http://update.joomla.org/language/details/sr-YU_details.xml',''),(79,3,0,0,'Arabic Unitag','','pkg_ar-AA','package','',0,'2.5.11.1','','http://update.joomla.org/language/details/ar-AA_details.xml',''),(80,3,0,0,'German','','pkg_de-DE','package','',0,'2.5.11.1','','http://update.joomla.org/language/details/de-DE_details.xml',''),(81,3,0,0,'Norwegian Bokmal','','pkg_nb-NO','package','',0,'2.5.9.2','','http://update.joomla.org/language/details/nb-NO_details.xml',''),(82,3,0,0,'English AU','','pkg_en-AU','package','',0,'2.5.10.1','','http://update.joomla.org/language/details/en-AU_details.xml',''),(83,3,0,0,'English US','','pkg_en-US','package','',0,'2.5.10.1','','http://update.joomla.org/language/details/en-US_details.xml',''),(84,3,0,0,'Serbian Cyrillic','','pkg_sr-RS','package','',0,'2.5.10.1','','http://update.joomla.org/language/details/sr-RS_details.xml',''),(85,3,0,0,'Persian','','pkg_fa-IR','package','',0,'2.5.11.1','','http://update.joomla.org/language/details/fa-IR_details.xml',''),(86,3,0,0,'Polish','','pkg_pl-PL','package','',0,'2.5.10.1','','http://update.joomla.org/language/details/pl-PL_details.xml',''),(87,3,0,0,'Syriac','','pkg_sy-IQ','package','',0,'2.5.10.1','','http://update.joomla.org/language/details/sy-IQ_details.xml',''),(88,3,0,0,'Catalan','','pkg_ca-ES','package','',0,'2.5.10.1','','http://update.joomla.org/language/details/ca-ES_details.xml',''),(89,3,0,0,'Afrikaans','','pkg_af-ZA','package','',0,'2.5.11.1','','http://update.joomla.org/language/details/af-ZA_details.xml',''),(90,3,0,0,'Chinese Simplified','','pkg_zh-CN','package','',0,'2.5.11.1','','http://update.joomla.org/language/details/zh-CN_details.xml',''),(91,3,0,0,'Finnish','','pkg_fi-FI','package','',0,'2.5.10.1','','http://update.joomla.org/language/details/fi-FI_details.xml',''),(92,3,0,0,'Chinese Traditional','','pkg_zh-TW','package','',0,'2.5.10.1','','http://update.joomla.org/language/details/zh-TW_details.xml',''),(93,3,0,0,'Kurdish Sorani','','pkg_ckb-IQ','package','',0,'2.5.9.1','','http://update.joomla.org/language/details/ckb-IQ_details.xml',''),(94,3,0,0,'Bosnian','','pkg_bs-BA','package','',0,'2.5.10.1','','http://update.joomla.org/language/details/bs-BA_details.xml',''),(95,3,0,0,'Croatian','','pkg_hr-HR','package','',0,'2.5.9.1','','http://update.joomla.org/language/details/hr-HR_details.xml',''),(96,3,0,0,'Tamil India','','pkg_ta-IN','package','',0,'2.5.11.1','','http://update.joomla.org/language/details/ta-IN_details.xml',''),(97,3,0,0,'Swahili','','pkg_sw-KE','package','',0,'2.5.10.1','','http://update.joomla.org/language/details/sw-KE_details.xml',''),(98,1,0,0,'Joomla','','joomla','file','',0,'2.5.11','','http://update.joomla.org/core/extension.xml',''),(99,3,0,0,'Bahasa Indonesia','','pkg_id-ID','package','',0,'2.5.10.1','','http://update.joomla.org/language/details/id-ID_details.xml',''),(100,3,0,0,'Danish','','pkg_da-DK','package','',0,'2.5.11.1','','http://update.joomla.org/language/details/da-DK_details.xml',''),(101,3,0,0,'Swedish','','pkg_sv-SE','package','',0,'2.5.10.1','','http://update.joomla.org/language/details/sv-SE_details.xml',''),(102,3,0,0,'French','','pkg_fr-FR','package','',0,'2.5.11.1','','http://update.joomla.org/language/details/fr-FR_details.xml',''),(103,3,0,0,'Italian','','pkg_it-IT','package','',0,'2.5.11.1','','http://update.joomla.org/language/details/it-IT_details.xml',''),(104,3,0,0,'Spanish','','pkg_es-ES','package','',0,'2.5.10.1','','http://update.joomla.org/language/details/es-ES_details.xml',''),(105,3,0,0,'Dutch','','pkg_nl-NL','package','',0,'2.5.11.1','','http://update.joomla.org/language/details/nl-NL_details.xml',''),(106,3,0,0,'Turkish','','pkg_tr-TR','package','',0,'2.5.10.1','','http://update.joomla.org/language/details/tr-TR_details.xml',''),(107,3,0,0,'Slovak','','pkg_sk-SK','package','',0,'2.5.10.1','','http://update.joomla.org/language/details/sk-SK_details.xml',''),(108,3,0,0,'Latvian','','pkg_lv-LV','package','',0,'2.5.10.1','','http://update.joomla.org/language/details/lv-LV_details.xml',''),(109,3,0,0,'Romanian','','pkg_ro-RO','package','',0,'2.5.11.1','','http://update.joomla.org/language/details/ro-RO_details.xml',''),(110,3,0,0,'Flemish','','pkg_nl-BE','package','',0,'2.5.11.1','','http://update.joomla.org/language/details/nl-BE_details.xml',''),(111,3,0,0,'Macedonian','','pkg_mk-MK','package','',0,'2.5.10.1','','http://update.joomla.org/language/details/mk-MK_details.xml',''),(112,3,0,0,'Japanese','','pkg_ja-JP','package','',0,'2.5.11.1','','http://update.joomla.org/language/details/ja-JP_details.xml',''),(113,3,0,0,'Serbian Latin','','pkg_sr-YU','package','',0,'2.5.10.1','','http://update.joomla.org/language/details/sr-YU_details.xml',''),(114,3,0,0,'Arabic Unitag','','pkg_ar-AA','package','',0,'2.5.11.1','','http://update.joomla.org/language/details/ar-AA_details.xml',''),(115,3,0,0,'German','','pkg_de-DE','package','',0,'2.5.11.1','','http://update.joomla.org/language/details/de-DE_details.xml',''),(116,3,0,0,'Norwegian Bokmal','','pkg_nb-NO','package','',0,'2.5.9.2','','http://update.joomla.org/language/details/nb-NO_details.xml',''),(117,3,0,0,'English AU','','pkg_en-AU','package','',0,'2.5.10.1','','http://update.joomla.org/language/details/en-AU_details.xml',''),(118,3,0,0,'English US','','pkg_en-US','package','',0,'2.5.10.1','','http://update.joomla.org/language/details/en-US_details.xml',''),(119,3,0,0,'Serbian Cyrillic','','pkg_sr-RS','package','',0,'2.5.10.1','','http://update.joomla.org/language/details/sr-RS_details.xml',''),(120,3,0,0,'Persian','','pkg_fa-IR','package','',0,'2.5.11.1','','http://update.joomla.org/language/details/fa-IR_details.xml',''),(121,3,0,0,'Polish','','pkg_pl-PL','package','',0,'2.5.10.1','','http://update.joomla.org/language/details/pl-PL_details.xml',''),(122,3,0,0,'Syriac','','pkg_sy-IQ','package','',0,'2.5.10.1','','http://update.joomla.org/language/details/sy-IQ_details.xml',''),(123,3,0,0,'Catalan','','pkg_ca-ES','package','',0,'2.5.10.1','','http://update.joomla.org/language/details/ca-ES_details.xml',''),(124,3,0,0,'Afrikaans','','pkg_af-ZA','package','',0,'2.5.11.1','','http://update.joomla.org/language/details/af-ZA_details.xml',''),(125,3,0,0,'Chinese Simplified','','pkg_zh-CN','package','',0,'2.5.11.1','','http://update.joomla.org/language/details/zh-CN_details.xml',''),(126,3,0,0,'Finnish','','pkg_fi-FI','package','',0,'2.5.10.1','','http://update.joomla.org/language/details/fi-FI_details.xml',''),(127,3,0,0,'Chinese Traditional','','pkg_zh-TW','package','',0,'2.5.10.1','','http://update.joomla.org/language/details/zh-TW_details.xml',''),(128,3,0,0,'Kurdish Sorani','','pkg_ckb-IQ','package','',0,'2.5.9.1','','http://update.joomla.org/language/details/ckb-IQ_details.xml',''),(129,3,0,0,'Bosnian','','pkg_bs-BA','package','',0,'2.5.10.1','','http://update.joomla.org/language/details/bs-BA_details.xml',''),(130,3,0,0,'Croatian','','pkg_hr-HR','package','',0,'2.5.9.1','','http://update.joomla.org/language/details/hr-HR_details.xml',''),(131,3,0,0,'Tamil India','','pkg_ta-IN','package','',0,'2.5.11.1','','http://update.joomla.org/language/details/ta-IN_details.xml',''),(132,3,0,0,'Swahili','','pkg_sw-KE','package','',0,'2.5.10.1','','http://update.joomla.org/language/details/sw-KE_details.xml',''),(133,1,0,0,'Joomla','','joomla','file','',0,'2.5.11','','http://update.joomla.org/core/extension.xml',''),(134,3,0,0,'Bahasa Indonesia','','pkg_id-ID','package','',0,'2.5.10.1','','http://update.joomla.org/language/details/id-ID_details.xml',''),(135,3,0,0,'Danish','','pkg_da-DK','package','',0,'2.5.11.1','','http://update.joomla.org/language/details/da-DK_details.xml',''),(136,3,0,0,'Swedish','','pkg_sv-SE','package','',0,'2.5.10.1','','http://update.joomla.org/language/details/sv-SE_details.xml',''),(137,3,0,0,'French','','pkg_fr-FR','package','',0,'2.5.11.1','','http://update.joomla.org/language/details/fr-FR_details.xml',''),(138,3,0,0,'Italian','','pkg_it-IT','package','',0,'2.5.11.1','','http://update.joomla.org/language/details/it-IT_details.xml',''),(139,3,0,0,'Spanish','','pkg_es-ES','package','',0,'2.5.10.1','','http://update.joomla.org/language/details/es-ES_details.xml',''),(140,3,0,0,'Dutch','','pkg_nl-NL','package','',0,'2.5.11.1','','http://update.joomla.org/language/details/nl-NL_details.xml',''),(141,3,0,0,'Turkish','','pkg_tr-TR','package','',0,'2.5.10.1','','http://update.joomla.org/language/details/tr-TR_details.xml',''),(142,3,0,0,'Slovak','','pkg_sk-SK','package','',0,'2.5.10.1','','http://update.joomla.org/language/details/sk-SK_details.xml',''),(143,3,0,0,'Latvian','','pkg_lv-LV','package','',0,'2.5.10.1','','http://update.joomla.org/language/details/lv-LV_details.xml',''),(144,3,0,0,'Romanian','','pkg_ro-RO','package','',0,'2.5.11.1','','http://update.joomla.org/language/details/ro-RO_details.xml',''),(145,3,0,0,'Flemish','','pkg_nl-BE','package','',0,'2.5.11.1','','http://update.joomla.org/language/details/nl-BE_details.xml',''),(146,3,0,0,'Macedonian','','pkg_mk-MK','package','',0,'2.5.10.1','','http://update.joomla.org/language/details/mk-MK_details.xml',''),(147,3,0,0,'Japanese','','pkg_ja-JP','package','',0,'2.5.11.1','','http://update.joomla.org/language/details/ja-JP_details.xml',''),(148,3,0,0,'Serbian Latin','','pkg_sr-YU','package','',0,'2.5.10.1','','http://update.joomla.org/language/details/sr-YU_details.xml',''),(149,3,0,0,'Arabic Unitag','','pkg_ar-AA','package','',0,'2.5.11.1','','http://update.joomla.org/language/details/ar-AA_details.xml',''),(150,3,0,0,'German','','pkg_de-DE','package','',0,'2.5.11.1','','http://update.joomla.org/language/details/de-DE_details.xml',''),(151,3,0,0,'Norwegian Bokmal','','pkg_nb-NO','package','',0,'2.5.9.2','','http://update.joomla.org/language/details/nb-NO_details.xml',''),(152,3,0,0,'English AU','','pkg_en-AU','package','',0,'2.5.10.1','','http://update.joomla.org/language/details/en-AU_details.xml',''),(153,3,0,0,'English US','','pkg_en-US','package','',0,'2.5.10.1','','http://update.joomla.org/language/details/en-US_details.xml',''),(154,3,0,0,'Serbian Cyrillic','','pkg_sr-RS','package','',0,'2.5.10.1','','http://update.joomla.org/language/details/sr-RS_details.xml',''),(155,3,0,0,'Persian','','pkg_fa-IR','package','',0,'2.5.11.1','','http://update.joomla.org/language/details/fa-IR_details.xml',''),(156,3,0,0,'Polish','','pkg_pl-PL','package','',0,'2.5.10.1','','http://update.joomla.org/language/details/pl-PL_details.xml',''),(157,3,0,0,'Syriac','','pkg_sy-IQ','package','',0,'2.5.10.1','','http://update.joomla.org/language/details/sy-IQ_details.xml',''),(158,3,0,0,'Russian','','pkg_ru-RU','package','',0,'2.5.11.1','','http://update.joomla.org/language/details/ru-RU_details.xml',''),(159,3,0,0,'Catalan','','pkg_ca-ES','package','',0,'2.5.10.1','','http://update.joomla.org/language/details/ca-ES_details.xml',''),(160,3,0,0,'Afrikaans','','pkg_af-ZA','package','',0,'2.5.11.1','','http://update.joomla.org/language/details/af-ZA_details.xml',''),(161,3,0,0,'Chinese Simplified','','pkg_zh-CN','package','',0,'2.5.11.1','','http://update.joomla.org/language/details/zh-CN_details.xml',''),(162,3,0,0,'Finnish','','pkg_fi-FI','package','',0,'2.5.10.1','','http://update.joomla.org/language/details/fi-FI_details.xml',''),(163,3,0,0,'Chinese Traditional','','pkg_zh-TW','package','',0,'2.5.10.1','','http://update.joomla.org/language/details/zh-TW_details.xml',''),(164,3,0,0,'Kurdish Sorani','','pkg_ckb-IQ','package','',0,'2.5.9.1','','http://update.joomla.org/language/details/ckb-IQ_details.xml',''),(165,3,0,0,'Bosnian','','pkg_bs-BA','package','',0,'2.5.10.1','','http://update.joomla.org/language/details/bs-BA_details.xml',''),(166,3,0,0,'Croatian','','pkg_hr-HR','package','',0,'2.5.9.1','','http://update.joomla.org/language/details/hr-HR_details.xml',''),(167,3,0,0,'Tamil India','','pkg_ta-IN','package','',0,'2.5.11.1','','http://update.joomla.org/language/details/ta-IN_details.xml',''),(168,3,0,0,'Korean','','pkg_ko-KR','package','',0,'2.5.10.1','','http://update.joomla.org/language/details/ko-KR_details.xml',''),(169,3,0,0,'Swahili','','pkg_sw-KE','package','',0,'2.5.10.1','','http://update.joomla.org/language/details/sw-KE_details.xml',''),(170,3,0,0,'Bahasa Indonesia','','pkg_id-ID','package','',0,'2.5.10.1','','http://update.joomla.org/language/details/id-ID_details.xml',''),(171,3,0,0,'Danish','','pkg_da-DK','package','',0,'2.5.11.1','','http://update.joomla.org/language/details/da-DK_details.xml',''),(172,3,0,0,'Swedish','','pkg_sv-SE','package','',0,'2.5.10.1','','http://update.joomla.org/language/details/sv-SE_details.xml',''),(173,3,0,0,'French','','pkg_fr-FR','package','',0,'2.5.11.1','','http://update.joomla.org/language/details/fr-FR_details.xml',''),(174,3,0,0,'Italian','','pkg_it-IT','package','',0,'2.5.11.1','','http://update.joomla.org/language/details/it-IT_details.xml',''),(175,3,0,0,'Spanish','','pkg_es-ES','package','',0,'2.5.10.1','','http://update.joomla.org/language/details/es-ES_details.xml',''),(176,3,0,0,'Dutch','','pkg_nl-NL','package','',0,'2.5.11.1','','http://update.joomla.org/language/details/nl-NL_details.xml',''),(177,3,0,0,'Turkish','','pkg_tr-TR','package','',0,'2.5.10.1','','http://update.joomla.org/language/details/tr-TR_details.xml',''),(178,3,0,0,'Slovak','','pkg_sk-SK','package','',0,'2.5.10.1','','http://update.joomla.org/language/details/sk-SK_details.xml',''),(179,3,0,0,'Latvian','','pkg_lv-LV','package','',0,'2.5.10.1','','http://update.joomla.org/language/details/lv-LV_details.xml',''),(180,3,0,0,'Romanian','','pkg_ro-RO','package','',0,'2.5.11.1','','http://update.joomla.org/language/details/ro-RO_details.xml',''),(181,3,0,0,'Flemish','','pkg_nl-BE','package','',0,'2.5.11.1','','http://update.joomla.org/language/details/nl-BE_details.xml',''),(182,3,0,0,'Macedonian','','pkg_mk-MK','package','',0,'2.5.10.1','','http://update.joomla.org/language/details/mk-MK_details.xml',''),(183,3,0,0,'Japanese','','pkg_ja-JP','package','',0,'2.5.11.1','','http://update.joomla.org/language/details/ja-JP_details.xml',''),(184,3,0,0,'Serbian Latin','','pkg_sr-YU','package','',0,'2.5.10.1','','http://update.joomla.org/language/details/sr-YU_details.xml',''),(185,3,0,0,'Arabic Unitag','','pkg_ar-AA','package','',0,'2.5.11.1','','http://update.joomla.org/language/details/ar-AA_details.xml',''),(186,3,0,0,'German','','pkg_de-DE','package','',0,'2.5.11.1','','http://update.joomla.org/language/details/de-DE_details.xml',''),(187,3,0,0,'Norwegian Bokmal','','pkg_nb-NO','package','',0,'2.5.9.2','','http://update.joomla.org/language/details/nb-NO_details.xml',''),(188,3,0,0,'English AU','','pkg_en-AU','package','',0,'2.5.10.1','','http://update.joomla.org/language/details/en-AU_details.xml',''),(189,3,0,0,'English US','','pkg_en-US','package','',0,'2.5.10.1','','http://update.joomla.org/language/details/en-US_details.xml',''),(190,3,0,0,'Serbian Cyrillic','','pkg_sr-RS','package','',0,'2.5.10.1','','http://update.joomla.org/language/details/sr-RS_details.xml',''),(191,3,0,0,'Persian','','pkg_fa-IR','package','',0,'2.5.11.1','','http://update.joomla.org/language/details/fa-IR_details.xml',''),(192,3,0,0,'Polish','','pkg_pl-PL','package','',0,'2.5.10.1','','http://update.joomla.org/language/details/pl-PL_details.xml',''),(193,3,0,0,'Syriac','','pkg_sy-IQ','package','',0,'2.5.10.1','','http://update.joomla.org/language/details/sy-IQ_details.xml',''),(194,3,0,0,'Russian','','pkg_ru-RU','package','',0,'2.5.11.1','','http://update.joomla.org/language/details/ru-RU_details.xml',''),(195,3,0,0,'Catalan','','pkg_ca-ES','package','',0,'2.5.10.1','','http://update.joomla.org/language/details/ca-ES_details.xml',''),(196,3,0,0,'Afrikaans','','pkg_af-ZA','package','',0,'2.5.11.1','','http://update.joomla.org/language/details/af-ZA_details.xml',''),(197,3,0,0,'Chinese Simplified','','pkg_zh-CN','package','',0,'2.5.11.1','','http://update.joomla.org/language/details/zh-CN_details.xml',''),(198,3,0,0,'Finnish','','pkg_fi-FI','package','',0,'2.5.10.1','','http://update.joomla.org/language/details/fi-FI_details.xml',''),(199,3,0,0,'Chinese Traditional','','pkg_zh-TW','package','',0,'2.5.10.1','','http://update.joomla.org/language/details/zh-TW_details.xml',''),(200,3,0,0,'Kurdish Sorani','','pkg_ckb-IQ','package','',0,'2.5.9.1','','http://update.joomla.org/language/details/ckb-IQ_details.xml',''),(201,3,0,0,'Bosnian','','pkg_bs-BA','package','',0,'2.5.10.1','','http://update.joomla.org/language/details/bs-BA_details.xml',''),(202,3,0,0,'Croatian','','pkg_hr-HR','package','',0,'2.5.9.1','','http://update.joomla.org/language/details/hr-HR_details.xml',''),(203,3,0,0,'Tamil India','','pkg_ta-IN','package','',0,'2.5.11.1','','http://update.joomla.org/language/details/ta-IN_details.xml',''),(204,3,0,0,'Korean','','pkg_ko-KR','package','',0,'2.5.10.1','','http://update.joomla.org/language/details/ko-KR_details.xml',''),(205,3,0,0,'Swahili','','pkg_sw-KE','package','',0,'2.5.10.1','','http://update.joomla.org/language/details/sw-KE_details.xml',''),(206,1,0,0,'Joomla','','joomla','file','',0,'2.5.11','','http://update.joomla.org/core/extension.xml',''),(207,3,0,0,'Bahasa Indonesia','','pkg_id-ID','package','',0,'2.5.10.1','','http://update.joomla.org/language/details/id-ID_details.xml',''),(208,3,0,0,'Danish','','pkg_da-DK','package','',0,'2.5.11.1','','http://update.joomla.org/language/details/da-DK_details.xml',''),(209,3,0,0,'Swedish','','pkg_sv-SE','package','',0,'2.5.10.1','','http://update.joomla.org/language/details/sv-SE_details.xml',''),(210,3,0,0,'French','','pkg_fr-FR','package','',0,'2.5.11.1','','http://update.joomla.org/language/details/fr-FR_details.xml',''),(211,3,0,0,'Italian','','pkg_it-IT','package','',0,'2.5.11.1','','http://update.joomla.org/language/details/it-IT_details.xml',''),(212,3,0,0,'Spanish','','pkg_es-ES','package','',0,'2.5.10.1','','http://update.joomla.org/language/details/es-ES_details.xml',''),(213,3,0,0,'Dutch','','pkg_nl-NL','package','',0,'2.5.11.1','','http://update.joomla.org/language/details/nl-NL_details.xml',''),(214,3,0,0,'Turkish','','pkg_tr-TR','package','',0,'2.5.10.1','','http://update.joomla.org/language/details/tr-TR_details.xml',''),(215,3,0,0,'Slovak','','pkg_sk-SK','package','',0,'2.5.10.1','','http://update.joomla.org/language/details/sk-SK_details.xml',''),(216,3,0,0,'Latvian','','pkg_lv-LV','package','',0,'2.5.10.1','','http://update.joomla.org/language/details/lv-LV_details.xml',''),(217,3,0,0,'Romanian','','pkg_ro-RO','package','',0,'2.5.11.1','','http://update.joomla.org/language/details/ro-RO_details.xml',''),(218,3,0,0,'Flemish','','pkg_nl-BE','package','',0,'2.5.11.1','','http://update.joomla.org/language/details/nl-BE_details.xml',''),(219,3,0,0,'Macedonian','','pkg_mk-MK','package','',0,'2.5.10.1','','http://update.joomla.org/language/details/mk-MK_details.xml',''),(220,3,0,0,'Japanese','','pkg_ja-JP','package','',0,'2.5.11.1','','http://update.joomla.org/language/details/ja-JP_details.xml',''),(221,3,0,0,'Serbian Latin','','pkg_sr-YU','package','',0,'2.5.10.1','','http://update.joomla.org/language/details/sr-YU_details.xml',''),(222,3,0,0,'Arabic Unitag','','pkg_ar-AA','package','',0,'2.5.11.1','','http://update.joomla.org/language/details/ar-AA_details.xml',''),(223,3,0,0,'German','','pkg_de-DE','package','',0,'2.5.11.1','','http://update.joomla.org/language/details/de-DE_details.xml',''),(224,3,0,0,'Norwegian Bokmal','','pkg_nb-NO','package','',0,'2.5.9.2','','http://update.joomla.org/language/details/nb-NO_details.xml',''),(225,3,0,0,'English AU','','pkg_en-AU','package','',0,'2.5.10.1','','http://update.joomla.org/language/details/en-AU_details.xml',''),(226,3,0,0,'English US','','pkg_en-US','package','',0,'2.5.10.1','','http://update.joomla.org/language/details/en-US_details.xml',''),(227,3,0,0,'Serbian Cyrillic','','pkg_sr-RS','package','',0,'2.5.10.1','','http://update.joomla.org/language/details/sr-RS_details.xml',''),(228,3,0,0,'Persian','','pkg_fa-IR','package','',0,'2.5.11.1','','http://update.joomla.org/language/details/fa-IR_details.xml',''),(229,3,0,0,'Polish','','pkg_pl-PL','package','',0,'2.5.10.1','','http://update.joomla.org/language/details/pl-PL_details.xml',''),(230,3,0,0,'Syriac','','pkg_sy-IQ','package','',0,'2.5.10.1','','http://update.joomla.org/language/details/sy-IQ_details.xml',''),(231,3,0,0,'Russian','','pkg_ru-RU','package','',0,'2.5.11.1','','http://update.joomla.org/language/details/ru-RU_details.xml',''),(232,3,0,0,'Catalan','','pkg_ca-ES','package','',0,'2.5.10.1','','http://update.joomla.org/language/details/ca-ES_details.xml',''),(233,3,0,0,'Afrikaans','','pkg_af-ZA','package','',0,'2.5.11.1','','http://update.joomla.org/language/details/af-ZA_details.xml',''),(234,3,0,0,'Chinese Simplified','','pkg_zh-CN','package','',0,'2.5.11.1','','http://update.joomla.org/language/details/zh-CN_details.xml',''),(235,3,0,0,'Finnish','','pkg_fi-FI','package','',0,'2.5.10.1','','http://update.joomla.org/language/details/fi-FI_details.xml',''),(236,3,0,0,'Chinese Traditional','','pkg_zh-TW','package','',0,'2.5.10.1','','http://update.joomla.org/language/details/zh-TW_details.xml',''),(237,3,0,0,'Kurdish Sorani','','pkg_ckb-IQ','package','',0,'2.5.9.1','','http://update.joomla.org/language/details/ckb-IQ_details.xml',''),(238,3,0,0,'Bosnian','','pkg_bs-BA','package','',0,'2.5.10.1','','http://update.joomla.org/language/details/bs-BA_details.xml',''),(239,3,0,0,'Croatian','','pkg_hr-HR','package','',0,'2.5.9.1','','http://update.joomla.org/language/details/hr-HR_details.xml',''),(240,3,0,0,'Tamil India','','pkg_ta-IN','package','',0,'2.5.11.1','','http://update.joomla.org/language/details/ta-IN_details.xml',''),(241,3,0,0,'Korean','','pkg_ko-KR','package','',0,'2.5.10.1','','http://update.joomla.org/language/details/ko-KR_details.xml',''),(242,3,0,0,'Swahili','','pkg_sw-KE','package','',0,'2.5.10.1','','http://update.joomla.org/language/details/sw-KE_details.xml',''),(243,1,0,0,'Joomla','','joomla','file','',0,'2.5.11','','http://update.joomla.org/core/extension.xml',''),(244,3,0,0,'Bahasa Indonesia','','pkg_id-ID','package','',0,'2.5.10.1','','http://update.joomla.org/language/details/id-ID_details.xml',''),(245,3,0,0,'Danish','','pkg_da-DK','package','',0,'2.5.11.1','','http://update.joomla.org/language/details/da-DK_details.xml',''),(246,3,0,0,'Swedish','','pkg_sv-SE','package','',0,'2.5.10.1','','http://update.joomla.org/language/details/sv-SE_details.xml',''),(247,3,0,0,'French','','pkg_fr-FR','package','',0,'2.5.11.1','','http://update.joomla.org/language/details/fr-FR_details.xml',''),(248,3,0,0,'Italian','','pkg_it-IT','package','',0,'2.5.11.1','','http://update.joomla.org/language/details/it-IT_details.xml',''),(249,3,0,0,'Spanish','','pkg_es-ES','package','',0,'2.5.10.1','','http://update.joomla.org/language/details/es-ES_details.xml',''),(250,3,0,0,'Dutch','','pkg_nl-NL','package','',0,'2.5.11.1','','http://update.joomla.org/language/details/nl-NL_details.xml',''),(251,3,0,0,'Turkish','','pkg_tr-TR','package','',0,'2.5.10.1','','http://update.joomla.org/language/details/tr-TR_details.xml',''),(252,3,0,0,'Slovak','','pkg_sk-SK','package','',0,'2.5.10.1','','http://update.joomla.org/language/details/sk-SK_details.xml',''),(253,3,0,0,'Latvian','','pkg_lv-LV','package','',0,'2.5.10.1','','http://update.joomla.org/language/details/lv-LV_details.xml',''),(254,3,0,0,'Romanian','','pkg_ro-RO','package','',0,'2.5.11.1','','http://update.joomla.org/language/details/ro-RO_details.xml',''),(255,3,0,0,'Flemish','','pkg_nl-BE','package','',0,'2.5.11.1','','http://update.joomla.org/language/details/nl-BE_details.xml',''),(256,3,0,0,'Macedonian','','pkg_mk-MK','package','',0,'2.5.10.1','','http://update.joomla.org/language/details/mk-MK_details.xml',''),(257,3,0,0,'Japanese','','pkg_ja-JP','package','',0,'2.5.11.1','','http://update.joomla.org/language/details/ja-JP_details.xml',''),(258,3,0,0,'Serbian Latin','','pkg_sr-YU','package','',0,'2.5.10.1','','http://update.joomla.org/language/details/sr-YU_details.xml',''),(259,3,0,0,'Arabic Unitag','','pkg_ar-AA','package','',0,'2.5.11.1','','http://update.joomla.org/language/details/ar-AA_details.xml',''),(260,3,0,0,'German','','pkg_de-DE','package','',0,'2.5.11.1','','http://update.joomla.org/language/details/de-DE_details.xml',''),(261,3,0,0,'Norwegian Bokmal','','pkg_nb-NO','package','',0,'2.5.9.2','','http://update.joomla.org/language/details/nb-NO_details.xml',''),(262,3,0,0,'English AU','','pkg_en-AU','package','',0,'2.5.10.1','','http://update.joomla.org/language/details/en-AU_details.xml',''),(263,3,0,0,'English US','','pkg_en-US','package','',0,'2.5.10.1','','http://update.joomla.org/language/details/en-US_details.xml',''),(264,3,0,0,'Serbian Cyrillic','','pkg_sr-RS','package','',0,'2.5.10.1','','http://update.joomla.org/language/details/sr-RS_details.xml',''),(265,3,0,0,'Persian','','pkg_fa-IR','package','',0,'2.5.11.1','','http://update.joomla.org/language/details/fa-IR_details.xml',''),(266,3,0,0,'Polish','','pkg_pl-PL','package','',0,'2.5.10.1','','http://update.joomla.org/language/details/pl-PL_details.xml',''),(267,3,0,0,'Syriac','','pkg_sy-IQ','package','',0,'2.5.10.1','','http://update.joomla.org/language/details/sy-IQ_details.xml',''),(268,3,0,0,'Russian','','pkg_ru-RU','package','',0,'2.5.11.1','','http://update.joomla.org/language/details/ru-RU_details.xml',''),(269,3,0,0,'Catalan','','pkg_ca-ES','package','',0,'2.5.10.1','','http://update.joomla.org/language/details/ca-ES_details.xml',''),(270,3,0,0,'Afrikaans','','pkg_af-ZA','package','',0,'2.5.11.1','','http://update.joomla.org/language/details/af-ZA_details.xml',''),(271,3,0,0,'Chinese Simplified','','pkg_zh-CN','package','',0,'2.5.11.1','','http://update.joomla.org/language/details/zh-CN_details.xml',''),(272,3,0,0,'Finnish','','pkg_fi-FI','package','',0,'2.5.10.1','','http://update.joomla.org/language/details/fi-FI_details.xml',''),(273,3,0,0,'Chinese Traditional','','pkg_zh-TW','package','',0,'2.5.10.1','','http://update.joomla.org/language/details/zh-TW_details.xml',''),(274,3,0,0,'Kurdish Sorani','','pkg_ckb-IQ','package','',0,'2.5.9.1','','http://update.joomla.org/language/details/ckb-IQ_details.xml',''),(275,3,0,0,'Bosnian','','pkg_bs-BA','package','',0,'2.5.10.1','','http://update.joomla.org/language/details/bs-BA_details.xml',''),(276,3,0,0,'Croatian','','pkg_hr-HR','package','',0,'2.5.9.1','','http://update.joomla.org/language/details/hr-HR_details.xml',''),(277,3,0,0,'Tamil India','','pkg_ta-IN','package','',0,'2.5.11.1','','http://update.joomla.org/language/details/ta-IN_details.xml',''),(278,3,0,0,'Korean','','pkg_ko-KR','package','',0,'2.5.10.1','','http://update.joomla.org/language/details/ko-KR_details.xml',''),(279,3,0,0,'Swahili','','pkg_sw-KE','package','',0,'2.5.10.1','','http://update.joomla.org/language/details/sw-KE_details.xml',''),(280,1,0,0,'Joomla','','joomla','file','',0,'2.5.11','','http://update.joomla.org/core/extension.xml',''),(281,1,0,0,'Joomla','','joomla','file','',0,'2.5.11','','http://update.joomla.org/core/extension.xml',''),(282,3,0,0,'Bahasa Indonesia','','pkg_id-ID','package','',0,'2.5.10.1','','http://update.joomla.org/language/details/id-ID_details.xml',''),(283,3,0,0,'Danish','','pkg_da-DK','package','',0,'2.5.11.1','','http://update.joomla.org/language/details/da-DK_details.xml',''),(284,3,0,0,'Swedish','','pkg_sv-SE','package','',0,'2.5.10.1','','http://update.joomla.org/language/details/sv-SE_details.xml',''),(285,3,0,0,'French','','pkg_fr-FR','package','',0,'2.5.11.1','','http://update.joomla.org/language/details/fr-FR_details.xml',''),(286,3,0,0,'Italian','','pkg_it-IT','package','',0,'2.5.11.1','','http://update.joomla.org/language/details/it-IT_details.xml',''),(287,3,0,0,'Spanish','','pkg_es-ES','package','',0,'2.5.10.1','','http://update.joomla.org/language/details/es-ES_details.xml',''),(288,3,0,0,'Dutch','','pkg_nl-NL','package','',0,'2.5.11.1','','http://update.joomla.org/language/details/nl-NL_details.xml',''),(289,3,0,0,'Turkish','','pkg_tr-TR','package','',0,'2.5.10.1','','http://update.joomla.org/language/details/tr-TR_details.xml',''),(290,3,0,0,'Slovak','','pkg_sk-SK','package','',0,'2.5.10.1','','http://update.joomla.org/language/details/sk-SK_details.xml',''),(291,3,0,0,'Latvian','','pkg_lv-LV','package','',0,'2.5.10.1','','http://update.joomla.org/language/details/lv-LV_details.xml',''),(292,3,0,0,'Romanian','','pkg_ro-RO','package','',0,'2.5.11.1','','http://update.joomla.org/language/details/ro-RO_details.xml',''),(293,3,0,0,'Flemish','','pkg_nl-BE','package','',0,'2.5.11.1','','http://update.joomla.org/language/details/nl-BE_details.xml',''),(294,3,0,0,'Macedonian','','pkg_mk-MK','package','',0,'2.5.10.1','','http://update.joomla.org/language/details/mk-MK_details.xml',''),(295,3,0,0,'Japanese','','pkg_ja-JP','package','',0,'2.5.11.1','','http://update.joomla.org/language/details/ja-JP_details.xml',''),(296,3,0,0,'Serbian Latin','','pkg_sr-YU','package','',0,'2.5.10.1','','http://update.joomla.org/language/details/sr-YU_details.xml',''),(297,3,0,0,'Arabic Unitag','','pkg_ar-AA','package','',0,'2.5.11.1','','http://update.joomla.org/language/details/ar-AA_details.xml',''),(298,3,0,0,'German','','pkg_de-DE','package','',0,'2.5.11.1','','http://update.joomla.org/language/details/de-DE_details.xml',''),(299,3,0,0,'Norwegian Bokmal','','pkg_nb-NO','package','',0,'2.5.9.2','','http://update.joomla.org/language/details/nb-NO_details.xml',''),(300,3,0,0,'English AU','','pkg_en-AU','package','',0,'2.5.10.1','','http://update.joomla.org/language/details/en-AU_details.xml',''),(301,3,0,0,'English US','','pkg_en-US','package','',0,'2.5.10.1','','http://update.joomla.org/language/details/en-US_details.xml',''),(302,3,0,0,'Serbian Cyrillic','','pkg_sr-RS','package','',0,'2.5.10.1','','http://update.joomla.org/language/details/sr-RS_details.xml',''),(303,3,0,0,'Persian','','pkg_fa-IR','package','',0,'2.5.11.1','','http://update.joomla.org/language/details/fa-IR_details.xml',''),(304,3,0,0,'Polish','','pkg_pl-PL','package','',0,'2.5.10.1','','http://update.joomla.org/language/details/pl-PL_details.xml',''),(305,3,0,0,'Syriac','','pkg_sy-IQ','package','',0,'2.5.10.1','','http://update.joomla.org/language/details/sy-IQ_details.xml',''),(306,3,0,0,'Russian','','pkg_ru-RU','package','',0,'2.5.11.1','','http://update.joomla.org/language/details/ru-RU_details.xml',''),(307,3,0,0,'Catalan','','pkg_ca-ES','package','',0,'2.5.10.1','','http://update.joomla.org/language/details/ca-ES_details.xml',''),(308,3,0,0,'Afrikaans','','pkg_af-ZA','package','',0,'2.5.11.1','','http://update.joomla.org/language/details/af-ZA_details.xml',''),(309,3,0,0,'Chinese Simplified','','pkg_zh-CN','package','',0,'2.5.11.1','','http://update.joomla.org/language/details/zh-CN_details.xml',''),(310,3,0,0,'Finnish','','pkg_fi-FI','package','',0,'2.5.10.1','','http://update.joomla.org/language/details/fi-FI_details.xml',''),(311,3,0,0,'Chinese Traditional','','pkg_zh-TW','package','',0,'2.5.10.1','','http://update.joomla.org/language/details/zh-TW_details.xml',''),(312,3,0,0,'Kurdish Sorani','','pkg_ckb-IQ','package','',0,'2.5.9.1','','http://update.joomla.org/language/details/ckb-IQ_details.xml',''),(313,3,0,0,'Bosnian','','pkg_bs-BA','package','',0,'2.5.10.1','','http://update.joomla.org/language/details/bs-BA_details.xml',''),(314,3,0,0,'Croatian','','pkg_hr-HR','package','',0,'2.5.9.1','','http://update.joomla.org/language/details/hr-HR_details.xml',''),(315,3,0,0,'Tamil India','','pkg_ta-IN','package','',0,'2.5.11.1','','http://update.joomla.org/language/details/ta-IN_details.xml',''),(316,3,0,0,'Korean','','pkg_ko-KR','package','',0,'2.5.10.1','','http://update.joomla.org/language/details/ko-KR_details.xml',''),(317,3,0,0,'Swahili','','pkg_sw-KE','package','',0,'2.5.10.1','','http://update.joomla.org/language/details/sw-KE_details.xml',''),(318,3,0,0,'Bahasa Indonesia','','pkg_id-ID','package','',0,'2.5.10.1','','http://update.joomla.org/language/details/id-ID_details.xml',''),(319,3,0,0,'Danish','','pkg_da-DK','package','',0,'2.5.11.1','','http://update.joomla.org/language/details/da-DK_details.xml',''),(320,3,0,0,'Swedish','','pkg_sv-SE','package','',0,'2.5.10.1','','http://update.joomla.org/language/details/sv-SE_details.xml',''),(321,3,0,0,'French','','pkg_fr-FR','package','',0,'2.5.11.1','','http://update.joomla.org/language/details/fr-FR_details.xml',''),(322,3,0,0,'Italian','','pkg_it-IT','package','',0,'2.5.11.1','','http://update.joomla.org/language/details/it-IT_details.xml',''),(323,3,0,0,'Spanish','','pkg_es-ES','package','',0,'2.5.10.1','','http://update.joomla.org/language/details/es-ES_details.xml',''),(324,3,0,0,'Dutch','','pkg_nl-NL','package','',0,'2.5.11.1','','http://update.joomla.org/language/details/nl-NL_details.xml',''),(325,3,0,0,'Turkish','','pkg_tr-TR','package','',0,'2.5.10.1','','http://update.joomla.org/language/details/tr-TR_details.xml',''),(326,3,0,0,'Slovak','','pkg_sk-SK','package','',0,'2.5.10.1','','http://update.joomla.org/language/details/sk-SK_details.xml',''),(327,3,0,0,'Latvian','','pkg_lv-LV','package','',0,'2.5.10.1','','http://update.joomla.org/language/details/lv-LV_details.xml',''),(328,3,0,0,'Romanian','','pkg_ro-RO','package','',0,'2.5.11.1','','http://update.joomla.org/language/details/ro-RO_details.xml',''),(329,3,0,0,'Flemish','','pkg_nl-BE','package','',0,'2.5.11.1','','http://update.joomla.org/language/details/nl-BE_details.xml',''),(330,3,0,0,'Macedonian','','pkg_mk-MK','package','',0,'2.5.10.1','','http://update.joomla.org/language/details/mk-MK_details.xml',''),(331,3,0,0,'Japanese','','pkg_ja-JP','package','',0,'2.5.11.1','','http://update.joomla.org/language/details/ja-JP_details.xml',''),(332,3,0,0,'Serbian Latin','','pkg_sr-YU','package','',0,'2.5.10.1','','http://update.joomla.org/language/details/sr-YU_details.xml',''),(333,3,0,0,'Arabic Unitag','','pkg_ar-AA','package','',0,'2.5.11.1','','http://update.joomla.org/language/details/ar-AA_details.xml',''),(334,3,0,0,'German','','pkg_de-DE','package','',0,'2.5.11.1','','http://update.joomla.org/language/details/de-DE_details.xml',''),(335,3,0,0,'Norwegian Bokmal','','pkg_nb-NO','package','',0,'2.5.9.2','','http://update.joomla.org/language/details/nb-NO_details.xml',''),(336,3,0,0,'English AU','','pkg_en-AU','package','',0,'2.5.10.1','','http://update.joomla.org/language/details/en-AU_details.xml',''),(337,3,0,0,'English US','','pkg_en-US','package','',0,'2.5.10.1','','http://update.joomla.org/language/details/en-US_details.xml',''),(338,3,0,0,'Serbian Cyrillic','','pkg_sr-RS','package','',0,'2.5.10.1','','http://update.joomla.org/language/details/sr-RS_details.xml',''),(339,3,0,0,'Persian','','pkg_fa-IR','package','',0,'2.5.11.1','','http://update.joomla.org/language/details/fa-IR_details.xml',''),(340,3,0,0,'Polish','','pkg_pl-PL','package','',0,'2.5.10.1','','http://update.joomla.org/language/details/pl-PL_details.xml',''),(341,3,0,0,'Syriac','','pkg_sy-IQ','package','',0,'2.5.10.1','','http://update.joomla.org/language/details/sy-IQ_details.xml',''),(342,3,0,0,'Russian','','pkg_ru-RU','package','',0,'2.5.11.1','','http://update.joomla.org/language/details/ru-RU_details.xml',''),(343,3,0,0,'Catalan','','pkg_ca-ES','package','',0,'2.5.10.1','','http://update.joomla.org/language/details/ca-ES_details.xml',''),(344,3,0,0,'Afrikaans','','pkg_af-ZA','package','',0,'2.5.11.1','','http://update.joomla.org/language/details/af-ZA_details.xml',''),(345,3,0,0,'Chinese Simplified','','pkg_zh-CN','package','',0,'2.5.11.1','','http://update.joomla.org/language/details/zh-CN_details.xml',''),(346,3,0,0,'Finnish','','pkg_fi-FI','package','',0,'2.5.10.1','','http://update.joomla.org/language/details/fi-FI_details.xml',''),(347,3,0,0,'Chinese Traditional','','pkg_zh-TW','package','',0,'2.5.10.1','','http://update.joomla.org/language/details/zh-TW_details.xml',''),(348,3,0,0,'Kurdish Sorani','','pkg_ckb-IQ','package','',0,'2.5.9.1','','http://update.joomla.org/language/details/ckb-IQ_details.xml',''),(349,3,0,0,'Bosnian','','pkg_bs-BA','package','',0,'2.5.10.1','','http://update.joomla.org/language/details/bs-BA_details.xml',''),(350,3,0,0,'Croatian','','pkg_hr-HR','package','',0,'2.5.9.1','','http://update.joomla.org/language/details/hr-HR_details.xml',''),(351,3,0,0,'Tamil India','','pkg_ta-IN','package','',0,'2.5.11.1','','http://update.joomla.org/language/details/ta-IN_details.xml',''),(352,3,0,0,'Korean','','pkg_ko-KR','package','',0,'2.5.10.1','','http://update.joomla.org/language/details/ko-KR_details.xml',''),(353,3,0,0,'Swahili','','pkg_sw-KE','package','',0,'2.5.10.1','','http://update.joomla.org/language/details/sw-KE_details.xml',''),(354,1,0,0,'Joomla','','joomla','file','',0,'2.5.11','','http://update.joomla.org/core/extension.xml',''),(355,3,0,0,'Bahasa Indonesia','','pkg_id-ID','package','',0,'2.5.10.1','','http://update.joomla.org/language/details/id-ID_details.xml',''),(356,3,0,0,'Danish','','pkg_da-DK','package','',0,'2.5.11.1','','http://update.joomla.org/language/details/da-DK_details.xml',''),(357,3,0,0,'Swedish','','pkg_sv-SE','package','',0,'2.5.10.1','','http://update.joomla.org/language/details/sv-SE_details.xml',''),(358,3,0,0,'French','','pkg_fr-FR','package','',0,'2.5.11.1','','http://update.joomla.org/language/details/fr-FR_details.xml',''),(359,3,0,0,'Italian','','pkg_it-IT','package','',0,'2.5.11.1','','http://update.joomla.org/language/details/it-IT_details.xml',''),(360,3,0,0,'Spanish','','pkg_es-ES','package','',0,'2.5.10.1','','http://update.joomla.org/language/details/es-ES_details.xml',''),(361,3,0,0,'Dutch','','pkg_nl-NL','package','',0,'2.5.11.1','','http://update.joomla.org/language/details/nl-NL_details.xml',''),(362,3,0,0,'Turkish','','pkg_tr-TR','package','',0,'2.5.10.1','','http://update.joomla.org/language/details/tr-TR_details.xml',''),(363,3,0,0,'Slovak','','pkg_sk-SK','package','',0,'2.5.10.1','','http://update.joomla.org/language/details/sk-SK_details.xml',''),(364,3,0,0,'Latvian','','pkg_lv-LV','package','',0,'2.5.10.1','','http://update.joomla.org/language/details/lv-LV_details.xml',''),(365,3,0,0,'Romanian','','pkg_ro-RO','package','',0,'2.5.11.1','','http://update.joomla.org/language/details/ro-RO_details.xml',''),(366,3,0,0,'Flemish','','pkg_nl-BE','package','',0,'2.5.11.1','','http://update.joomla.org/language/details/nl-BE_details.xml',''),(367,3,0,0,'Macedonian','','pkg_mk-MK','package','',0,'2.5.10.1','','http://update.joomla.org/language/details/mk-MK_details.xml',''),(368,3,0,0,'Japanese','','pkg_ja-JP','package','',0,'2.5.11.1','','http://update.joomla.org/language/details/ja-JP_details.xml',''),(369,3,0,0,'Serbian Latin','','pkg_sr-YU','package','',0,'2.5.10.1','','http://update.joomla.org/language/details/sr-YU_details.xml',''),(370,3,0,0,'Arabic Unitag','','pkg_ar-AA','package','',0,'2.5.11.1','','http://update.joomla.org/language/details/ar-AA_details.xml',''),(371,3,0,0,'German','','pkg_de-DE','package','',0,'2.5.11.1','','http://update.joomla.org/language/details/de-DE_details.xml',''),(372,3,0,0,'Norwegian Bokmal','','pkg_nb-NO','package','',0,'2.5.9.2','','http://update.joomla.org/language/details/nb-NO_details.xml',''),(373,3,0,0,'English AU','','pkg_en-AU','package','',0,'2.5.10.1','','http://update.joomla.org/language/details/en-AU_details.xml',''),(374,3,0,0,'English US','','pkg_en-US','package','',0,'2.5.10.1','','http://update.joomla.org/language/details/en-US_details.xml',''),(375,3,0,0,'Serbian Cyrillic','','pkg_sr-RS','package','',0,'2.5.10.1','','http://update.joomla.org/language/details/sr-RS_details.xml',''),(376,3,0,0,'Persian','','pkg_fa-IR','package','',0,'2.5.11.1','','http://update.joomla.org/language/details/fa-IR_details.xml',''),(377,3,0,0,'Polish','','pkg_pl-PL','package','',0,'2.5.10.1','','http://update.joomla.org/language/details/pl-PL_details.xml',''),(378,3,0,0,'Syriac','','pkg_sy-IQ','package','',0,'2.5.10.1','','http://update.joomla.org/language/details/sy-IQ_details.xml',''),(379,3,0,0,'Russian','','pkg_ru-RU','package','',0,'2.5.11.1','','http://update.joomla.org/language/details/ru-RU_details.xml',''),(380,3,0,0,'Catalan','','pkg_ca-ES','package','',0,'2.5.10.1','','http://update.joomla.org/language/details/ca-ES_details.xml',''),(381,3,0,0,'Afrikaans','','pkg_af-ZA','package','',0,'2.5.11.1','','http://update.joomla.org/language/details/af-ZA_details.xml',''),(382,3,0,0,'Chinese Simplified','','pkg_zh-CN','package','',0,'2.5.11.1','','http://update.joomla.org/language/details/zh-CN_details.xml',''),(383,3,0,0,'Finnish','','pkg_fi-FI','package','',0,'2.5.10.1','','http://update.joomla.org/language/details/fi-FI_details.xml',''),(384,3,0,0,'Chinese Traditional','','pkg_zh-TW','package','',0,'2.5.10.1','','http://update.joomla.org/language/details/zh-TW_details.xml',''),(385,3,0,0,'Kurdish Sorani','','pkg_ckb-IQ','package','',0,'2.5.9.1','','http://update.joomla.org/language/details/ckb-IQ_details.xml',''),(386,3,0,0,'Bosnian','','pkg_bs-BA','package','',0,'2.5.10.1','','http://update.joomla.org/language/details/bs-BA_details.xml',''),(387,3,0,0,'Croatian','','pkg_hr-HR','package','',0,'2.5.9.1','','http://update.joomla.org/language/details/hr-HR_details.xml',''),(388,3,0,0,'Tamil India','','pkg_ta-IN','package','',0,'2.5.11.1','','http://update.joomla.org/language/details/ta-IN_details.xml',''),(389,3,0,0,'Korean','','pkg_ko-KR','package','',0,'2.5.10.1','','http://update.joomla.org/language/details/ko-KR_details.xml',''),(390,3,0,0,'Swahili','','pkg_sw-KE','package','',0,'2.5.10.1','','http://update.joomla.org/language/details/sw-KE_details.xml',''),(391,1,0,0,'Joomla','','joomla','file','',0,'2.5.11','','http://update.joomla.org/core/extension.xml',''),(392,3,0,0,'Bahasa Indonesia','','pkg_id-ID','package','',0,'2.5.10.1','','http://update.joomla.org/language/details/id-ID_details.xml',''),(393,3,0,0,'Danish','','pkg_da-DK','package','',0,'2.5.11.1','','http://update.joomla.org/language/details/da-DK_details.xml',''),(394,3,0,0,'Swedish','','pkg_sv-SE','package','',0,'2.5.10.1','','http://update.joomla.org/language/details/sv-SE_details.xml',''),(395,3,0,0,'French','','pkg_fr-FR','package','',0,'2.5.11.1','','http://update.joomla.org/language/details/fr-FR_details.xml',''),(396,3,0,0,'Italian','','pkg_it-IT','package','',0,'2.5.11.1','','http://update.joomla.org/language/details/it-IT_details.xml',''),(397,3,0,0,'Spanish','','pkg_es-ES','package','',0,'2.5.10.1','','http://update.joomla.org/language/details/es-ES_details.xml',''),(398,3,0,0,'Dutch','','pkg_nl-NL','package','',0,'2.5.11.1','','http://update.joomla.org/language/details/nl-NL_details.xml',''),(399,3,0,0,'Turkish','','pkg_tr-TR','package','',0,'2.5.10.1','','http://update.joomla.org/language/details/tr-TR_details.xml',''),(400,3,0,0,'Slovak','','pkg_sk-SK','package','',0,'2.5.10.1','','http://update.joomla.org/language/details/sk-SK_details.xml',''),(401,3,0,0,'Latvian','','pkg_lv-LV','package','',0,'2.5.10.1','','http://update.joomla.org/language/details/lv-LV_details.xml',''),(402,3,0,0,'Romanian','','pkg_ro-RO','package','',0,'2.5.11.1','','http://update.joomla.org/language/details/ro-RO_details.xml',''),(403,3,0,0,'Flemish','','pkg_nl-BE','package','',0,'2.5.11.1','','http://update.joomla.org/language/details/nl-BE_details.xml',''),(404,3,0,0,'Macedonian','','pkg_mk-MK','package','',0,'2.5.10.1','','http://update.joomla.org/language/details/mk-MK_details.xml',''),(405,3,0,0,'Japanese','','pkg_ja-JP','package','',0,'2.5.11.1','','http://update.joomla.org/language/details/ja-JP_details.xml',''),(406,3,0,0,'Serbian Latin','','pkg_sr-YU','package','',0,'2.5.10.1','','http://update.joomla.org/language/details/sr-YU_details.xml',''),(407,3,0,0,'Arabic Unitag','','pkg_ar-AA','package','',0,'2.5.11.1','','http://update.joomla.org/language/details/ar-AA_details.xml',''),(408,3,0,0,'German','','pkg_de-DE','package','',0,'2.5.11.1','','http://update.joomla.org/language/details/de-DE_details.xml',''),(409,3,0,0,'Norwegian Bokmal','','pkg_nb-NO','package','',0,'2.5.9.2','','http://update.joomla.org/language/details/nb-NO_details.xml',''),(410,3,0,0,'English AU','','pkg_en-AU','package','',0,'2.5.10.1','','http://update.joomla.org/language/details/en-AU_details.xml',''),(411,3,0,0,'English US','','pkg_en-US','package','',0,'2.5.10.1','','http://update.joomla.org/language/details/en-US_details.xml',''),(412,3,0,0,'Serbian Cyrillic','','pkg_sr-RS','package','',0,'2.5.10.1','','http://update.joomla.org/language/details/sr-RS_details.xml',''),(413,3,0,0,'Persian','','pkg_fa-IR','package','',0,'2.5.11.1','','http://update.joomla.org/language/details/fa-IR_details.xml',''),(414,3,0,0,'Polish','','pkg_pl-PL','package','',0,'2.5.10.1','','http://update.joomla.org/language/details/pl-PL_details.xml',''),(415,3,0,0,'Syriac','','pkg_sy-IQ','package','',0,'2.5.10.1','','http://update.joomla.org/language/details/sy-IQ_details.xml',''),(416,3,0,0,'Russian','','pkg_ru-RU','package','',0,'2.5.11.1','','http://update.joomla.org/language/details/ru-RU_details.xml',''),(417,3,0,0,'Catalan','','pkg_ca-ES','package','',0,'2.5.10.1','','http://update.joomla.org/language/details/ca-ES_details.xml',''),(418,3,0,0,'Afrikaans','','pkg_af-ZA','package','',0,'2.5.11.1','','http://update.joomla.org/language/details/af-ZA_details.xml',''),(419,3,0,0,'Chinese Simplified','','pkg_zh-CN','package','',0,'2.5.11.1','','http://update.joomla.org/language/details/zh-CN_details.xml',''),(420,3,0,0,'Finnish','','pkg_fi-FI','package','',0,'2.5.10.1','','http://update.joomla.org/language/details/fi-FI_details.xml',''),(421,3,0,0,'Chinese Traditional','','pkg_zh-TW','package','',0,'2.5.10.1','','http://update.joomla.org/language/details/zh-TW_details.xml',''),(422,3,0,0,'Kurdish Sorani','','pkg_ckb-IQ','package','',0,'2.5.9.1','','http://update.joomla.org/language/details/ckb-IQ_details.xml',''),(423,3,0,0,'Bosnian','','pkg_bs-BA','package','',0,'2.5.10.1','','http://update.joomla.org/language/details/bs-BA_details.xml',''),(424,3,0,0,'Croatian','','pkg_hr-HR','package','',0,'2.5.9.1','','http://update.joomla.org/language/details/hr-HR_details.xml',''),(425,3,0,0,'Tamil India','','pkg_ta-IN','package','',0,'2.5.11.1','','http://update.joomla.org/language/details/ta-IN_details.xml',''),(426,3,0,0,'Korean','','pkg_ko-KR','package','',0,'2.5.10.1','','http://update.joomla.org/language/details/ko-KR_details.xml',''),(427,3,0,0,'Swahili','','pkg_sw-KE','package','',0,'2.5.10.1','','http://update.joomla.org/language/details/sw-KE_details.xml',''),(428,1,0,0,'Joomla','','joomla','file','',0,'2.5.11','','http://update.joomla.org/core/extension.xml',''),(429,3,0,0,'Bahasa Indonesia','','pkg_id-ID','package','',0,'2.5.10.1','','http://update.joomla.org/language/details/id-ID_details.xml',''),(430,3,0,0,'Danish','','pkg_da-DK','package','',0,'2.5.11.1','','http://update.joomla.org/language/details/da-DK_details.xml',''),(431,3,0,0,'Swedish','','pkg_sv-SE','package','',0,'2.5.10.1','','http://update.joomla.org/language/details/sv-SE_details.xml',''),(432,3,0,0,'French','','pkg_fr-FR','package','',0,'2.5.11.1','','http://update.joomla.org/language/details/fr-FR_details.xml',''),(433,3,0,0,'Italian','','pkg_it-IT','package','',0,'2.5.11.1','','http://update.joomla.org/language/details/it-IT_details.xml',''),(434,3,0,0,'Spanish','','pkg_es-ES','package','',0,'2.5.10.1','','http://update.joomla.org/language/details/es-ES_details.xml',''),(435,3,0,0,'Dutch','','pkg_nl-NL','package','',0,'2.5.11.1','','http://update.joomla.org/language/details/nl-NL_details.xml',''),(436,3,0,0,'Turkish','','pkg_tr-TR','package','',0,'2.5.10.1','','http://update.joomla.org/language/details/tr-TR_details.xml',''),(437,3,0,0,'Slovak','','pkg_sk-SK','package','',0,'2.5.10.1','','http://update.joomla.org/language/details/sk-SK_details.xml',''),(438,3,0,0,'Latvian','','pkg_lv-LV','package','',0,'2.5.10.1','','http://update.joomla.org/language/details/lv-LV_details.xml',''),(439,3,0,0,'Romanian','','pkg_ro-RO','package','',0,'2.5.11.1','','http://update.joomla.org/language/details/ro-RO_details.xml',''),(440,3,0,0,'Flemish','','pkg_nl-BE','package','',0,'2.5.11.1','','http://update.joomla.org/language/details/nl-BE_details.xml',''),(441,3,0,0,'Macedonian','','pkg_mk-MK','package','',0,'2.5.10.1','','http://update.joomla.org/language/details/mk-MK_details.xml',''),(442,3,0,0,'Japanese','','pkg_ja-JP','package','',0,'2.5.11.1','','http://update.joomla.org/language/details/ja-JP_details.xml',''),(443,3,0,0,'Serbian Latin','','pkg_sr-YU','package','',0,'2.5.10.1','','http://update.joomla.org/language/details/sr-YU_details.xml',''),(444,3,0,0,'Arabic Unitag','','pkg_ar-AA','package','',0,'2.5.11.1','','http://update.joomla.org/language/details/ar-AA_details.xml',''),(445,3,0,0,'German','','pkg_de-DE','package','',0,'2.5.11.1','','http://update.joomla.org/language/details/de-DE_details.xml',''),(446,3,0,0,'Norwegian Bokmal','','pkg_nb-NO','package','',0,'2.5.9.2','','http://update.joomla.org/language/details/nb-NO_details.xml',''),(447,3,0,0,'English AU','','pkg_en-AU','package','',0,'2.5.10.1','','http://update.joomla.org/language/details/en-AU_details.xml',''),(448,3,0,0,'English US','','pkg_en-US','package','',0,'2.5.10.1','','http://update.joomla.org/language/details/en-US_details.xml',''),(449,3,0,0,'Serbian Cyrillic','','pkg_sr-RS','package','',0,'2.5.10.1','','http://update.joomla.org/language/details/sr-RS_details.xml',''),(450,3,0,0,'Persian','','pkg_fa-IR','package','',0,'2.5.11.1','','http://update.joomla.org/language/details/fa-IR_details.xml',''),(451,3,0,0,'Polish','','pkg_pl-PL','package','',0,'2.5.10.1','','http://update.joomla.org/language/details/pl-PL_details.xml',''),(452,3,0,0,'Syriac','','pkg_sy-IQ','package','',0,'2.5.10.1','','http://update.joomla.org/language/details/sy-IQ_details.xml',''),(453,3,0,0,'Russian','','pkg_ru-RU','package','',0,'2.5.11.1','','http://update.joomla.org/language/details/ru-RU_details.xml',''),(454,3,0,0,'Catalan','','pkg_ca-ES','package','',0,'2.5.10.1','','http://update.joomla.org/language/details/ca-ES_details.xml',''),(455,3,0,0,'Afrikaans','','pkg_af-ZA','package','',0,'2.5.11.1','','http://update.joomla.org/language/details/af-ZA_details.xml',''),(456,3,0,0,'Chinese Simplified','','pkg_zh-CN','package','',0,'2.5.11.1','','http://update.joomla.org/language/details/zh-CN_details.xml',''),(457,3,0,0,'Finnish','','pkg_fi-FI','package','',0,'2.5.10.1','','http://update.joomla.org/language/details/fi-FI_details.xml',''),(458,3,0,0,'Chinese Traditional','','pkg_zh-TW','package','',0,'2.5.10.1','','http://update.joomla.org/language/details/zh-TW_details.xml',''),(459,3,0,0,'Kurdish Sorani','','pkg_ckb-IQ','package','',0,'2.5.9.1','','http://update.joomla.org/language/details/ckb-IQ_details.xml',''),(460,3,0,0,'Bosnian','','pkg_bs-BA','package','',0,'2.5.10.1','','http://update.joomla.org/language/details/bs-BA_details.xml',''),(461,3,0,0,'Croatian','','pkg_hr-HR','package','',0,'2.5.9.1','','http://update.joomla.org/language/details/hr-HR_details.xml',''),(462,3,0,0,'Tamil India','','pkg_ta-IN','package','',0,'2.5.11.1','','http://update.joomla.org/language/details/ta-IN_details.xml',''),(463,3,0,0,'Korean','','pkg_ko-KR','package','',0,'2.5.10.1','','http://update.joomla.org/language/details/ko-KR_details.xml',''),(464,3,0,0,'Swahili','','pkg_sw-KE','package','',0,'2.5.10.1','','http://update.joomla.org/language/details/sw-KE_details.xml',''),(465,1,0,0,'Joomla','','joomla','file','',0,'2.5.11','','http://update.joomla.org/core/extension.xml',''),(466,3,0,0,'Bahasa Indonesia','','pkg_id-ID','package','',0,'2.5.10.1','','http://update.joomla.org/language/details/id-ID_details.xml',''),(467,3,0,0,'Danish','','pkg_da-DK','package','',0,'2.5.11.1','','http://update.joomla.org/language/details/da-DK_details.xml',''),(468,3,0,0,'Swedish','','pkg_sv-SE','package','',0,'2.5.10.1','','http://update.joomla.org/language/details/sv-SE_details.xml',''),(469,3,0,0,'French','','pkg_fr-FR','package','',0,'2.5.11.1','','http://update.joomla.org/language/details/fr-FR_details.xml',''),(470,3,0,0,'Italian','','pkg_it-IT','package','',0,'2.5.11.1','','http://update.joomla.org/language/details/it-IT_details.xml',''),(471,3,0,0,'Spanish','','pkg_es-ES','package','',0,'2.5.10.1','','http://update.joomla.org/language/details/es-ES_details.xml',''),(472,3,0,0,'Dutch','','pkg_nl-NL','package','',0,'2.5.11.1','','http://update.joomla.org/language/details/nl-NL_details.xml',''),(473,3,0,0,'Turkish','','pkg_tr-TR','package','',0,'2.5.10.1','','http://update.joomla.org/language/details/tr-TR_details.xml',''),(474,3,0,0,'Slovak','','pkg_sk-SK','package','',0,'2.5.10.1','','http://update.joomla.org/language/details/sk-SK_details.xml',''),(475,3,0,0,'Latvian','','pkg_lv-LV','package','',0,'2.5.10.1','','http://update.joomla.org/language/details/lv-LV_details.xml',''),(476,3,0,0,'Romanian','','pkg_ro-RO','package','',0,'2.5.11.1','','http://update.joomla.org/language/details/ro-RO_details.xml',''),(477,3,0,0,'Flemish','','pkg_nl-BE','package','',0,'2.5.11.1','','http://update.joomla.org/language/details/nl-BE_details.xml',''),(478,3,0,0,'Macedonian','','pkg_mk-MK','package','',0,'2.5.10.1','','http://update.joomla.org/language/details/mk-MK_details.xml',''),(479,3,0,0,'Japanese','','pkg_ja-JP','package','',0,'2.5.11.1','','http://update.joomla.org/language/details/ja-JP_details.xml',''),(480,3,0,0,'Serbian Latin','','pkg_sr-YU','package','',0,'2.5.10.1','','http://update.joomla.org/language/details/sr-YU_details.xml',''),(481,3,0,0,'Arabic Unitag','','pkg_ar-AA','package','',0,'2.5.11.1','','http://update.joomla.org/language/details/ar-AA_details.xml',''),(482,3,0,0,'German','','pkg_de-DE','package','',0,'2.5.11.1','','http://update.joomla.org/language/details/de-DE_details.xml',''),(483,3,0,0,'Norwegian Bokmal','','pkg_nb-NO','package','',0,'2.5.9.2','','http://update.joomla.org/language/details/nb-NO_details.xml',''),(484,3,0,0,'English AU','','pkg_en-AU','package','',0,'2.5.10.1','','http://update.joomla.org/language/details/en-AU_details.xml',''),(485,3,0,0,'English US','','pkg_en-US','package','',0,'2.5.10.1','','http://update.joomla.org/language/details/en-US_details.xml',''),(486,3,0,0,'Serbian Cyrillic','','pkg_sr-RS','package','',0,'2.5.10.1','','http://update.joomla.org/language/details/sr-RS_details.xml',''),(487,3,0,0,'Persian','','pkg_fa-IR','package','',0,'2.5.11.1','','http://update.joomla.org/language/details/fa-IR_details.xml',''),(488,3,0,0,'Polish','','pkg_pl-PL','package','',0,'2.5.10.1','','http://update.joomla.org/language/details/pl-PL_details.xml',''),(489,3,0,0,'Syriac','','pkg_sy-IQ','package','',0,'2.5.10.1','','http://update.joomla.org/language/details/sy-IQ_details.xml',''),(490,3,0,0,'Russian','','pkg_ru-RU','package','',0,'2.5.11.1','','http://update.joomla.org/language/details/ru-RU_details.xml',''),(491,3,0,0,'Catalan','','pkg_ca-ES','package','',0,'2.5.10.1','','http://update.joomla.org/language/details/ca-ES_details.xml',''),(492,3,0,0,'Afrikaans','','pkg_af-ZA','package','',0,'2.5.11.1','','http://update.joomla.org/language/details/af-ZA_details.xml',''),(493,3,0,0,'Chinese Simplified','','pkg_zh-CN','package','',0,'2.5.11.1','','http://update.joomla.org/language/details/zh-CN_details.xml',''),(494,3,0,0,'Finnish','','pkg_fi-FI','package','',0,'2.5.10.1','','http://update.joomla.org/language/details/fi-FI_details.xml',''),(495,3,0,0,'Chinese Traditional','','pkg_zh-TW','package','',0,'2.5.10.1','','http://update.joomla.org/language/details/zh-TW_details.xml',''),(496,3,0,0,'Kurdish Sorani','','pkg_ckb-IQ','package','',0,'2.5.9.1','','http://update.joomla.org/language/details/ckb-IQ_details.xml',''),(497,3,0,0,'Bosnian','','pkg_bs-BA','package','',0,'2.5.10.1','','http://update.joomla.org/language/details/bs-BA_details.xml',''),(498,3,0,0,'Croatian','','pkg_hr-HR','package','',0,'2.5.9.1','','http://update.joomla.org/language/details/hr-HR_details.xml',''),(499,3,0,0,'Tamil India','','pkg_ta-IN','package','',0,'2.5.11.1','','http://update.joomla.org/language/details/ta-IN_details.xml',''),(500,3,0,0,'Korean','','pkg_ko-KR','package','',0,'2.5.10.1','','http://update.joomla.org/language/details/ko-KR_details.xml',''),(501,3,0,0,'Swahili','','pkg_sw-KE','package','',0,'2.5.10.1','','http://update.joomla.org/language/details/sw-KE_details.xml',''),(502,1,0,0,'Joomla','','joomla','file','',0,'2.5.11','','http://update.joomla.org/core/extension.xml',''),(503,3,0,0,'Bahasa Indonesia','','pkg_id-ID','package','',0,'2.5.10.1','','http://update.joomla.org/language/details/id-ID_details.xml',''),(504,3,0,0,'Danish','','pkg_da-DK','package','',0,'2.5.11.1','','http://update.joomla.org/language/details/da-DK_details.xml',''),(505,3,0,0,'Swedish','','pkg_sv-SE','package','',0,'2.5.10.1','','http://update.joomla.org/language/details/sv-SE_details.xml',''),(506,3,0,0,'French','','pkg_fr-FR','package','',0,'2.5.11.1','','http://update.joomla.org/language/details/fr-FR_details.xml',''),(507,3,0,0,'Italian','','pkg_it-IT','package','',0,'2.5.11.1','','http://update.joomla.org/language/details/it-IT_details.xml',''),(508,3,0,0,'Spanish','','pkg_es-ES','package','',0,'2.5.10.1','','http://update.joomla.org/language/details/es-ES_details.xml',''),(509,3,0,0,'Dutch','','pkg_nl-NL','package','',0,'2.5.11.1','','http://update.joomla.org/language/details/nl-NL_details.xml',''),(510,3,0,0,'Turkish','','pkg_tr-TR','package','',0,'2.5.10.1','','http://update.joomla.org/language/details/tr-TR_details.xml',''),(511,3,0,0,'Slovak','','pkg_sk-SK','package','',0,'2.5.10.1','','http://update.joomla.org/language/details/sk-SK_details.xml',''),(512,3,0,0,'Latvian','','pkg_lv-LV','package','',0,'2.5.10.1','','http://update.joomla.org/language/details/lv-LV_details.xml',''),(513,3,0,0,'Romanian','','pkg_ro-RO','package','',0,'2.5.11.1','','http://update.joomla.org/language/details/ro-RO_details.xml',''),(514,3,0,0,'Flemish','','pkg_nl-BE','package','',0,'2.5.11.1','','http://update.joomla.org/language/details/nl-BE_details.xml',''),(515,3,0,0,'Macedonian','','pkg_mk-MK','package','',0,'2.5.10.1','','http://update.joomla.org/language/details/mk-MK_details.xml',''),(516,3,0,0,'Japanese','','pkg_ja-JP','package','',0,'2.5.11.1','','http://update.joomla.org/language/details/ja-JP_details.xml',''),(517,3,0,0,'Serbian Latin','','pkg_sr-YU','package','',0,'2.5.10.1','','http://update.joomla.org/language/details/sr-YU_details.xml',''),(518,3,0,0,'Arabic Unitag','','pkg_ar-AA','package','',0,'2.5.11.1','','http://update.joomla.org/language/details/ar-AA_details.xml',''),(519,3,0,0,'German','','pkg_de-DE','package','',0,'2.5.11.1','','http://update.joomla.org/language/details/de-DE_details.xml',''),(520,3,0,0,'Norwegian Bokmal','','pkg_nb-NO','package','',0,'2.5.9.2','','http://update.joomla.org/language/details/nb-NO_details.xml',''),(521,3,0,0,'English AU','','pkg_en-AU','package','',0,'2.5.10.1','','http://update.joomla.org/language/details/en-AU_details.xml',''),(522,3,0,0,'English US','','pkg_en-US','package','',0,'2.5.10.1','','http://update.joomla.org/language/details/en-US_details.xml',''),(523,3,0,0,'Serbian Cyrillic','','pkg_sr-RS','package','',0,'2.5.10.1','','http://update.joomla.org/language/details/sr-RS_details.xml',''),(524,3,0,0,'Persian','','pkg_fa-IR','package','',0,'2.5.11.1','','http://update.joomla.org/language/details/fa-IR_details.xml',''),(525,3,0,0,'Polish','','pkg_pl-PL','package','',0,'2.5.10.1','','http://update.joomla.org/language/details/pl-PL_details.xml',''),(526,3,0,0,'Syriac','','pkg_sy-IQ','package','',0,'2.5.10.1','','http://update.joomla.org/language/details/sy-IQ_details.xml',''),(527,3,0,0,'Russian','','pkg_ru-RU','package','',0,'2.5.11.1','','http://update.joomla.org/language/details/ru-RU_details.xml',''),(528,3,0,0,'Catalan','','pkg_ca-ES','package','',0,'2.5.10.1','','http://update.joomla.org/language/details/ca-ES_details.xml',''),(529,3,0,0,'Afrikaans','','pkg_af-ZA','package','',0,'2.5.11.1','','http://update.joomla.org/language/details/af-ZA_details.xml',''),(530,3,0,0,'Chinese Simplified','','pkg_zh-CN','package','',0,'2.5.11.1','','http://update.joomla.org/language/details/zh-CN_details.xml',''),(531,3,0,0,'Finnish','','pkg_fi-FI','package','',0,'2.5.10.1','','http://update.joomla.org/language/details/fi-FI_details.xml',''),(532,3,0,0,'Chinese Traditional','','pkg_zh-TW','package','',0,'2.5.10.1','','http://update.joomla.org/language/details/zh-TW_details.xml',''),(533,3,0,0,'Kurdish Sorani','','pkg_ckb-IQ','package','',0,'2.5.9.1','','http://update.joomla.org/language/details/ckb-IQ_details.xml',''),(534,3,0,0,'Bosnian','','pkg_bs-BA','package','',0,'2.5.10.1','','http://update.joomla.org/language/details/bs-BA_details.xml',''),(535,3,0,0,'Croatian','','pkg_hr-HR','package','',0,'2.5.9.1','','http://update.joomla.org/language/details/hr-HR_details.xml',''),(536,3,0,0,'Tamil India','','pkg_ta-IN','package','',0,'2.5.11.1','','http://update.joomla.org/language/details/ta-IN_details.xml',''),(537,3,0,0,'Korean','','pkg_ko-KR','package','',0,'2.5.10.1','','http://update.joomla.org/language/details/ko-KR_details.xml',''),(538,3,0,0,'Swahili','','pkg_sw-KE','package','',0,'2.5.10.1','','http://update.joomla.org/language/details/sw-KE_details.xml',''),(539,1,0,0,'Joomla','','joomla','file','',0,'2.5.11','','http://update.joomla.org/core/extension.xml',''),(540,3,0,0,'Bahasa Indonesia','','pkg_id-ID','package','',0,'2.5.10.1','','http://update.joomla.org/language/details/id-ID_details.xml',''),(541,3,0,0,'Danish','','pkg_da-DK','package','',0,'2.5.11.1','','http://update.joomla.org/language/details/da-DK_details.xml',''),(542,3,0,0,'Swedish','','pkg_sv-SE','package','',0,'2.5.10.1','','http://update.joomla.org/language/details/sv-SE_details.xml',''),(543,3,0,0,'French','','pkg_fr-FR','package','',0,'2.5.11.1','','http://update.joomla.org/language/details/fr-FR_details.xml',''),(544,3,0,0,'Italian','','pkg_it-IT','package','',0,'2.5.11.1','','http://update.joomla.org/language/details/it-IT_details.xml',''),(545,3,0,0,'Spanish','','pkg_es-ES','package','',0,'2.5.10.1','','http://update.joomla.org/language/details/es-ES_details.xml',''),(546,3,0,0,'Dutch','','pkg_nl-NL','package','',0,'2.5.11.1','','http://update.joomla.org/language/details/nl-NL_details.xml',''),(547,3,0,0,'Turkish','','pkg_tr-TR','package','',0,'2.5.10.1','','http://update.joomla.org/language/details/tr-TR_details.xml',''),(548,3,0,0,'Slovak','','pkg_sk-SK','package','',0,'2.5.10.1','','http://update.joomla.org/language/details/sk-SK_details.xml',''),(549,3,0,0,'Latvian','','pkg_lv-LV','package','',0,'2.5.10.1','','http://update.joomla.org/language/details/lv-LV_details.xml',''),(550,3,0,0,'Romanian','','pkg_ro-RO','package','',0,'2.5.11.1','','http://update.joomla.org/language/details/ro-RO_details.xml',''),(551,3,0,0,'Flemish','','pkg_nl-BE','package','',0,'2.5.11.1','','http://update.joomla.org/language/details/nl-BE_details.xml',''),(552,3,0,0,'Macedonian','','pkg_mk-MK','package','',0,'2.5.10.1','','http://update.joomla.org/language/details/mk-MK_details.xml',''),(553,3,0,0,'Japanese','','pkg_ja-JP','package','',0,'2.5.11.1','','http://update.joomla.org/language/details/ja-JP_details.xml',''),(554,3,0,0,'Serbian Latin','','pkg_sr-YU','package','',0,'2.5.10.1','','http://update.joomla.org/language/details/sr-YU_details.xml',''),(555,3,0,0,'Arabic Unitag','','pkg_ar-AA','package','',0,'2.5.11.1','','http://update.joomla.org/language/details/ar-AA_details.xml',''),(556,3,0,0,'German','','pkg_de-DE','package','',0,'2.5.11.1','','http://update.joomla.org/language/details/de-DE_details.xml',''),(557,3,0,0,'Norwegian Bokmal','','pkg_nb-NO','package','',0,'2.5.9.2','','http://update.joomla.org/language/details/nb-NO_details.xml',''),(558,3,0,0,'English AU','','pkg_en-AU','package','',0,'2.5.10.1','','http://update.joomla.org/language/details/en-AU_details.xml',''),(559,3,0,0,'English US','','pkg_en-US','package','',0,'2.5.10.1','','http://update.joomla.org/language/details/en-US_details.xml',''),(560,3,0,0,'Serbian Cyrillic','','pkg_sr-RS','package','',0,'2.5.10.1','','http://update.joomla.org/language/details/sr-RS_details.xml',''),(561,3,0,0,'Persian','','pkg_fa-IR','package','',0,'2.5.11.1','','http://update.joomla.org/language/details/fa-IR_details.xml',''),(562,3,0,0,'Polish','','pkg_pl-PL','package','',0,'2.5.10.1','','http://update.joomla.org/language/details/pl-PL_details.xml',''),(563,3,0,0,'Syriac','','pkg_sy-IQ','package','',0,'2.5.10.1','','http://update.joomla.org/language/details/sy-IQ_details.xml',''),(564,3,0,0,'Russian','','pkg_ru-RU','package','',0,'2.5.11.1','','http://update.joomla.org/language/details/ru-RU_details.xml',''),(565,3,0,0,'Catalan','','pkg_ca-ES','package','',0,'2.5.10.1','','http://update.joomla.org/language/details/ca-ES_details.xml',''),(566,3,0,0,'Afrikaans','','pkg_af-ZA','package','',0,'2.5.11.1','','http://update.joomla.org/language/details/af-ZA_details.xml',''),(567,3,0,0,'Chinese Simplified','','pkg_zh-CN','package','',0,'2.5.11.1','','http://update.joomla.org/language/details/zh-CN_details.xml',''),(568,3,0,0,'Finnish','','pkg_fi-FI','package','',0,'2.5.10.1','','http://update.joomla.org/language/details/fi-FI_details.xml',''),(569,3,0,0,'Chinese Traditional','','pkg_zh-TW','package','',0,'2.5.10.1','','http://update.joomla.org/language/details/zh-TW_details.xml',''),(570,3,0,0,'Kurdish Sorani','','pkg_ckb-IQ','package','',0,'2.5.9.1','','http://update.joomla.org/language/details/ckb-IQ_details.xml',''),(571,3,0,0,'Bosnian','','pkg_bs-BA','package','',0,'2.5.10.1','','http://update.joomla.org/language/details/bs-BA_details.xml',''),(572,3,0,0,'Croatian','','pkg_hr-HR','package','',0,'2.5.9.1','','http://update.joomla.org/language/details/hr-HR_details.xml',''),(573,3,0,0,'Tamil India','','pkg_ta-IN','package','',0,'2.5.11.1','','http://update.joomla.org/language/details/ta-IN_details.xml',''),(574,3,0,0,'Korean','','pkg_ko-KR','package','',0,'2.5.10.1','','http://update.joomla.org/language/details/ko-KR_details.xml',''),(575,3,0,0,'Swahili','','pkg_sw-KE','package','',0,'2.5.10.1','','http://update.joomla.org/language/details/sw-KE_details.xml',''),(576,1,0,0,'Joomla','','joomla','file','',0,'2.5.11','','http://update.joomla.org/core/extension.xml',''),(577,3,0,0,'Bahasa Indonesia','','pkg_id-ID','package','',0,'2.5.10.1','','http://update.joomla.org/language/details/id-ID_details.xml',''),(578,3,0,0,'Danish','','pkg_da-DK','package','',0,'2.5.11.1','','http://update.joomla.org/language/details/da-DK_details.xml',''),(579,3,0,0,'Swedish','','pkg_sv-SE','package','',0,'2.5.10.1','','http://update.joomla.org/language/details/sv-SE_details.xml',''),(580,3,0,0,'French','','pkg_fr-FR','package','',0,'2.5.11.1','','http://update.joomla.org/language/details/fr-FR_details.xml',''),(581,3,0,0,'Italian','','pkg_it-IT','package','',0,'2.5.11.1','','http://update.joomla.org/language/details/it-IT_details.xml',''),(582,3,0,0,'Spanish','','pkg_es-ES','package','',0,'2.5.10.1','','http://update.joomla.org/language/details/es-ES_details.xml',''),(583,3,0,0,'Dutch','','pkg_nl-NL','package','',0,'2.5.11.1','','http://update.joomla.org/language/details/nl-NL_details.xml',''),(584,3,0,0,'Turkish','','pkg_tr-TR','package','',0,'2.5.10.1','','http://update.joomla.org/language/details/tr-TR_details.xml',''),(585,3,0,0,'Slovak','','pkg_sk-SK','package','',0,'2.5.10.1','','http://update.joomla.org/language/details/sk-SK_details.xml',''),(586,3,0,0,'Latvian','','pkg_lv-LV','package','',0,'2.5.10.1','','http://update.joomla.org/language/details/lv-LV_details.xml',''),(587,3,0,0,'Romanian','','pkg_ro-RO','package','',0,'2.5.11.1','','http://update.joomla.org/language/details/ro-RO_details.xml',''),(588,3,0,0,'Flemish','','pkg_nl-BE','package','',0,'2.5.11.1','','http://update.joomla.org/language/details/nl-BE_details.xml',''),(589,3,0,0,'Macedonian','','pkg_mk-MK','package','',0,'2.5.10.1','','http://update.joomla.org/language/details/mk-MK_details.xml',''),(590,3,0,0,'Japanese','','pkg_ja-JP','package','',0,'2.5.11.1','','http://update.joomla.org/language/details/ja-JP_details.xml',''),(591,3,0,0,'Serbian Latin','','pkg_sr-YU','package','',0,'2.5.10.1','','http://update.joomla.org/language/details/sr-YU_details.xml',''),(592,3,0,0,'Arabic Unitag','','pkg_ar-AA','package','',0,'2.5.11.1','','http://update.joomla.org/language/details/ar-AA_details.xml',''),(593,3,0,0,'German','','pkg_de-DE','package','',0,'2.5.11.1','','http://update.joomla.org/language/details/de-DE_details.xml',''),(594,3,0,0,'Norwegian Bokmal','','pkg_nb-NO','package','',0,'2.5.9.2','','http://update.joomla.org/language/details/nb-NO_details.xml',''),(595,3,0,0,'English AU','','pkg_en-AU','package','',0,'2.5.10.1','','http://update.joomla.org/language/details/en-AU_details.xml',''),(596,3,0,0,'English US','','pkg_en-US','package','',0,'2.5.10.1','','http://update.joomla.org/language/details/en-US_details.xml',''),(597,3,0,0,'Serbian Cyrillic','','pkg_sr-RS','package','',0,'2.5.10.1','','http://update.joomla.org/language/details/sr-RS_details.xml',''),(598,3,0,0,'Persian','','pkg_fa-IR','package','',0,'2.5.11.1','','http://update.joomla.org/language/details/fa-IR_details.xml',''),(599,3,0,0,'Polish','','pkg_pl-PL','package','',0,'2.5.10.1','','http://update.joomla.org/language/details/pl-PL_details.xml',''),(600,3,0,0,'Syriac','','pkg_sy-IQ','package','',0,'2.5.10.1','','http://update.joomla.org/language/details/sy-IQ_details.xml',''),(601,3,0,0,'Russian','','pkg_ru-RU','package','',0,'2.5.11.1','','http://update.joomla.org/language/details/ru-RU_details.xml',''),(602,3,0,0,'Catalan','','pkg_ca-ES','package','',0,'2.5.10.1','','http://update.joomla.org/language/details/ca-ES_details.xml',''),(603,3,0,0,'Afrikaans','','pkg_af-ZA','package','',0,'2.5.11.1','','http://update.joomla.org/language/details/af-ZA_details.xml',''),(604,3,0,0,'Chinese Simplified','','pkg_zh-CN','package','',0,'2.5.11.1','','http://update.joomla.org/language/details/zh-CN_details.xml',''),(605,3,0,0,'Finnish','','pkg_fi-FI','package','',0,'2.5.10.1','','http://update.joomla.org/language/details/fi-FI_details.xml',''),(606,3,0,0,'Chinese Traditional','','pkg_zh-TW','package','',0,'2.5.10.1','','http://update.joomla.org/language/details/zh-TW_details.xml',''),(607,3,0,0,'Kurdish Sorani','','pkg_ckb-IQ','package','',0,'2.5.9.1','','http://update.joomla.org/language/details/ckb-IQ_details.xml',''),(608,3,0,0,'Bosnian','','pkg_bs-BA','package','',0,'2.5.10.1','','http://update.joomla.org/language/details/bs-BA_details.xml',''),(609,3,0,0,'Croatian','','pkg_hr-HR','package','',0,'2.5.9.1','','http://update.joomla.org/language/details/hr-HR_details.xml',''),(610,3,0,0,'Tamil India','','pkg_ta-IN','package','',0,'2.5.11.1','','http://update.joomla.org/language/details/ta-IN_details.xml',''),(611,3,0,0,'Korean','','pkg_ko-KR','package','',0,'2.5.10.1','','http://update.joomla.org/language/details/ko-KR_details.xml',''),(612,3,0,0,'Swahili','','pkg_sw-KE','package','',0,'2.5.10.1','','http://update.joomla.org/language/details/sw-KE_details.xml','');

--
-- Table structure for table `d2k9d_user_notes`
--

CREATE TABLE `d2k9d_user_notes` (
  `id` int(10) unsigned NOT NULL AUTO_INCREMENT,
  `user_id` int(10) unsigned NOT NULL DEFAULT '0',
  `catid` int(10) unsigned NOT NULL DEFAULT '0',
  `subject` varchar(100) NOT NULL DEFAULT '',
  `body` text NOT NULL,
  `state` tinyint(3) NOT NULL DEFAULT '0',
  `checked_out` int(10) unsigned NOT NULL DEFAULT '0',
  `checked_out_time` datetime NOT NULL DEFAULT '0000-00-00 00:00:00',
  `created_user_id` int(10) unsigned NOT NULL DEFAULT '0',
  `created_time` datetime NOT NULL DEFAULT '0000-00-00 00:00:00',
  `modified_user_id` int(10) unsigned NOT NULL,
  `modified_time` datetime NOT NULL DEFAULT '0000-00-00 00:00:00',
  `review_time` datetime NOT NULL DEFAULT '0000-00-00 00:00:00',
  `publish_up` datetime NOT NULL DEFAULT '0000-00-00 00:00:00',
  `publish_down` datetime NOT NULL DEFAULT '0000-00-00 00:00:00',
  PRIMARY KEY (`id`),
  KEY `idx_user_id` (`user_id`),
  KEY `idx_category_id` (`catid`)
) ENGINE=MyISAM DEFAULT CHARSET=utf8;

--
-- Dumping data for table `d2k9d_user_notes`
--


--
-- Table structure for table `d2k9d_user_profiles`
--

CREATE TABLE `d2k9d_user_profiles` (
  `user_id` int(11) NOT NULL,
  `profile_key` varchar(100) NOT NULL,
  `profile_value` varchar(255) NOT NULL,
  `ordering` int(11) NOT NULL DEFAULT '0',
  UNIQUE KEY `idx_user_id_profile_key` (`user_id`,`profile_key`)
) ENGINE=MyISAM DEFAULT CHARSET=utf8 COMMENT='Simple user profile storage table';

--
-- Dumping data for table `d2k9d_user_profiles`
--


--
-- Table structure for table `d2k9d_user_usergroup_map`
--

CREATE TABLE `d2k9d_user_usergroup_map` (
  `user_id` int(10) unsigned NOT NULL DEFAULT '0' COMMENT 'Foreign Key to #__users.id',
  `group_id` int(10) unsigned NOT NULL DEFAULT '0' COMMENT 'Foreign Key to #__usergroups.id',
  PRIMARY KEY (`user_id`,`group_id`)
) ENGINE=MyISAM DEFAULT CHARSET=utf8;

--
-- Dumping data for table `d2k9d_user_usergroup_map`
--

INSERT INTO `d2k9d_user_usergroup_map` VALUES (893,8);

--
-- Table structure for table `d2k9d_usergroups`
--

CREATE TABLE `d2k9d_usergroups` (
  `id` int(10) unsigned NOT NULL AUTO_INCREMENT COMMENT 'Primary Key',
  `parent_id` int(10) unsigned NOT NULL DEFAULT '0' COMMENT 'Adjacency List Reference Id',
  `lft` int(11) NOT NULL DEFAULT '0' COMMENT 'Nested set lft.',
  `rgt` int(11) NOT NULL DEFAULT '0' COMMENT 'Nested set rgt.',
  `title` varchar(100) NOT NULL DEFAULT '',
  PRIMARY KEY (`id`),
  UNIQUE KEY `idx_usergroup_parent_title_lookup` (`parent_id`,`title`),
  KEY `idx_usergroup_title_lookup` (`title`),
  KEY `idx_usergroup_adjacency_lookup` (`parent_id`),
  KEY `idx_usergroup_nested_set_lookup` (`lft`,`rgt`) USING BTREE
) ENGINE=MyISAM AUTO_INCREMENT=9 DEFAULT CHARSET=utf8;

--
-- Dumping data for table `d2k9d_usergroups`
--

INSERT INTO `d2k9d_usergroups` VALUES (1,0,1,20,'Public'),(2,1,6,17,'Registered'),(3,2,7,14,'Author'),(4,3,8,11,'Editor'),(5,4,9,10,'Publisher'),(6,1,2,5,'Manager'),(7,6,3,4,'Administrator'),(8,1,18,19,'Super Users');

--
-- Table structure for table `d2k9d_viewlevels`
--

CREATE TABLE `d2k9d_viewlevels` (
  `id` int(10) unsigned NOT NULL AUTO_INCREMENT COMMENT 'Primary Key',
  `title` varchar(100) NOT NULL DEFAULT '',
  `ordering` int(11) NOT NULL DEFAULT '0',
  `rules` varchar(5120) NOT NULL COMMENT 'JSON encoded access control.',
  PRIMARY KEY (`id`),
  UNIQUE KEY `idx_assetgroup_title_lookup` (`title`)
) ENGINE=MyISAM AUTO_INCREMENT=4 DEFAULT CHARSET=utf8;

--
-- Dumping data for table `d2k9d_viewlevels`
--

INSERT INTO `d2k9d_viewlevels` VALUES (1,'Public',0,'[1]'),(2,'Registered',1,'[6,2,8]'),(3,'Special',2,'[6,3,8]');

--
-- Table structure for table `d2k9d_weblinks`
--

CREATE TABLE `d2k9d_weblinks` (
  `id` int(10) unsigned NOT NULL AUTO_INCREMENT,
  `catid` int(11) NOT NULL DEFAULT '0',
  `sid` int(11) NOT NULL DEFAULT '0',
  `title` varchar(250) NOT NULL DEFAULT '',
  `alias` varchar(255) CHARACTER SET utf8 COLLATE utf8_bin NOT NULL DEFAULT '',
  `url` varchar(250) NOT NULL DEFAULT '',
  `description` text NOT NULL,
  `date` datetime NOT NULL DEFAULT '0000-00-00 00:00:00',
  `hits` int(11) NOT NULL DEFAULT '0',
  `state` tinyint(1) NOT NULL DEFAULT '0',
  `checked_out` int(11) NOT NULL DEFAULT '0',
  `checked_out_time` datetime NOT NULL DEFAULT '0000-00-00 00:00:00',
  `ordering` int(11) NOT NULL DEFAULT '0',
  `archived` tinyint(1) NOT NULL DEFAULT '0',
  `approved` tinyint(1) NOT NULL DEFAULT '1',
  `access` int(11) NOT NULL DEFAULT '1',
  `params` text NOT NULL,
  `language` char(7) NOT NULL DEFAULT '',
  `created` datetime NOT NULL DEFAULT '0000-00-00 00:00:00',
  `created_by` int(10) unsigned NOT NULL DEFAULT '0',
  `created_by_alias` varchar(255) NOT NULL DEFAULT '',
  `modified` datetime NOT NULL DEFAULT '0000-00-00 00:00:00',
  `modified_by` int(10) unsigned NOT NULL DEFAULT '0',
  `metakey` text NOT NULL,
  `metadesc` text NOT NULL,
  `metadata` text NOT NULL,
  `featured` tinyint(3) unsigned NOT NULL DEFAULT '0' COMMENT 'Set if link is featured.',
  `xreference` varchar(50) NOT NULL COMMENT 'A reference to enable linkages to external data sets.',
  `publish_up` datetime NOT NULL DEFAULT '0000-00-00 00:00:00',
  `publish_down` datetime NOT NULL DEFAULT '0000-00-00 00:00:00',
  PRIMARY KEY (`id`),
  KEY `idx_access` (`access`),
  KEY `idx_checkout` (`checked_out`),
  KEY `idx_state` (`state`),
  KEY `idx_catid` (`catid`),
  KEY `idx_createdby` (`created_by`),
  KEY `idx_featured_catid` (`featured`,`catid`),
  KEY `idx_language` (`language`),
  KEY `idx_xreference` (`xreference`)
) ENGINE=MyISAM DEFAULT CHARSET=utf8;

--
-- Dumping data for table `d2k9d_weblinks`
--



